From mboxrd@z Thu Jan 1 00:00:00 1970 Return-Path: Received: from mails.dpdk.org (mails.dpdk.org [217.70.189.124]) by inbox.dpdk.org (Postfix) with ESMTP id 09D5248B47 for ; Wed, 19 Nov 2025 06:39:47 +0100 (CET) Received: from mails.dpdk.org (localhost [127.0.0.1]) by mails.dpdk.org (Postfix) with ESMTP id D6DA240265; Wed, 19 Nov 2025 06:39:46 +0100 (CET) Received: from mail-yw1-f226.google.com (mail-yw1-f226.google.com [209.85.128.226]) by mails.dpdk.org (Postfix) with ESMTP id C5E5840265 for ; Wed, 19 Nov 2025 06:39:45 +0100 (CET) Received: by mail-yw1-f226.google.com with SMTP id 00721157ae682-7895017c722so30773827b3.2 for ; Tue, 18 Nov 2025 21:39:45 -0800 (PST) DKIM-Signature: v=1; a=rsa-sha256; c=relaxed/relaxed; d=iol.unh.edu; s=unh-iol; t=1763530785; x=1764135585; darn=dpdk.org; h=cc:to:from:subject:message-id:date:from:to:cc:subject:date :message-id:reply-to; bh=0r54tAE+lPHRLdO9jIIWZRox2kzimopmZNv1p941jmo=; b=HBqjODs1QhKDhtXCeF4uJjgYNJMc2jdGLNeNIBXWF4Ii14N2AdujJcXXO1TqlDB4aE YlhMyDAJLdogZRwOtFD2o/rlunGxnNtPsGA5wpg1SSXfneIW7KiUk859cFYnUEWcLAHJ 3FCoiHKNFy+eehBA0dEQuS3vekB9c7lWh4eUU= X-Google-DKIM-Signature: v=1; a=rsa-sha256; c=relaxed/relaxed; d=1e100.net; s=20230601; t=1763530785; x=1764135585; h=cc:to:from:subject:message-id:date:x-gm-gg:x-gm-message-state:from :to:cc:subject:date:message-id:reply-to; bh=0r54tAE+lPHRLdO9jIIWZRox2kzimopmZNv1p941jmo=; b=fWBtZ6YoPNakTa8JATknlH5VW/1BOjWj7WNhsBHw+Uc+mVPBwUo5FWZb/LQcfcbRFm HeIPDrMTVukjciDITes5XjWo7REURhTAX0gNdUnEqINy+3aiV6zFDkyIdvT6TJ4MZssj YcMMAvvjzahpHD3gF+qrHS3pBrfiy2M56eJUfLNl1gLk+G3cPJbf21TE/wBjuHC9cahp 7NA8ibjVVPmqMwQ8iYzEqMfUknSeD+Ev3kmuNy91H5KpunuqR3+zRuBi5u1usNzp7OOn KXua7hod286dP0x1v1N3RVOyHEfsVXX+Ygb5JyXQCekOI/pvhdn7F9kgPLhCj6NnDrqE JRlA== X-Gm-Message-State: AOJu0YxDEAAZgy1loe5D1bhRYAhTzU/LCJbSHSw2URgf+OfxVEWtm/Wf dTBUNW14f+SorbB240s80rbHrgEC6gu/KvgWBeXyjPcDgWecVVEW8xYuPkyIZ+s4LrmU2EDJNz4 g2ur4uKVyO4CDE/DDUe69Rr1vqjWfS+WeZy4Z X-Gm-Gg: ASbGncvsi4bAQBu2CfGTu+hkef1dT//gUhLtX7dt0ngVos41Y8qfWr5+vbXCxado3M0 dn5q9Mj5JQ0zhZVWPf3WT0o/5FNRrpBxMiuTXOjwMFLSLl57OgNGSJM02RhKRaAgwxIb2pFwp0Z f07wsR/jxHbBhoOvQu6HVMho8rv0CQncSeWq533BSeKGBciqGlYbDCD+BMscBp4FB4PLiPPw2Qn pxArvZouNwZTXSu6oGFLv44zBXbG0IiSrUJRU0NFTfxVA374LF7yAB12xazYuieWxSUYV65uXdO gGU2ZtK7TeMj+IPRUYr3474NgVZgD1YFSBbxjJiFHd61EmaAo11QwzJHbOGH95Ucf45gKfUQYU2 wgOpANCdAJWzl9YeG8xrDFyljIo/c/Vtg7mHbIRBGsA== X-Google-Smtp-Source: AGHT+IF8rEYKYPn8jQ+2zCFp82mGFY5NC4613GEGxaEGQO4iS1DRYxWwehB2KvyoYWQ1J7q+wK5kIZ9jqmbA X-Received: by 2002:a05:690c:2908:b0:786:a185:13b6 with SMTP id 00721157ae682-78929e34fdamr121239867b3.22.1763530784970; Tue, 18 Nov 2025 21:39:44 -0800 (PST) Received: from postal.iol.unh.edu (postal.iol.unh.edu. [132.177.123.84]) by smtp-relay.gmail.com with ESMTPS id 00721157ae682-78821dee4e6sm9189177b3.1.2025.11.18.21.39.44 (version=TLS1_2 cipher=ECDHE-ECDSA-AES128-GCM-SHA256 bits=128/128); Tue, 18 Nov 2025 21:39:44 -0800 (PST) X-Relaying-Domain: iol.unh.edu Date: Tue, 18 Nov 2025 21:39:44 -0800 (PST) Message-ID: <691d5820.050a0220.2c5cb9.e628SMTPIN_ADDED_MISSING@mx.google.com> Received: from [172.21.0.3] (unknown [172.18.0.240]) by postal.iol.unh.edu (Postfix) with ESMTP id 2F43F6051830; Wed, 19 Nov 2025 00:39:44 -0500 (EST) Subject: |FAILURE| [GIT MASTER] 62f583c49bf67dd4d6733ece14e55fe6839e66d1 From: dpdklab@iol.unh.edu To: Test Report Cc: dpdk-test-reports@iol.unh.edu, Xueming Li , Kevin Traynor , Luca Boccassi Content-Type: text/plain X-BeenThere: test-report@dpdk.org X-Mailman-Version: 2.1.29 Precedence: list List-Id: automatic DPDK test reports List-Unsubscribe: , List-Archive: List-Post: List-Help: List-Subscribe: , Errors-To: test-report-bounces@dpdk.org _Testing issues_ Branch: tags/v23.11 62f583c49bf67dd4d6733ece14e55fe6839e66d1 --> testing issues Upstream job id: Windows-Compile-DPDK-Native#32512 Test environment and result as below: +-------------------------------+--------------------+------------------+-------------------+-------------------------+ | Environment | dpdk_meson_compile | dpdk_compile_ovs | dpdk_msvc_compile | dpdk_llvm_clang_compile | +===============================+====================+==================+===================+=========================+ | Red Hat Enterprise Linux 9.5 | PEND | SKIPPED | SKIPPED | SKIPPED | +-------------------------------+--------------------+------------------+-------------------+-------------------------+ | Debian GNU/Linux 12 | PEND | SKIPPED | SKIPPED | SKIPPED | +-------------------------------+--------------------+------------------+-------------------+-------------------------+ | CentOS Stream 9 | PEND | SKIPPED | SKIPPED | SKIPPED | +-------------------------------+--------------------+------------------+-------------------+-------------------------+ | CentOS Stream 10 | PEND | SKIPPED | SKIPPED | SKIPPED | +-------------------------------+--------------------+------------------+-------------------+-------------------------+ | openSUSE Leap 15.6 | PEND | SKIPPED | SKIPPED | SKIPPED | +-------------------------------+--------------------+------------------+-------------------+-------------------------+ | Ubuntu 22.04 | PEND | SKIPPED | SKIPPED | SKIPPED | +-------------------------------+--------------------+------------------+-------------------+-------------------------+ | Alpine Linux 3.22.0 | PEND | SKIPPED | SKIPPED | SKIPPED | +-------------------------------+--------------------+------------------+-------------------+-------------------------+ | Red Hat Enterprise Linux 8.10 | PEND | SKIPPED | SKIPPED | SKIPPED | +-------------------------------+--------------------+------------------+-------------------+-------------------------+ | Fedora Linux 42 | PEND | PEND | SKIPPED | SKIPPED | +-------------------------------+--------------------+------------------+-------------------+-------------------------+ | Ubuntu 24.04 | PEND | PEND | SKIPPED | SKIPPED | +-------------------------------+--------------------+------------------+-------------------+-------------------------+ | Ubuntu 20.04 | PASS | SKIPPED | SKIPPED | SKIPPED | +-------------------------------+--------------------+------------------+-------------------+-------------------------+ | FreeBSD 14.2 | PASS | SKIPPED | SKIPPED | SKIPPED | +-------------------------------+--------------------+------------------+-------------------+-------------------------+ | Windows Server 2022 | SKIPPED | SKIPPED | PASS | FAIL | +-------------------------------+--------------------+------------------+-------------------+-------------------------+ ==== 20 line log output for Windows Server 2022 (dpdk_llvm_clang_compile): ==== Compiler for C supports arguments -mavx512f: YES (cached) Compiler for C supports arguments -mavx512bw: YES (cached) Compiler for C supports arguments -mavx512dq: YES (cached) Compiler for C supports arguments -march=skylake-avx512: YES Message: drivers/common/idpf: Defining dependency "common_idpf" Message: drivers/bus/auxiliary: Defining dependency "bus_auxiliary" Compiler for C supports arguments -Wno-cast-qual: YES (cached) Compiler for C supports arguments -Wno-pointer-arith: YES (cached) Message: drivers/bus/pci: Defining dependency "bus_pci" Message: drivers/bus/vdev: Defining dependency "bus_vdev" Compiler for C supports arguments -std=c11: YES Compiler for C supports arguments -Wno-strict-prototypes: YES Compiler for C supports arguments -D_BSD_SOURCE: YES Compiler for C supports arguments -D_DEFAULT_SOURCE: YES Compiler for C supports arguments -D_XOPEN_SOURCE=600: YES Has header "mlx5devx.h" : YES drivers\common\mlx5\windows\meson.build:10:13: ERROR: C shared or static library 'mlx5devx' not found A full log can be found at C:\Users\builder\jenkins\workspace\Windows-Compile-DPDK-Native\dpdk\build\meson-logs\meson-log.txt ==== End log output ==== Red Hat Enterprise Linux 9.5 Kernel: 5.15 Compiler: gcc gcc (GCC) 11.5.0 20240719 (Red Hat 11.5.0-2) Debian GNU/Linux 12 Kernel: 5.15 Compiler: gcc gcc (Debian 12.2.0-14+deb12u1) 12.2.0 CentOS Stream 9 Kernel: 5.15 Compiler: gcc gcc (GCC) 11.5.0 20240719 (Red Hat 11.5.0-11) CentOS Stream 10 Kernel: 5.15 Compiler: gcc gcc (GCC) 14.2.1 20250110 (Red Hat 14.2.1-8) openSUSE Leap 15.6 Kernel: 5.15 Compiler: gcc gcc (SUSE Linux) 7.5.0 Ubuntu 22.04 Kernel: 5.15 Compiler: gcc gcc (Ubuntu 11.4.0-1ubuntu1~22.04) 11.4.0 Alpine Linux 3.22.0 Kernel: 5.15 Compiler: gcc gcc (Alpine 14.2.0) 14.2.0 Red Hat Enterprise Linux 8.10 Kernel: 5.15 Compiler: gcc gcc (GCC) 8.5.0 20210514 (Red Hat 8.5.0-22) Fedora Linux 42 Kernel: 5.15 Compiler: clang gcc (GCC) 15.2.1 20250808 (Red Hat 15.2.1-1) Ubuntu 24.04 Kernel: 5.15 Compiler: gcc gcc (Ubuntu 13.3.0-6ubuntu2~24.04) 13.3.0 Ubuntu 20.04 Kernel: 5.15 Compiler: gcc gcc (Ubuntu 9.4.0-1ubuntu1~20.04.2) 9.4.0 FreeBSD 14.2 Kernel: 14.2-RELEASE Compiler: clang 18.1.6 Windows Server 2022 Kernel: 10.0.20348.2031 Compiler: clang 15.0.7, gcc 14.1.0 (MinGW), and MSVC VS 19.39.33521 To view detailed results, visit: https://lab.dpdk.org/results/dashboard/tarballs/35650/ UNH-IOL DPDK Community Lab To manage your email subscriptions, visit: https://lab.dpdk.org/results/dashboard/preferences/subscriptions/