From mboxrd@z Thu Jan 1 00:00:00 1970 Return-Path: Received: from mails.dpdk.org (mails.dpdk.org [217.70.189.124]) by inbox.dpdk.org (Postfix) with ESMTP id 9DAD948B4A for ; Wed, 19 Nov 2025 09:09:33 +0100 (CET) Received: from mails.dpdk.org (localhost [127.0.0.1]) by mails.dpdk.org (Postfix) with ESMTP id 9709040265; Wed, 19 Nov 2025 09:09:33 +0100 (CET) Received: from mail-ua1-f100.google.com (mail-ua1-f100.google.com [209.85.222.100]) by mails.dpdk.org (Postfix) with ESMTP id 49B5E40265 for ; Wed, 19 Nov 2025 09:09:32 +0100 (CET) Received: by mail-ua1-f100.google.com with SMTP id a1e0cc1a2514c-9371f6f2813so1761164241.0 for ; Wed, 19 Nov 2025 00:09:32 -0800 (PST) DKIM-Signature: v=1; a=rsa-sha256; c=relaxed/relaxed; d=iol.unh.edu; s=unh-iol; t=1763539771; x=1764144571; darn=dpdk.org; h=cc:to:from:subject:message-id:date:from:to:cc:subject:date :message-id:reply-to; bh=z92+lnP9sgby/JXqyCksuNPxpXSk6uaD84BaNOzA4hY=; b=Qx/RT1o82KA95Xie1dlwiRhloIckfOpnlIpMZKacyd1yYrcX63GjazskT0geWgu5ze XSmCbyYZ0mSgftz7aVMhD2pIOhkrfojqSi5Y9KIKb01AcyhhWQju82HVAtniUKyaJigT rg1OS0QVYFDvJZqHAmzlrRQAO9qMIap8NynHA= X-Google-DKIM-Signature: v=1; a=rsa-sha256; c=relaxed/relaxed; d=1e100.net; s=20230601; t=1763539771; x=1764144571; h=cc:to:from:subject:message-id:date:x-gm-gg:x-gm-message-state:from :to:cc:subject:date:message-id:reply-to; bh=z92+lnP9sgby/JXqyCksuNPxpXSk6uaD84BaNOzA4hY=; b=MtRhi5FOz1cHP/CKSNVPAkpR45CNd7q6sTWv1bBhFGR0rXO+ngJlnCW0tg9Fl3xQcf X5iM3xWE+5MVf0XhPGijbdkg+7fRJnJKxUxfKA6OS4uQI2LoIQLjyXxKacjeVI6u8srH DNjQpvGSzHY/fG2YmgOaBDUbwhqnElEsSfhiWB+O/z7oxBiDOGHGYei9VqsKrsgQxUA+ W/6c9lCGGCQMsxpO+Wh18IPaQi81YfV2GZRKnAL1ubWbWBnbGDBPc3H++uD4I3Te+D0Q 4FvtJKrU/VONqKQZdCVcNiSVxWOhN9UAw0dhcSN/mpUg7PC25X/zm1pY5iNz2TkFJiZH KeOQ== X-Gm-Message-State: AOJu0Yz3fiq5Fwmqz00tPEBLZGqC56eWzyMCczA2MXMSnuMPGYHUiRFf NAa2Hn75DVjlU9ctfrQZhABDk2MLq6IfH3eAjGMMQHRKTL7/KfVeCLgWb5WMhCh/NodsJ/A68a4 v9MBdK+q2SBOdWkGMoODakPY8aXB473fcM9xGfgfqSCCnEcKFfhm+ X-Gm-Gg: ASbGncu5//FqSCChYgypd54Cshy9KCKt/MM94ygN7zM3nQX7jh0LO5B8FyujEe4jMcX SkmkTQzFj+hTZP6wqBO06qB2vz/MeBv+yCrK3GHRVAtqLKLcHAiIHPxOEMTGu4dCh118tG9C3Jj RJ0BS9Y+fmBIOMAb40jgNajNfXDAogV6jvecwr6z+iPsvho4j51KzYYepyHLFbMOzKHkFdekyTi JglUIu00QNwINXSQOZZ0XqzUxOx1WIr7ObpyoEx2gmYJa2OIKHEDbHIAdNpg6jTN1DNmWapGNGx hwoUh2sMOENpgjG9IC9Ou9Duup2LJLCG/gO/7Nkhyur8p7s9vqgHJ1w/a33fiuyzr9v6bv1RXv1 xrfdC3u+sz3tW+vMCJZQ= X-Google-Smtp-Source: AGHT+IGWP9cnJ0T0EX18V2JCv+Lt7bbHwXPKWDsjeKFfT+OKUidsz0L39PIoONvTUsGYkK7DuGkyNDIAd3N/ X-Received: by 2002:a05:6102:d8c:b0:5df:c10a:6680 with SMTP id ada2fe7eead31-5dfc5b6dfdamr7307849137.33.1763539771344; Wed, 19 Nov 2025 00:09:31 -0800 (PST) Received: from postal.iol.unh.edu (postal.iol.unh.edu. [2606:4100:3880:1234::84]) by smtp-relay.gmail.com with ESMTPS id ada2fe7eead31-5dfb71d92aesm2131956137.3.2025.11.19.00.09.31 (version=TLS1_2 cipher=ECDHE-ECDSA-AES128-GCM-SHA256 bits=128/128); Wed, 19 Nov 2025 00:09:31 -0800 (PST) X-Relaying-Domain: iol.unh.edu Date: Wed, 19 Nov 2025 00:09:31 -0800 (PST) Message-ID: <691d7b3b.050a0220.1e94.c091SMTPIN_ADDED_MISSING@mx.google.com> Received: from [172.21.0.3] (unknown [172.18.0.240]) by postal.iol.unh.edu (Postfix) with ESMTP id 093FF6051830; Wed, 19 Nov 2025 03:09:31 -0500 (EST) Subject: |FAILURE| [GIT MASTER] 62f583c49bf67dd4d6733ece14e55fe6839e66d1 From: dpdklab@iol.unh.edu To: Test Report Cc: dpdk-test-reports@iol.unh.edu, Xueming Li , Kevin Traynor , Luca Boccassi Content-Type: text/plain X-BeenThere: test-report@dpdk.org X-Mailman-Version: 2.1.29 Precedence: list List-Id: automatic DPDK test reports List-Unsubscribe: , List-Archive: List-Post: List-Help: List-Subscribe: , Errors-To: test-report-bounces@dpdk.org _Testing issues_ Branch: tags/v23.11 62f583c49bf67dd4d6733ece14e55fe6839e66d1 --> testing issues Upstream job id: Generic-Unit-Test-DPDK#394288 Test environment and result as below: +-------------------------------+----------------+ | Environment | dpdk_unit_test | +===============================+================+ | Debian GNU/Linux 12 | PASS | +-------------------------------+----------------+ | Fedora Linux 41 | PASS | +-------------------------------+----------------+ | CentOS Stream 9 | PASS | +-------------------------------+----------------+ | Fedora Linux 40 | PASS | +-------------------------------+----------------+ | Ubuntu 22.04 | PASS | +-------------------------------+----------------+ | Ubuntu 20.04 | PASS | +-------------------------------+----------------+ | Red Hat Enterprise Linux 8.10 | PASS | +-------------------------------+----------------+ | Ubuntu 24.04 | PASS | +-------------------------------+----------------+ | CentOS Stream 10 | PASS | +-------------------------------+----------------+ | Fedora Linux 42 | WARN | +-------------------------------+----------------+ | Red Hat Enterprise Linux 9.5 | PASS | +-------------------------------+----------------+ | Windows Server 2022 | FAIL | +-------------------------------+----------------+ ==== Unit test summary for Windows Server 2022 (dpdk_unit_test): ==== Failed to get the unit test results. Displaying the unit test results is not supported for some environments, such as our aarch32 testing, where meson is not used to run the tests. Download the logs available on our CI site. ==== End log output ==== Debian GNU/Linux 12 Kernel: 5.15 Compiler: gcc gcc (Debian 12.2.0-14+deb12u1) 12.2.0 Fedora Linux 41 Kernel: 5.15 Compiler: gcc gcc (GCC) 14.3.1 20250523 (Red Hat 14.3.1-1) CentOS Stream 9 Kernel: 5.15 Compiler: gcc gcc (GCC) 11.5.0 20240719 (Red Hat 11.5.0-11) Fedora Linux 40 Kernel: 5.15 Compiler: gcc gcc (GCC) 14.2.1 20240912 (Red Hat 14.2.1-3) Ubuntu 22.04 Kernel: 5.15 Compiler: gcc gcc (Ubuntu 11.4.0-1ubuntu1~22.04) 11.4.0 Ubuntu 20.04 Kernel: 5.15 Compiler: gcc gcc (Ubuntu 9.4.0-1ubuntu1~20.04.2) 9.4.0 Red Hat Enterprise Linux 8.10 Kernel: 5.15 Compiler: gcc gcc (GCC) 8.5.0 20210514 (Red Hat 8.5.0-22) Ubuntu 24.04 Kernel: 5.15 Compiler: gcc gcc (Ubuntu 13.3.0-6ubuntu2~24.04) 13.3.0 CentOS Stream 10 Kernel: 5.15 Compiler: gcc gcc (GCC) 14.2.1 20250110 (Red Hat 14.2.1-8) Fedora Linux 42 Kernel: 5.15 Compiler: clang gcc (GCC) 15.2.1 20250808 (Red Hat 15.2.1-1) Red Hat Enterprise Linux 9.5 Kernel: 5.15 Compiler: gcc gcc (GCC) 11.5.0 20240719 (Red Hat 11.5.0-2) Windows Server 2022 Kernel: 10.0.20348.2031 Compiler: clang 15.0.7, gcc 14.1.0 (MinGW), and MSVC VS 19.39.33521 To view detailed results, visit: https://lab.dpdk.org/results/dashboard/tarballs/35650/ UNH-IOL DPDK Community Lab To manage your email subscriptions, visit: https://lab.dpdk.org/results/dashboard/preferences/subscriptions/