From mboxrd@z Thu Jan 1 00:00:00 1970 Return-Path: Received: from mails.dpdk.org (mails.dpdk.org [217.70.189.124]) by inbox.dpdk.org (Postfix) with ESMTP id 9AAED48B4E for ; Wed, 19 Nov 2025 14:03:00 +0100 (CET) Received: from mails.dpdk.org (localhost [127.0.0.1]) by mails.dpdk.org (Postfix) with ESMTP id 9520240262; Wed, 19 Nov 2025 14:03:00 +0100 (CET) Received: from mail-pl1-f225.google.com (mail-pl1-f225.google.com [209.85.214.225]) by mails.dpdk.org (Postfix) with ESMTP id 4C9A440262 for ; Wed, 19 Nov 2025 14:02:59 +0100 (CET) Received: by mail-pl1-f225.google.com with SMTP id d9443c01a7336-297dc3e299bso65359095ad.1 for ; Wed, 19 Nov 2025 05:02:59 -0800 (PST) DKIM-Signature: v=1; a=rsa-sha256; c=relaxed/relaxed; d=iol.unh.edu; s=unh-iol; t=1763557378; x=1764162178; darn=dpdk.org; h=references:in-reply-to:cc:to:from:subject:message-id:date:from:to :cc:subject:date:message-id:reply-to; bh=Vn9JS0lh36ahCh2+8gH5/WnZ8ndThu/GDNmLdJHemG4=; b=E0Bm/zara5T5XMtuqMAVR4VMjDyOXByBqqD8GB9UrvP+BzWuBaQlhcdeZ0OagDWrAF 5NYCAuI8ipYaTYbPUOkgoR3B9UkzpVyqjgCZMmhyPxRP1RPDbUd44H//IUYf+fcJOtDj /WDa4EdfXSfGe10uqTJERsddCPmbfionIFE7U= X-Google-DKIM-Signature: v=1; a=rsa-sha256; c=relaxed/relaxed; d=1e100.net; s=20230601; t=1763557378; x=1764162178; h=references:in-reply-to:cc:to:from:subject:message-id:date:x-gm-gg :x-gm-message-state:from:to:cc:subject:date:message-id:reply-to; bh=Vn9JS0lh36ahCh2+8gH5/WnZ8ndThu/GDNmLdJHemG4=; b=W0aCE3p8hYqAJR5CBWRRszvuMNDkPHezmRcoTaJkgxoBCtLQHjS3oVcUO7XSGfFXTD ofBqEcml9AagmP6tasei4JVSoUB2sB28HxfL+ko467uchE4DbIaWEA8oUTajiiJRReQn E5zfM1P6PGuV+PXA0oOgI2vawxab1jUMzB4qmy/zyV914E+YEH4mbqVMTRUP/A6KvnUo pdY4U8r0YKBU/3viMUyDYp2GUMuIc3Di62Jhpqps+FVN3hr04OqGxU0ttyBz9oD0sohD qEb8OjPMdUamuumWO3is5ikAlVULRrhoECn917xJcJ1rFsnM5L+LK2WNIbDxwgEbyJK1 STog== X-Gm-Message-State: AOJu0YzpwKR9PAIFX+39oZocSCnBxNLp1ujXsiV2ssM+dAoW0jOhthRZ aIlMXDdf8sy8xwb8SGCvx6B+OQTWDaHrmJYYZude5qkeSGi9cZrfNgbEkummYLYpPErwDyVFtuU s6jSPGb+pcI24SzuaKL5bDHAIVje2gAljF4rq9vx/9b5z X-Gm-Gg: ASbGncukoHbTRBeAEUfwtfjzeOij+5J8PVsNofBTsHmADGm40BPmd1m3+bWO2ZOHrQ+ 9x53YCcR0c1dlCpHcrKb8/XoMcOBtzdCtkPwvlo2as/RJ1lY2wXRk/biglf9vScuQosF/A53KIs DiuGF2wrwDnIQefKhLe1ab7I/C3dSNzElKI3fdW33JXFh6KHJ9Fdos/JlBxOrbdhE/QIpShmL9G b5hYOTbCcLG7+6ZnA0KgwOtdgcDwyiIcmPpt787mLdCrqKR3dWkE519EXFltHzYfS2nllpsI9xa R8ThMIQKwkg7ZqyQcOyPPa1m0zljphz8GUVXLYpwhXs7qSk7Acz3cl77zbBahr92BwCJI+Ptsds C60fdD/6VDIFEZ4rKArUzauOxE4s/bg//BmV4Kg0arg== X-Google-Smtp-Source: AGHT+IHURsojCHevMOaSlCaycpg/iDB5mbK53q/QA83HWzL3NMznZWdHtt/3FK+0YtKdUd3ktkEaGiowBzGJ X-Received: by 2002:a17:902:e788:b0:295:ac70:10c4 with SMTP id d9443c01a7336-2986a74b0ecmr235274945ad.47.1763557378084; Wed, 19 Nov 2025 05:02:58 -0800 (PST) Received: from postal.iol.unh.edu (postal.iol.unh.edu. [132.177.123.84]) by smtp-relay.gmail.com with ESMTPS id d9443c01a7336-2985c234581sm21498605ad.2.2025.11.19.05.02.57 (version=TLS1_2 cipher=ECDHE-ECDSA-AES128-GCM-SHA256 bits=128/128); Wed, 19 Nov 2025 05:02:58 -0800 (PST) X-Relaying-Domain: iol.unh.edu Date: Wed, 19 Nov 2025 05:02:58 -0800 (PST) Message-ID: <691dc002.170a0220.37abc1.0d5bSMTPIN_ADDED_MISSING@mx.google.com> Received: from [172.21.0.5] (unknown [172.18.0.240]) by postal.iol.unh.edu (Postfix) with ESMTP id 0E5346051830; Wed, 19 Nov 2025 08:02:57 -0500 (EST) Subject: |FAILURE| pw158895 [PATCH] net/mlx5: fix IP tunnel detection for IPI From: dpdklab@iol.unh.edu To: Test Report Cc: dpdk-test-reports@iol.unh.edu, Junfeng Guo In-Reply-To: <20251119103554.44203-1-junfengg@nvidia.com> References: <20251119103554.44203-1-junfengg@nvidia.com> Content-Type: text/plain X-BeenThere: test-report@dpdk.org X-Mailman-Version: 2.1.29 Precedence: list List-Id: automatic DPDK test reports List-Unsubscribe: , List-Archive: List-Post: List-Help: List-Subscribe: , Errors-To: test-report-bounces@dpdk.org Test-Label: iol-unit-amd64-testing Test-Status: FAILURE http://dpdk.org/patch/158895 _Testing issues_ Submitter: Junfeng Guo Date: Wednesday, November 19 2025 10:35:54 DPDK git baseline: Repo:dpdk-next-net-mlx Branch: master CommitID:9cf35632839ee84aad5a4baade86ea1dc8ba3d1b 158895 --> testing issues Upstream job id: Generic-Unit-Test-DPDK#394411 Test environment and result as below: +-------------------------------+----------------+ | Environment | dpdk_unit_test | +===============================+================+ | Fedora Linux 42 | PASS | +-------------------------------+----------------+ | Fedora Linux 40 | PASS | +-------------------------------+----------------+ | CentOS Stream 10 | PASS | +-------------------------------+----------------+ | Debian GNU/Linux 12 | PASS | +-------------------------------+----------------+ | Fedora Linux 41 | PASS | +-------------------------------+----------------+ | Ubuntu 24.04 | PASS | +-------------------------------+----------------+ | Ubuntu 20.04 | PASS | +-------------------------------+----------------+ | Red Hat Enterprise Linux 8.10 | PASS | +-------------------------------+----------------+ | Red Hat Enterprise Linux 9.5 | PASS | +-------------------------------+----------------+ | CentOS Stream 9 | PASS | +-------------------------------+----------------+ | Ubuntu 22.04 | PASS | +-------------------------------+----------------+ | Windows Server 2022 | PASS | +-------------------------------+----------------+ Fedora Linux 42 Kernel: 5.15 Compiler: gcc gcc (GCC) 15.2.1 20250808 (Red Hat 15.2.1-1) Fedora Linux 40 Kernel: 5.15 Compiler: clang gcc (GCC) 14.2.1 20240912 (Red Hat 14.2.1-3) CentOS Stream 10 Kernel: 5.15 Compiler: gcc gcc (GCC) 14.2.1 20250110 (Red Hat 14.2.1-8) Debian GNU/Linux 12 Kernel: 5.15 Compiler: gcc gcc (Debian 12.2.0-14+deb12u1) 12.2.0 Fedora Linux 41 Kernel: 5.15 Compiler: clang gcc (GCC) 14.3.1 20250523 (Red Hat 14.3.1-1) Ubuntu 24.04 Kernel: 5.15 Compiler: gcc gcc (Ubuntu 13.3.0-6ubuntu2~24.04) 13.3.0 Ubuntu 20.04 Kernel: 5.15 Compiler: gcc gcc (Ubuntu 9.4.0-1ubuntu1~20.04.2) 9.4.0 Red Hat Enterprise Linux 8.10 Kernel: 5.15 Compiler: gcc gcc (GCC) 8.5.0 20210514 (Red Hat 8.5.0-22) Red Hat Enterprise Linux 9.5 Kernel: 5.15 Compiler: gcc gcc (GCC) 11.5.0 20240719 (Red Hat 11.5.0-2) CentOS Stream 9 Kernel: 5.15 Compiler: gcc gcc (GCC) 11.5.0 20240719 (Red Hat 11.5.0-11) Ubuntu 22.04 Kernel: 5.15 Compiler: gcc gcc (Ubuntu 11.4.0-1ubuntu1~22.04) 11.4.0 Windows Server 2022 Kernel: 10.0.20348.2031 Compiler: clang 15.0.7, gcc 14.1.0 (MinGW), and MSVC VS 19.39.33521 To view detailed results, visit: https://lab.dpdk.org/results/dashboard/patchsets/34639/ UNH-IOL DPDK Community Lab To manage your email subscriptions, visit: https://lab.dpdk.org/results/dashboard/preferences/subscriptions/