From: dpdklab@iol.unh.edu
To: Test Report <test-report@dpdk.org>
Cc: dpdk-test-reports@iol.unh.edu
Subject: |PENDING| pw158913-158930 [PATCH] [v5,18/18] vfio: introduce cdev mo
Date: Wed, 19 Nov 2025 05:24:14 -0800 (PST) [thread overview]
Message-ID: <691dc4fe.170a0220.2917a7.7adfSMTPIN_ADDED_MISSING@mx.google.com> (raw)
In-Reply-To: <684f963686006c46a9b568b29c56494db9449148.1763550470.git.anatoly.burakov@intel.com>
Test-Label: iol-unit-amd64-testing
Test-Status: PENDING
http://dpdk.org/patch/158930
_Testing pending_
Submitter: Anatoly Burakov <anatoly.burakov@intel.com>
Date: Wednesday, November 19 2025 11:08:16
DPDK git baseline: Repo:dpdk
Branch: master
CommitID:ef98b88455bf4a7c8b7aa3106a761c9e9270d6a3
158913-158930 --> testing pending
Upstream job id: Generic-Unit-Test-DPDK#394463
Test environment and result as below:
+-------------------------------+----------------+
| Environment | dpdk_unit_test |
+===============================+================+
| Debian GNU/Linux 12 | PEND |
+-------------------------------+----------------+
| Ubuntu 20.04 | PEND |
+-------------------------------+----------------+
| Fedora Linux 41 | PEND |
+-------------------------------+----------------+
| Fedora Linux 40 | PEND |
+-------------------------------+----------------+
| CentOS Stream 10 | PASS |
+-------------------------------+----------------+
| Red Hat Enterprise Linux 9.5 | PEND |
+-------------------------------+----------------+
| CentOS Stream 9 | PEND |
+-------------------------------+----------------+
| Ubuntu 24.04 | PEND |
+-------------------------------+----------------+
| Fedora Linux 42 | PEND |
+-------------------------------+----------------+
| Ubuntu 22.04 | PEND |
+-------------------------------+----------------+
| Red Hat Enterprise Linux 8.10 | PEND |
+-------------------------------+----------------+
Debian GNU/Linux 12
Kernel: 5.15
Compiler: gcc gcc (Debian 12.2.0-14+deb12u1) 12.2.0
Ubuntu 20.04
Kernel: 5.15
Compiler: gcc gcc (Ubuntu 9.4.0-1ubuntu1~20.04.2) 9.4.0
Fedora Linux 41
Kernel: 5.15
Compiler: gcc gcc (GCC) 14.3.1 20250523 (Red Hat 14.3.1-1)
Fedora Linux 40
Kernel: 5.15
Compiler: clang gcc (GCC) 14.2.1 20240912 (Red Hat 14.2.1-3)
CentOS Stream 10
Kernel: 5.15
Compiler: gcc gcc (GCC) 14.2.1 20250110 (Red Hat 14.2.1-8)
Red Hat Enterprise Linux 9.5
Kernel: 5.15
Compiler: gcc gcc (GCC) 11.5.0 20240719 (Red Hat 11.5.0-2)
CentOS Stream 9
Kernel: 5.15
Compiler: gcc gcc (GCC) 11.5.0 20240719 (Red Hat 11.5.0-11)
Ubuntu 24.04
Kernel: 5.15
Compiler: gcc gcc (Ubuntu 13.3.0-6ubuntu2~24.04) 13.3.0
Fedora Linux 42
Kernel: 5.15
Compiler: gcc gcc (GCC) 15.2.1 20250808 (Red Hat 15.2.1-1)
Ubuntu 22.04
Kernel: 5.15
Compiler: gcc gcc (Ubuntu 11.4.0-1ubuntu1~22.04) 11.4.0
Red Hat Enterprise Linux 8.10
Kernel: 5.15
Compiler: gcc gcc (GCC) 8.5.0 20210514 (Red Hat 8.5.0-22)
To view detailed results, visit:
https://lab.dpdk.org/results/dashboard/patchsets/34641/
UNH-IOL DPDK Community Lab
To manage your email subscriptions, visit:
https://lab.dpdk.org/results/dashboard/preferences/subscriptions/
next prev parent reply other threads:[~2025-11-19 13:24 UTC|newest]
Thread overview: 20+ messages / expand[flat|nested] mbox.gz Atom feed top
[not found] <684f963686006c46a9b568b29c56494db9449148.1763550470.git.anatoly.burakov@intel.com>
2025-11-19 10:36 ` |SUCCESS| pw158913-158930 [PATCH v5 18/18] vfio: introduce cdev mode qemudev
2025-11-19 10:40 ` qemudev
2025-11-19 11:11 ` |SUCCESS| pw158930 " checkpatch
2025-11-19 12:14 ` |FAILURE| " 0-day Robot
2025-11-19 12:52 ` |PENDING| pw158913-158930 [PATCH] [v5,18/18] vfio: introduce cdev mo dpdklab
2025-11-19 13:00 ` |SUCCESS| " dpdklab
2025-11-19 13:01 ` |FAILURE| " dpdklab
2025-11-19 13:06 ` |SUCCESS| " dpdklab
2025-11-19 13:15 ` dpdklab
2025-11-19 13:24 ` dpdklab [this message]
2025-11-19 13:29 ` dpdklab
2025-11-19 13:29 ` |FAILURE| " dpdklab
2025-11-19 13:34 ` dpdklab
2025-11-19 13:41 ` |SUCCESS| " dpdklab
2025-11-19 13:55 ` dpdklab
2025-11-19 14:15 ` dpdklab
2025-11-19 14:17 ` dpdklab
2025-11-19 14:24 ` dpdklab
2025-11-19 14:33 ` |FAILURE| " dpdklab
2025-11-19 14:37 ` |SUCCESS| " dpdklab
Reply instructions:
You may reply publicly to this message via plain-text email
using any one of the following methods:
* Save the following mbox file, import it into your mail client,
and reply-to-all from there: mbox
Avoid top-posting and favor interleaved quoting:
https://en.wikipedia.org/wiki/Posting_style#Interleaved_style
* Reply using the --to, --cc, and --in-reply-to
switches of git-send-email(1):
git send-email \
--in-reply-to=691dc4fe.170a0220.2917a7.7adfSMTPIN_ADDED_MISSING@mx.google.com \
--to=dpdklab@iol.unh.edu \
--cc=dpdk-test-reports@iol.unh.edu \
--cc=test-report@dpdk.org \
/path/to/YOUR_REPLY
https://kernel.org/pub/software/scm/git/docs/git-send-email.html
* If your mail client supports setting the In-Reply-To header
via mailto: links, try the mailto: link
Be sure your reply has a Subject: header at the top and a blank line
before the message body.
This is a public inbox, see mirroring instructions
for how to clone and mirror all data and code used for this inbox;
as well as URLs for NNTP newsgroup(s).