From mboxrd@z Thu Jan 1 00:00:00 1970 Return-Path: Received: from mails.dpdk.org (mails.dpdk.org [217.70.189.124]) by inbox.dpdk.org (Postfix) with ESMTP id 4BCBD48B4E for ; Wed, 19 Nov 2025 15:11:49 +0100 (CET) Received: from mails.dpdk.org (localhost [127.0.0.1]) by mails.dpdk.org (Postfix) with ESMTP id 4392540262; Wed, 19 Nov 2025 15:11:49 +0100 (CET) Received: from mail-pl1-f228.google.com (mail-pl1-f228.google.com [209.85.214.228]) by mails.dpdk.org (Postfix) with ESMTP id 7799640262 for ; Wed, 19 Nov 2025 15:11:48 +0100 (CET) Received: by mail-pl1-f228.google.com with SMTP id d9443c01a7336-2984dfae043so65353395ad.0 for ; Wed, 19 Nov 2025 06:11:48 -0800 (PST) DKIM-Signature: v=1; a=rsa-sha256; c=relaxed/relaxed; d=iol.unh.edu; s=unh-iol; t=1763561508; x=1764166308; darn=dpdk.org; h=cc:to:from:subject:message-id:date:from:to:cc:subject:date :message-id:reply-to; bh=6QKsJpT6++j8TegsAvCzCGOizpqSLzZ0TOiZ2kR2e5Y=; b=DIKdmgpg+7DRO4jTjTYG8orIHvli7x9OwnkJzwDJ/MolXBMZBTNZo5Y7q2TOgUgVsu PRHDY9V29ohmJ0Z3MUbSSUkiXu/4xh8S187IeGuzTbeEv4Sr+vcT9MXtCf65ULG/i2kT PKJaP/4se+N5mhp4U/aO2Oxx0KCj7O6TOCEo4= X-Google-DKIM-Signature: v=1; a=rsa-sha256; c=relaxed/relaxed; d=1e100.net; s=20230601; t=1763561508; x=1764166308; h=cc:to:from:subject:message-id:date:x-gm-gg:x-gm-message-state:from :to:cc:subject:date:message-id:reply-to; bh=6QKsJpT6++j8TegsAvCzCGOizpqSLzZ0TOiZ2kR2e5Y=; b=hB9hoTte9/oZQyXV/COW+P//PcUVSAoghXjGZWjKhcQF45I63ixlzI3l1eM/m1qn3S PSL884espwnmTl/jZarpnUdZNSa7Qg4TeEpUQQf3hvN2Luf0FdmGG74nzGW+2HTR/sko g9p63SMtrhptMl/bVT9gy6DVJQvFG5gXBjARFzFVhc/QGF/Z89seEz41pA0R7B3PAQqU I8OzNrYwAZrRkDrXCapUXXRWfiukLd0jS+2MmsgXTtCOFq0H4O3LnRUH9UlV1/16u6O0 18R22ue0uza51aagpSPianRM2MbqqILXV7OdrE/gLCSAy/31xrEbU/bnkfMY1QTjPISx a6hA== X-Gm-Message-State: AOJu0YzUT7hCULpx9bGkdgMHQX6RVOBn7cEq3U+h2AOUVCsmZpnpwYyD y1bSjYMOYUWMP7Jam4UxInxQL0QcYYISg01WmW7BQocZ6mpurZPsKHz/DmvtDHdQWCdseDrTdM4 ujQ74Y5Myglfiu/dL3uUu9Ku+hO2m3DyfqTm8 X-Gm-Gg: ASbGncv8R2pPmpppvTnwYIp6ickA4Ds9D0gA15OUgnsRLT7UlJgbg+gQoupF8rxvRrm Rd7YcWYYwWQk1WAOdISikVIgX6SE/Itmn9ccnZMtFIFVdE23N9sgcXRM5nOJvcZs5wfEXa7ex7l un/8xZGeNmtZHVCzQkX4xjhBVEoMo8YKIMJqP4k/3gbFTuD8wIS1ZMFWeUwmkTpjPqNDzEbAxzV jjdyLFqOwXrJ6qEWl+RUcwYN96J+s6+MxA/QZrDaWTxlEn3MDWJBTVKy2Re4fa8XvSOVbzphx34 HkyMGfGoql550SOuZGPHQPSZQbaNIDwNhVlRQVN0uxgIaP/CVC+NKmf/SCrsQSwLHTfz3/35qeU etKpS0v8+tHaVUe1ToaEuzoHG57rcuBazlncFxMKVhA== X-Google-Smtp-Source: AGHT+IE7zqgsCxM2UEHLee7iJhiQUVID8EXGarTInpmntvyxvXZ0qeyB0io6D7tWG1iTEp5TZSEjDBZnbmem X-Received: by 2002:a17:903:2d0:b0:299:fc47:d7e3 with SMTP id d9443c01a7336-299fc47d9cbmr62626935ad.31.1763561507722; Wed, 19 Nov 2025 06:11:47 -0800 (PST) Received: from postal.iol.unh.edu (postal.iol.unh.edu. [132.177.123.84]) by smtp-relay.gmail.com with ESMTPS id d9443c01a7336-2985c254302sm20424925ad.29.2025.11.19.06.11.47 (version=TLS1_2 cipher=ECDHE-ECDSA-AES128-GCM-SHA256 bits=128/128); Wed, 19 Nov 2025 06:11:47 -0800 (PST) X-Relaying-Domain: iol.unh.edu Date: Wed, 19 Nov 2025 06:11:47 -0800 (PST) Message-ID: <691dd023.170a0220.2f225c.c531SMTPIN_ADDED_MISSING@mx.google.com> Received: from [172.21.0.2] (unknown [172.18.0.240]) by postal.iol.unh.edu (Postfix) with ESMTP id 0283C6051830; Wed, 19 Nov 2025 09:11:47 -0500 (EST) Subject: |FAILURE| [GIT MASTER] 62f583c49bf67dd4d6733ece14e55fe6839e66d1 From: dpdklab@iol.unh.edu To: Test Report Cc: dpdk-test-reports@iol.unh.edu, Xueming Li , Kevin Traynor , Luca Boccassi Content-Type: text/plain X-BeenThere: test-report@dpdk.org X-Mailman-Version: 2.1.29 Precedence: list List-Id: automatic DPDK test reports List-Unsubscribe: , List-Archive: List-Post: List-Help: List-Subscribe: , Errors-To: test-report-bounces@dpdk.org _Testing issues_ Branch: tags/v23.11 62f583c49bf67dd4d6733ece14e55fe6839e66d1 --> testing issues Upstream job id: Generic-DPDK-Compile-Meson#445938 Test environment and result as below: +------------------------------+--------------------+ | Environment | dpdk_meson_compile | +==============================+====================+ | Ubuntu 20.04 | PASS | +------------------------------+--------------------+ | Red Hat Enterprise Linux 9.5 | PASS | +------------------------------+--------------------+ | Ubuntu 22.04 | PASS | +------------------------------+--------------------+ | Fedora Linux 42 | PASS | +------------------------------+--------------------+ | Debian GNU/Linux 12 | PASS | +------------------------------+--------------------+ | CentOS Stream 10 | PASS | +------------------------------+--------------------+ | Ubuntu 24.04 | PASS | +------------------------------+--------------------+ | CentOS Stream 9 | PASS | +------------------------------+--------------------+ Ubuntu 20.04 Kernel: 5.15 Compiler: aarch64-linux-gnu-gcc gcc (Ubuntu 9.4.0-1ubuntu1~20.04.2) 9.4.0 Red Hat Enterprise Linux 9.5 Kernel: 5.4 Compiler: gcc gcc (GCC) 11.5.0 20240719 (Red Hat 11.5.0-2) Ubuntu 22.04 Kernel: 5.4 Compiler: gcc gcc (Ubuntu 11.4.0-1ubuntu1~22.04) 11.4.0 Fedora Linux 42 Kernel: 5.4 Compiler: gcc gcc (GCC) 15.2.1 20250808 (Red Hat 15.2.1-1) Debian GNU/Linux 12 Kernel: 5.4 Compiler: gcc gcc (Debian 12.2.0-14+deb12u1) 12.2.0 CentOS Stream 10 Kernel: 5.4 Compiler: gcc gcc (GCC) 14.2.1 20250110 (Red Hat 14.2.1-8) Ubuntu 24.04 Kernel: 5.4 Compiler: gcc gcc (Ubuntu 13.3.0-6ubuntu2~24.04) 13.3.0 CentOS Stream 9 Kernel: 5.4 Compiler: gcc gcc (GCC) 11.5.0 20240719 (Red Hat 11.5.0-11) To view detailed results, visit: https://lab.dpdk.org/results/dashboard/tarballs/35650/ UNH-IOL DPDK Community Lab To manage your email subscriptions, visit: https://lab.dpdk.org/results/dashboard/preferences/subscriptions/