From: dpdklab@iol.unh.edu
To: Test Report <test-report@dpdk.org>
Cc: dpdk-test-reports@iol.unh.edu
Subject: |SUCCESS| pw158913-158930 [PATCH] [v5,18/18] vfio: introduce cdev mo
Date: Wed, 19 Nov 2025 06:17:03 -0800 (PST) [thread overview]
Message-ID: <691dd15f.050a0220.12ebdc.cdb1SMTPIN_ADDED_MISSING@mx.google.com> (raw)
In-Reply-To: <684f963686006c46a9b568b29c56494db9449148.1763550470.git.anatoly.burakov@intel.com>
Test-Label: iol-sample-apps-testing
Test-Status: SUCCESS
http://dpdk.org/patch/158930
_Testing PASS_
Submitter: Anatoly Burakov <anatoly.burakov@intel.com>
Date: Wednesday, November 19 2025 11:08:16
DPDK git baseline: Repo:dpdk
Branch: master
CommitID:ef98b88455bf4a7c8b7aa3106a761c9e9270d6a3
158913-158930 --> testing pass
Upstream job id: Template-DTS-Pipeline#255734
Test environment and result as below:
+--------------+----------------------+----------------------+
| Environment | compressdev_zlib_pmd | dpdk_fips_validation |
+==============+======================+======================+
| Ubuntu 22.04 | PASS | SKIPPED |
+--------------+----------------------+----------------------+
| Ubuntu 20.04 | SKIPPED | PASS |
+--------------+----------------------+----------------------+
Ubuntu 22.04
Kernel: 5.15
Compiler: gcc gcc (Ubuntu 11.4.0-1ubuntu1~22.04.2) 11.4.0
Ubuntu 20.04
Kernel: 5.15
Compiler: gcc gcc (Ubuntu 9.4.0-1ubuntu1~20.04.2) 9.4.0
To view detailed results, visit:
https://lab.dpdk.org/results/dashboard/patchsets/34641/
UNH-IOL DPDK Community Lab
To manage your email subscriptions, visit:
https://lab.dpdk.org/results/dashboard/preferences/subscriptions/
next prev parent reply other threads:[~2025-11-19 14:17 UTC|newest]
Thread overview: 21+ messages / expand[flat|nested] mbox.gz Atom feed top
[not found] <684f963686006c46a9b568b29c56494db9449148.1763550470.git.anatoly.burakov@intel.com>
2025-11-19 10:36 ` |SUCCESS| pw158913-158930 [PATCH v5 18/18] vfio: introduce cdev mode qemudev
2025-11-19 10:40 ` qemudev
2025-11-19 11:11 ` |SUCCESS| pw158930 " checkpatch
2025-11-19 12:14 ` |FAILURE| " 0-day Robot
2025-11-19 12:52 ` |PENDING| pw158913-158930 [PATCH] [v5,18/18] vfio: introduce cdev mo dpdklab
2025-11-19 13:00 ` |SUCCESS| " dpdklab
2025-11-19 13:01 ` |FAILURE| " dpdklab
2025-11-19 13:06 ` |SUCCESS| " dpdklab
2025-11-19 13:15 ` dpdklab
2025-11-19 13:24 ` |PENDING| " dpdklab
2025-11-19 13:29 ` |SUCCESS| " dpdklab
2025-11-19 13:29 ` |FAILURE| " dpdklab
2025-11-19 13:34 ` dpdklab
2025-11-19 13:41 ` |SUCCESS| " dpdklab
2025-11-19 13:55 ` dpdklab
2025-11-19 14:15 ` dpdklab
2025-11-19 14:17 ` dpdklab [this message]
2025-11-19 14:24 ` dpdklab
2025-11-19 14:33 ` |FAILURE| " dpdklab
2025-11-19 14:37 ` |SUCCESS| " dpdklab
2025-11-19 16:02 ` |FAILURE| " dpdklab
Reply instructions:
You may reply publicly to this message via plain-text email
using any one of the following methods:
* Save the following mbox file, import it into your mail client,
and reply-to-all from there: mbox
Avoid top-posting and favor interleaved quoting:
https://en.wikipedia.org/wiki/Posting_style#Interleaved_style
* Reply using the --to, --cc, and --in-reply-to
switches of git-send-email(1):
git send-email \
--in-reply-to=691dd15f.050a0220.12ebdc.cdb1SMTPIN_ADDED_MISSING@mx.google.com \
--to=dpdklab@iol.unh.edu \
--cc=dpdk-test-reports@iol.unh.edu \
--cc=test-report@dpdk.org \
/path/to/YOUR_REPLY
https://kernel.org/pub/software/scm/git/docs/git-send-email.html
* If your mail client supports setting the In-Reply-To header
via mailto: links, try the mailto: link
Be sure your reply has a Subject: header at the top and a blank line
before the message body.
This is a public inbox, see mirroring instructions
for how to clone and mirror all data and code used for this inbox;
as well as URLs for NNTP newsgroup(s).