automatic DPDK test reports
 help / color / mirror / Atom feed
* |SUCCESS| pw158913-158930 [PATCH v5 18/18] vfio: introduce cdev mode
       [not found] <684f963686006c46a9b568b29c56494db9449148.1763550470.git.anatoly.burakov@intel.com>
@ 2025-11-19 10:36 ` qemudev
  2025-11-19 10:40 ` qemudev
                   ` (19 subsequent siblings)
  20 siblings, 0 replies; 21+ messages in thread
From: qemudev @ 2025-11-19 10:36 UTC (permalink / raw)
  To: test-report

Test-Label: loongarch-compilation
Test-Status: SUCCESS
http://dpdk.org/patch/158930

_Compilation OK_

Submitter: Anatoly Burakov <anatoly.burakov@intel.com>
Date: Wed, 19 Nov 2025 11:07:59 +0000
DPDK git baseline: Repo:dpdk
  Branch: main
  CommitID: ef98b88455bf4a7c8b7aa3106a761c9e9270d6a3

158913-158930 --> meson & ninja build successfully

Test environment and result as below:

+---------------------+----------------+
|     Environment     | compilation    |
+---------------------+----------------+
| Loongnix-Server 8.3 | PASS           |
+---------------------+----------------+

Loongnix-Server 8.3
    Kernel: 4.19.190+
    Compiler: gcc 8.3


^ permalink raw reply	[flat|nested] 21+ messages in thread

* |SUCCESS| pw158913-158930 [PATCH v5 18/18] vfio: introduce cdev mode
       [not found] <684f963686006c46a9b568b29c56494db9449148.1763550470.git.anatoly.burakov@intel.com>
  2025-11-19 10:36 ` |SUCCESS| pw158913-158930 [PATCH v5 18/18] vfio: introduce cdev mode qemudev
@ 2025-11-19 10:40 ` qemudev
  2025-11-19 11:11 ` |SUCCESS| pw158930 " checkpatch
                   ` (18 subsequent siblings)
  20 siblings, 0 replies; 21+ messages in thread
From: qemudev @ 2025-11-19 10:40 UTC (permalink / raw)
  To: test-report

Test-Label: loongarch-unit-testing
Test-Status: SUCCESS
http://dpdk.org/patch/158930

_Unit Testing PASS_

Submitter: Anatoly Burakov <anatoly.burakov@intel.com>
Date: Wed, 19 Nov 2025 11:07:59 +0000
DPDK git baseline: Repo:dpdk
  Branch: main
  CommitID: ef98b88455bf4a7c8b7aa3106a761c9e9270d6a3

158913-158930 --> testing pass

Test environment and result as below:

+---------------------+----------------+
|     Environment     | dpdk_unit_test |
+---------------------+----------------+
| Loongnix-Server 8.3 | PASS           |
+---------------------+----------------+

Loongnix-Server 8.3
    Kernel: 4.19.190+
    Compiler: gcc 8.3


Test result details:
  1/121 DPDK:fast-tests / acl_autotest                            OK              3.31s
  2/121 DPDK:fast-tests / alarm_autotest                          OK              1.54s
  3/121 DPDK:fast-tests / argparse_autotest                       OK              0.52s
  4/121 DPDK:fast-tests / atomic_autotest                         OK              6.92s
  5/121 DPDK:fast-tests / bitcount_autotest                       OK              0.21s
  6/121 DPDK:fast-tests / bitmap_autotest                         OK              0.21s
  7/121 DPDK:fast-tests / bitops_autotest                         OK              1.71s
  8/121 DPDK:fast-tests / bitratestats_autotest                   OK              0.21s
  9/121 DPDK:fast-tests / bitset_autotest                         OK              2.95s
 10/121 DPDK:fast-tests / bpf_autotest                            OK              0.21s
 11/121 DPDK:fast-tests / bpf_elf_autotest                        SKIP            0.21s   exit status 77
 12/121 DPDK:fast-tests / bpf_convert_autotest                    OK              0.21s
 13/121 DPDK:fast-tests / byteorder_autotest                      OK              0.20s
 14/121 DPDK:fast-tests / cfgfile_autotest                        OK              0.21s
 15/121 DPDK:fast-tests / cksum_autotest                          OK              0.21s
 16/121 DPDK:fast-tests / cmdline_autotest                        OK              0.21s
 17/121 DPDK:fast-tests / common_autotest                         OK              1.09s
 18/121 DPDK:fast-tests / compressdev_autotest                    SKIP            0.06s   exit status 77
 19/121 DPDK:fast-tests / cpuflags_autotest                       OK              0.21s
 20/121 DPDK:fast-tests / crc_autotest                            OK              0.21s
 21/121 DPDK:fast-tests / user_delay_us                           OK              0.20s
 22/121 DPDK:fast-tests / debug_autotest                          OK             22.64s
 23/121 DPDK:fast-tests / devargs_autotest                        OK              0.21s
 24/121 DPDK:fast-tests / dispatcher_autotest                     OK              2.55s
 25/121 DPDK:fast-tests / distributor_autotest                    OK              1.21s
 26/121 DPDK:fast-tests / eal_flags_c_opt_autotest                OK              1.08s
 27/121 DPDK:fast-tests / eal_flags_main_opt_autotest             OK              0.27s
 28/121 DPDK:fast-tests / eal_flags_n_opt_autotest                OK              0.24s
 29/121 DPDK:fast-tests / eal_flags_hpet_autotest                 OK              0.15s
 30/121 DPDK:fast-tests / eal_flags_no_huge_autotest              OK              0.24s
 31/121 DPDK:fast-tests / eal_flags_a_opt_autotest                OK              0.39s
 32/121 DPDK:fast-tests / eal_flags_b_opt_autotest                OK              0.32s
 33/121 DPDK:fast-tests / eal_flags_vdev_opt_autotest             OK              0.23s
 34/121 DPDK:fast-tests / eal_flags_r_opt_autotest                OK              0.24s
 35/121 DPDK:fast-tests / eal_flags_mem_autotest                  OK              0.69s
 36/121 DPDK:fast-tests / eal_flags_file_prefix_autotest          OK             22.32s
 37/121 DPDK:fast-tests / eal_flags_misc_autotest                 OK              1.30s
 38/121 DPDK:fast-tests / eal_fs_autotest                         OK              0.21s
 39/121 DPDK:fast-tests / errno_autotest                          OK              0.21s
 40/121 DPDK:fast-tests / ethdev_link_status                      OK              0.21s
 41/121 DPDK:fast-tests / event_eth_tx_adapter_autotest           OK              1.69s
 42/121 DPDK:fast-tests / event_ring_autotest                     OK              0.22s
 43/121 DPDK:fast-tests / eventdev_common_autotest                OK              0.21s
 44/121 DPDK:fast-tests / eventdev_selftest_sw                    OK              7.17s
 45/121 DPDK:fast-tests / fbarray_autotest                        OK              0.21s
 46/121 DPDK:fast-tests / fib_autotest                            OK              1.06s
 47/121 DPDK:fast-tests / fib6_autotest                           OK              1.05s
 48/121 DPDK:fast-tests / func_reentrancy_autotest                OK              2.29s
 49/121 DPDK:fast-tests / graph_autotest                          OK              0.63s
 50/121 DPDK:fast-tests / node_list_dump                          OK              0.61s
 51/121 DPDK:fast-tests / graph_feature_arc_autotest              OK              0.62s
 52/121 DPDK:fast-tests / hash_autotest                           OK              1.23s
 53/121 DPDK:fast-tests / hash_readwrite_func_autotest            OK              0.13s
 54/121 DPDK:fast-tests / interrupt_autotest                      OK              1.82s
 55/121 DPDK:fast-tests / ipfrag_autotest                         OK              0.09s
 56/121 DPDK:fast-tests / ipsec_autotest                          SKIP            0.62s   exit status 77
 57/121 DPDK:fast-tests / kvargs_autotest                         OK              0.62s
 58/121 DPDK:fast-tests / latencystats_autotest                   OK              0.62s
 59/121 DPDK:fast-tests / lcore_var_autotest                      OK              0.73s
 60/121 DPDK:fast-tests / lcores_autotest                         OK              5.42s
 61/121 DPDK:fast-tests / logs_autotest                           OK              0.62s
 62/121 DPDK:fast-tests / lpm_autotest                            OK              2.67s
 63/121 DPDK:fast-tests / lpm6_autotest                           OK              5.76s
 64/121 DPDK:fast-tests / malloc_autotest                         OK             57.93s
 65/121 DPDK:fast-tests / mbuf_autotest                           OK              4.59s
 66/121 DPDK:fast-tests / mcslock_autotest                        OK              2.85s
 67/121 DPDK:fast-tests / member_autotest                         OK              1.83s
 68/121 DPDK:fast-tests / memcpy_autotest                         OK              7.25s
 69/121 DPDK:fast-tests / memory_autotest                         OK              0.10s
 70/121 DPDK:fast-tests / mempool_autotest                        OK              0.45s
 71/121 DPDK:fast-tests / memzone_autotest                        OK              0.16s
 72/121 DPDK:fast-tests / meter_autotest                          OK              0.62s
 73/121 DPDK:fast-tests / metrics_autotest                        OK              0.62s
 74/121 DPDK:fast-tests / multiprocess_autotest                   OK              0.24s
 75/121 DPDK:fast-tests / net_ether_autotest                      OK              1.28s
 76/121 DPDK:fast-tests / net_ipv6_autotest                       OK              0.61s
 77/121 DPDK:fast-tests / pcapng_autotest                         OK              7.30s
 78/121 DPDK:fast-tests / pdcp_autotest                           SKIP            0.08s   exit status 77
 79/121 DPDK:fast-tests / pdump_autotest                          OK              0.75s
 80/121 DPDK:fast-tests / per_lcore_autotest                      OK              0.72s
 81/121 DPDK:fast-tests / pflock_autotest                         OK              1.43s
 82/121 DPDK:fast-tests / pie_autotest                            OK              0.62s
 83/121 DPDK:fast-tests / ring_pmd_autotest                       OK              0.62s
 84/121 DPDK:fast-tests / power_autotest                          OK              0.62s
 85/121 DPDK:fast-tests / power_cpufreq_autotest                  SKIP            0.08s   exit status 77
 86/121 DPDK:fast-tests / power_intel_uncore_autotest             SKIP            0.62s   exit status 77
 87/121 DPDK:fast-tests / power_kvm_vm_autotest                   SKIP            0.08s   exit status 77
 88/121 DPDK:fast-tests / prefetch_autotest                       OK              0.62s
 89/121 DPDK:fast-tests / ptr_compress_autotest                   OK              0.62s
 90/121 DPDK:fast-tests / rawdev_autotest                         OK              0.62s
 91/121 DPDK:fast-tests / rcu_qsbr_autotest                       OK              1.14s
 92/121 DPDK:fast-tests / reorder_autotest                        OK              0.68s
 93/121 DPDK:fast-tests / rib_autotest                            OK              9.27s
 94/121 DPDK:fast-tests / rib6_autotest                           OK              9.27s
 95/121 DPDK:fast-tests / ring_autotest                           OK              0.65s
 96/121 DPDK:fast-tests / rwlock_test1_autotest                   OK              1.38s
 97/121 DPDK:fast-tests / rwlock_rda_autotest                     OK              5.61s
 98/121 DPDK:fast-tests / rwlock_rds_wrm_autotest                 OK              5.54s
 99/121 DPDK:fast-tests / rwlock_rde_wro_autotest                 OK              5.41s
100/121 DPDK:fast-tests / sched_autotest                          OK              0.41s
101/121 DPDK:fast-tests / security_autotest                       OK              0.08s
102/121 DPDK:fast-tests / seqlock_autotest                        OK              2.39s
103/121 DPDK:fast-tests / service_autotest                        OK              3.11s
104/121 DPDK:fast-tests / soring_autotest                         OK              0.41s
105/121 DPDK:fast-tests / spinlock_autotest                       OK              0.48s
106/121 DPDK:fast-tests / stack_autotest                          OK              0.87s
107/121 DPDK:fast-tests / stack_lf_autotest                       SKIP            0.07s   exit status 77
108/121 DPDK:fast-tests / string_autotest                         OK              0.40s
109/121 DPDK:fast-tests / table_autotest                          OK              7.51s
110/121 DPDK:fast-tests / tailq_autotest                          OK              0.40s
111/121 DPDK:fast-tests / telemetry_data_autotest                 OK              0.41s
112/121 DPDK:fast-tests / telemetry_json_autotest                 OK              0.40s
113/121 DPDK:fast-tests / thash_autotest                          OK              0.41s
114/121 DPDK:fast-tests / threads_autotest                        OK              0.58s
115/121 DPDK:fast-tests / ticketlock_autotest                     OK              0.56s
116/121 DPDK:fast-tests / timer_autotest                          OK              3.91s
117/121 DPDK:fast-tests / trace_autotest                          OK              0.40s
118/121 DPDK:fast-tests / trace_autotest_with_traces              OK              0.41s
119/121 DPDK:fast-tests / vdev_autotest                           OK              0.40s
120/121 DPDK:fast-tests / version_autotest                        OK              0.40s
121/121 DPDK:fast-tests / telemetry_all                           OK             19.46s


Ok:                 113
Expected Fail:      0
Fail:               0
Unexpected Pass:    0
Skipped:            8
Timeout:            0


^ permalink raw reply	[flat|nested] 21+ messages in thread

* |SUCCESS| pw158930 [PATCH v5 18/18] vfio: introduce cdev mode
       [not found] <684f963686006c46a9b568b29c56494db9449148.1763550470.git.anatoly.burakov@intel.com>
  2025-11-19 10:36 ` |SUCCESS| pw158913-158930 [PATCH v5 18/18] vfio: introduce cdev mode qemudev
  2025-11-19 10:40 ` qemudev
@ 2025-11-19 11:11 ` checkpatch
  2025-11-19 12:14 ` |FAILURE| " 0-day Robot
                   ` (17 subsequent siblings)
  20 siblings, 0 replies; 21+ messages in thread
From: checkpatch @ 2025-11-19 11:11 UTC (permalink / raw)
  To: test-report

Test-Label: checkpatch
Test-Status: SUCCESS
http://dpdk.org/patch/158930

_coding style OK_



^ permalink raw reply	[flat|nested] 21+ messages in thread

* |FAILURE| pw158930 [PATCH v5 18/18] vfio: introduce cdev mode
       [not found] <684f963686006c46a9b568b29c56494db9449148.1763550470.git.anatoly.burakov@intel.com>
                   ` (2 preceding siblings ...)
  2025-11-19 11:11 ` |SUCCESS| pw158930 " checkpatch
@ 2025-11-19 12:14 ` 0-day Robot
  2025-11-19 12:52 ` |PENDING| pw158913-158930 [PATCH] [v5,18/18] vfio: introduce cdev mo dpdklab
                   ` (16 subsequent siblings)
  20 siblings, 0 replies; 21+ messages in thread
From: 0-day Robot @ 2025-11-19 12:14 UTC (permalink / raw)
  To: test-report; +Cc: anatoly.burakov, robot

From: robot@bytheb.org

Test-Label: github-robot: build
Test-Status: FAILURE
http://patchwork.dpdk.org/patch/158930/

_github build: failed_
Build URL: https://github.com/ovsrobot/dpdk/actions/runs/19499459462

^ permalink raw reply	[flat|nested] 21+ messages in thread

* |PENDING| pw158913-158930 [PATCH] [v5,18/18] vfio: introduce cdev mo
       [not found] <684f963686006c46a9b568b29c56494db9449148.1763550470.git.anatoly.burakov@intel.com>
                   ` (3 preceding siblings ...)
  2025-11-19 12:14 ` |FAILURE| " 0-day Robot
@ 2025-11-19 12:52 ` dpdklab
  2025-11-19 13:00 ` |SUCCESS| " dpdklab
                   ` (15 subsequent siblings)
  20 siblings, 0 replies; 21+ messages in thread
From: dpdklab @ 2025-11-19 12:52 UTC (permalink / raw)
  To: Test Report; +Cc: dpdk-test-reports

Test-Label: iol-compile-amd64-testing
Test-Status: PENDING
http://dpdk.org/patch/158930

_Testing pending_

Submitter: Anatoly Burakov <anatoly.burakov@intel.com>
Date: Wednesday, November 19 2025 11:08:16 
DPDK git baseline: Repo:dpdk
  Branch: master
  CommitID:ef98b88455bf4a7c8b7aa3106a761c9e9270d6a3

158913-158930 --> testing pending

Upstream job id: Generic-VM-DPDK-Compile-Meson#39886

Test environment and result as below:

+--------------+--------------------+
| Environment  | dpdk_meson_compile |
+==============+====================+
| Ubuntu 20.04 | PASS               |
+--------------+--------------------+
| FreeBSD 14.2 | PEND               |
+--------------+--------------------+


Ubuntu 20.04
	Kernel: 4.19
	Compiler: gcc gcc (Ubuntu 9.4.0-1ubuntu1~20.04.2) 9.4.0

FreeBSD 14.2
	Kernel: 14.2-RELEASE
	Compiler: clang 18.1.6

To view detailed results, visit:
https://lab.dpdk.org/results/dashboard/patchsets/34641/

UNH-IOL DPDK Community Lab

To manage your email subscriptions, visit: 
https://lab.dpdk.org/results/dashboard/preferences/subscriptions/

^ permalink raw reply	[flat|nested] 21+ messages in thread

* |SUCCESS| pw158913-158930 [PATCH] [v5,18/18] vfio: introduce cdev mo
       [not found] <684f963686006c46a9b568b29c56494db9449148.1763550470.git.anatoly.burakov@intel.com>
                   ` (4 preceding siblings ...)
  2025-11-19 12:52 ` |PENDING| pw158913-158930 [PATCH] [v5,18/18] vfio: introduce cdev mo dpdklab
@ 2025-11-19 13:00 ` dpdklab
  2025-11-19 13:01 ` |FAILURE| " dpdklab
                   ` (14 subsequent siblings)
  20 siblings, 0 replies; 21+ messages in thread
From: dpdklab @ 2025-11-19 13:00 UTC (permalink / raw)
  To: Test Report; +Cc: dpdk-test-reports

Test-Label: iol-compile-amd64-testing
Test-Status: SUCCESS
http://dpdk.org/patch/158930

_Testing PASS_

Submitter: Anatoly Burakov <anatoly.burakov@intel.com>
Date: Wednesday, November 19 2025 11:08:16 
DPDK git baseline: Repo:dpdk
  Branch: master
  CommitID:ef98b88455bf4a7c8b7aa3106a761c9e9270d6a3

158913-158930 --> testing pass

Upstream job id: Generic-VM-DPDK-Compile-Meson#39887

Test environment and result as below:

+--------------+--------------------+
| Environment  | dpdk_meson_compile |
+==============+====================+
| Ubuntu 20.04 | PASS               |
+--------------+--------------------+
| FreeBSD 14.2 | PASS               |
+--------------+--------------------+


Ubuntu 20.04
	Kernel: 4.19
	Compiler: gcc gcc (Ubuntu 9.4.0-1ubuntu1~20.04.2) 9.4.0

FreeBSD 14.2
	Kernel: 14.2-RELEASE
	Compiler: clang 18.1.6

To view detailed results, visit:
https://lab.dpdk.org/results/dashboard/patchsets/34641/

UNH-IOL DPDK Community Lab

To manage your email subscriptions, visit: 
https://lab.dpdk.org/results/dashboard/preferences/subscriptions/

^ permalink raw reply	[flat|nested] 21+ messages in thread

* |FAILURE| pw158913-158930 [PATCH] [v5,18/18] vfio: introduce cdev mo
       [not found] <684f963686006c46a9b568b29c56494db9449148.1763550470.git.anatoly.burakov@intel.com>
                   ` (5 preceding siblings ...)
  2025-11-19 13:00 ` |SUCCESS| " dpdklab
@ 2025-11-19 13:01 ` dpdklab
  2025-11-19 13:06 ` |SUCCESS| " dpdklab
                   ` (13 subsequent siblings)
  20 siblings, 0 replies; 21+ messages in thread
From: dpdklab @ 2025-11-19 13:01 UTC (permalink / raw)
  To: Test Report; +Cc: dpdk-test-reports, Anatoly Burakov

Test-Label: iol-marvell-Functional
Test-Status: FAILURE
http://dpdk.org/patch/158930

_Functional Testing issues_

Submitter: Anatoly Burakov <anatoly.burakov@intel.com>
Date: Wednesday, November 19 2025 11:08:16 
DPDK git baseline: Repo:dpdk
  Branch: master
  CommitID:ef98b88455bf4a7c8b7aa3106a761c9e9270d6a3

158913-158930 --> functional testing issues

Upstream job id: Template-DTS-Pipeline#255733

Test environment and result as below:

Ubuntu 20.04.6
Kernel: 5.4.105
Compiler: gcc 9.4
NIC: Marvell CN106XX 50000 Mbps
Target: arm64-native-linuxapp-gcc

Aggregate Results by Test Suite
+----------------+--------+
|   Test Suite   | Result |
+================+========+
| cmdline        |  PASS  |
+----------------+--------+
| rxtx_callbacks |  FAIL  |
+----------------+--------+


To view detailed results, visit:
https://lab.dpdk.org/results/dashboard/patchsets/34641/

UNH-IOL DPDK Community Lab

To manage your email subscriptions, visit: 
https://lab.dpdk.org/results/dashboard/preferences/subscriptions/

^ permalink raw reply	[flat|nested] 21+ messages in thread

* |SUCCESS| pw158913-158930 [PATCH] [v5,18/18] vfio: introduce cdev mo
       [not found] <684f963686006c46a9b568b29c56494db9449148.1763550470.git.anatoly.burakov@intel.com>
                   ` (6 preceding siblings ...)
  2025-11-19 13:01 ` |FAILURE| " dpdklab
@ 2025-11-19 13:06 ` dpdklab
  2025-11-19 13:15 ` dpdklab
                   ` (12 subsequent siblings)
  20 siblings, 0 replies; 21+ messages in thread
From: dpdklab @ 2025-11-19 13:06 UTC (permalink / raw)
  To: Test Report; +Cc: dpdk-test-reports

Test-Label: iol-sample-apps-testing
Test-Status: SUCCESS
http://dpdk.org/patch/158930

_Testing PASS_

Submitter: Anatoly Burakov <anatoly.burakov@intel.com>
Date: Wednesday, November 19 2025 11:08:16 
DPDK git baseline: Repo:dpdk
  Branch: master
  CommitID:ef98b88455bf4a7c8b7aa3106a761c9e9270d6a3

158913-158930 --> testing pass

Upstream job id: Template-DTS-Pipeline#255735

Test environment and result as below:

+--------------+----------------------+
| Environment  | compressdev_zlib_pmd |
+==============+======================+
| Ubuntu 22.04 | PASS                 |
+--------------+----------------------+


Ubuntu 22.04
	Kernel: 5.15
	Compiler: gcc gcc (Ubuntu 11.4.0-1ubuntu1~22.04.2) 11.4.0

To view detailed results, visit:
https://lab.dpdk.org/results/dashboard/patchsets/34641/

UNH-IOL DPDK Community Lab

To manage your email subscriptions, visit: 
https://lab.dpdk.org/results/dashboard/preferences/subscriptions/

^ permalink raw reply	[flat|nested] 21+ messages in thread

* |SUCCESS| pw158913-158930 [PATCH] [v5,18/18] vfio: introduce cdev mo
       [not found] <684f963686006c46a9b568b29c56494db9449148.1763550470.git.anatoly.burakov@intel.com>
                   ` (7 preceding siblings ...)
  2025-11-19 13:06 ` |SUCCESS| " dpdklab
@ 2025-11-19 13:15 ` dpdklab
  2025-11-19 13:24 ` |PENDING| " dpdklab
                   ` (11 subsequent siblings)
  20 siblings, 0 replies; 21+ messages in thread
From: dpdklab @ 2025-11-19 13:15 UTC (permalink / raw)
  To: Test Report; +Cc: dpdk-test-reports

Test-Label: iol-intel-Functional
Test-Status: SUCCESS
http://dpdk.org/patch/158930

_Functional Testing PASS_

Submitter: Anatoly Burakov <anatoly.burakov@intel.com>
Date: Wednesday, November 19 2025 11:08:16 
DPDK git baseline: Repo:dpdk
  Branch: master
  CommitID:ef98b88455bf4a7c8b7aa3106a761c9e9270d6a3

158913-158930 --> functional testing pass

Upstream job id: Template-DTS-Pipeline#255736

Test environment and result as below:

Ubuntu 24.04
Kernel: 6.8
Compiler: gcc gcc (Ubuntu 13.3.0-6ubuntu2~24.04) 13.3.0
NIC: Intel Corporation 4xxx Series QAT 0 Mbps

Aggregate Results by Test Suite
+----------------------------+--------+
|         Test Suite         | Result |
+============================+========+
| crypto_perf_cryptodev_perf |  PASS  |
+----------------------------+--------+


To view detailed results, visit:
https://lab.dpdk.org/results/dashboard/patchsets/34641/

UNH-IOL DPDK Community Lab

To manage your email subscriptions, visit: 
https://lab.dpdk.org/results/dashboard/preferences/subscriptions/

^ permalink raw reply	[flat|nested] 21+ messages in thread

* |PENDING| pw158913-158930 [PATCH] [v5,18/18] vfio: introduce cdev mo
       [not found] <684f963686006c46a9b568b29c56494db9449148.1763550470.git.anatoly.burakov@intel.com>
                   ` (8 preceding siblings ...)
  2025-11-19 13:15 ` dpdklab
@ 2025-11-19 13:24 ` dpdklab
  2025-11-19 13:29 ` |SUCCESS| " dpdklab
                   ` (10 subsequent siblings)
  20 siblings, 0 replies; 21+ messages in thread
From: dpdklab @ 2025-11-19 13:24 UTC (permalink / raw)
  To: Test Report; +Cc: dpdk-test-reports

Test-Label: iol-unit-amd64-testing
Test-Status: PENDING
http://dpdk.org/patch/158930

_Testing pending_

Submitter: Anatoly Burakov <anatoly.burakov@intel.com>
Date: Wednesday, November 19 2025 11:08:16 
DPDK git baseline: Repo:dpdk
  Branch: master
  CommitID:ef98b88455bf4a7c8b7aa3106a761c9e9270d6a3

158913-158930 --> testing pending

Upstream job id: Generic-Unit-Test-DPDK#394463

Test environment and result as below:

+-------------------------------+----------------+
|          Environment          | dpdk_unit_test |
+===============================+================+
| Debian GNU/Linux 12           | PEND           |
+-------------------------------+----------------+
| Ubuntu 20.04                  | PEND           |
+-------------------------------+----------------+
| Fedora Linux 41               | PEND           |
+-------------------------------+----------------+
| Fedora Linux 40               | PEND           |
+-------------------------------+----------------+
| CentOS Stream 10              | PASS           |
+-------------------------------+----------------+
| Red Hat Enterprise Linux 9.5  | PEND           |
+-------------------------------+----------------+
| CentOS Stream 9               | PEND           |
+-------------------------------+----------------+
| Ubuntu 24.04                  | PEND           |
+-------------------------------+----------------+
| Fedora Linux 42               | PEND           |
+-------------------------------+----------------+
| Ubuntu 22.04                  | PEND           |
+-------------------------------+----------------+
| Red Hat Enterprise Linux 8.10 | PEND           |
+-------------------------------+----------------+


Debian GNU/Linux 12
	Kernel: 5.15
	Compiler: gcc gcc (Debian 12.2.0-14+deb12u1) 12.2.0

Ubuntu 20.04
	Kernel: 5.15
	Compiler: gcc gcc (Ubuntu 9.4.0-1ubuntu1~20.04.2) 9.4.0

Fedora Linux 41
	Kernel: 5.15
	Compiler: gcc gcc (GCC) 14.3.1 20250523 (Red Hat 14.3.1-1)

Fedora Linux 40
	Kernel: 5.15
	Compiler: clang gcc (GCC) 14.2.1 20240912 (Red Hat 14.2.1-3)

CentOS Stream 10
	Kernel: 5.15
	Compiler: gcc gcc (GCC) 14.2.1 20250110 (Red Hat 14.2.1-8)

Red Hat Enterprise Linux 9.5
	Kernel: 5.15
	Compiler: gcc gcc (GCC) 11.5.0 20240719 (Red Hat 11.5.0-2)

CentOS Stream 9
	Kernel: 5.15
	Compiler: gcc gcc (GCC) 11.5.0 20240719 (Red Hat 11.5.0-11)

Ubuntu 24.04
	Kernel: 5.15
	Compiler: gcc gcc (Ubuntu 13.3.0-6ubuntu2~24.04) 13.3.0

Fedora Linux 42
	Kernel: 5.15
	Compiler: gcc gcc (GCC) 15.2.1 20250808 (Red Hat 15.2.1-1)

Ubuntu 22.04
	Kernel: 5.15
	Compiler: gcc gcc (Ubuntu 11.4.0-1ubuntu1~22.04) 11.4.0

Red Hat Enterprise Linux 8.10
	Kernel: 5.15
	Compiler: gcc gcc (GCC) 8.5.0 20210514 (Red Hat 8.5.0-22)

To view detailed results, visit:
https://lab.dpdk.org/results/dashboard/patchsets/34641/

UNH-IOL DPDK Community Lab

To manage your email subscriptions, visit: 
https://lab.dpdk.org/results/dashboard/preferences/subscriptions/

^ permalink raw reply	[flat|nested] 21+ messages in thread

* |SUCCESS| pw158913-158930 [PATCH] [v5,18/18] vfio: introduce cdev mo
       [not found] <684f963686006c46a9b568b29c56494db9449148.1763550470.git.anatoly.burakov@intel.com>
                   ` (9 preceding siblings ...)
  2025-11-19 13:24 ` |PENDING| " dpdklab
@ 2025-11-19 13:29 ` dpdklab
  2025-11-19 13:29 ` |FAILURE| " dpdklab
                   ` (9 subsequent siblings)
  20 siblings, 0 replies; 21+ messages in thread
From: dpdklab @ 2025-11-19 13:29 UTC (permalink / raw)
  To: Test Report, Ali Alnubani; +Cc: dpdk-test-reports

Test-Label: iol-mellanox-Performance
Test-Status: SUCCESS
http://dpdk.org/patch/158930

_Performance Testing PASS_

Submitter: Anatoly Burakov <anatoly.burakov@intel.com>
Date: Wednesday, November 19 2025 11:08:16 
DPDK git baseline: Repo:dpdk
  Branch: master
  CommitID:ef98b88455bf4a7c8b7aa3106a761c9e9270d6a3

158913-158930 --> performance testing pass

Upstream job id: Template-DTS-Pipeline#255723

Test environment and result as below:

Ubuntu 24.04
Kernel: 6.8
Compiler: gcc gcc (Ubuntu 13.3.0-6ubuntu2~24.04) 13.3.0
NIC: Mellanox ConnectX-6 Lx 25000 Mbps
Fail/Total: 0/6

Detail performance results: 
+------------+---------+----------+-------------+------------------------------+
| frame_size | txd/rxd | num_cpus | num_threads |  throughput difference from  |
|            |         |          |             |           expected           |
+============+=========+==========+=============+==============================+
| 64         | 1024    | 1        | 1           | 0.0%                         |
+------------+---------+----------+-------------+------------------------------+
| 128        | 1024    | 1        | 1           | 0.1%                         |
+------------+---------+----------+-------------+------------------------------+
| 256        | 1024    | 1        | 1           | 0.0%                         |
+------------+---------+----------+-------------+------------------------------+
| 512        | 1024    | 1        | 1           | -0.0%                        |
+------------+---------+----------+-------------+------------------------------+
| 1024       | 1024    | 1        | 1           | -0.1%                        |
+------------+---------+----------+-------------+------------------------------+
| 1518       | 1024    | 1        | 1           | 0.0%                         |
+------------+---------+----------+-------------+------------------------------+

Ubuntu 24.04
Kernel: 6.8
Compiler: gcc gcc (Ubuntu 13.3.0-6ubuntu2~24.04) 13.3.0
NIC: NVIDIA Mellanox ConnectX-7 100000 Mbps
Fail/Total: 0/6

Detail performance results: 
+------------+---------+----------+-------------+------------------------------+
| frame_size | txd/rxd | num_cpus | num_threads |  throughput difference from  |
|            |         |          |             |           expected           |
+============+=========+==========+=============+==============================+
| 64         | 1024    | 1        | 1           | 0.2%                         |
+------------+---------+----------+-------------+------------------------------+
| 128        | 1024    | 1        | 1           | -0.4%                        |
+------------+---------+----------+-------------+------------------------------+
| 256        | 1024    | 1        | 1           | -0.1%                        |
+------------+---------+----------+-------------+------------------------------+
| 512        | 1024    | 1        | 1           | -0.1%                        |
+------------+---------+----------+-------------+------------------------------+
| 1024       | 1024    | 1        | 1           | -0.1%                        |
+------------+---------+----------+-------------+------------------------------+
| 1518       | 1024    | 1        | 1           | 0.1%                         |
+------------+---------+----------+-------------+------------------------------+

To view detailed results, visit:
https://lab.dpdk.org/results/dashboard/patchsets/34641/

UNH-IOL DPDK Community Lab

To manage your email subscriptions, visit: 
https://lab.dpdk.org/results/dashboard/preferences/subscriptions/

^ permalink raw reply	[flat|nested] 21+ messages in thread

* |FAILURE| pw158913-158930 [PATCH] [v5,18/18] vfio: introduce cdev mo
       [not found] <684f963686006c46a9b568b29c56494db9449148.1763550470.git.anatoly.burakov@intel.com>
                   ` (10 preceding siblings ...)
  2025-11-19 13:29 ` |SUCCESS| " dpdklab
@ 2025-11-19 13:29 ` dpdklab
  2025-11-19 13:34 ` dpdklab
                   ` (8 subsequent siblings)
  20 siblings, 0 replies; 21+ messages in thread
From: dpdklab @ 2025-11-19 13:29 UTC (permalink / raw)
  To: Test Report; +Cc: dpdk-test-reports, Anatoly Burakov

Test-Label: iol-unit-arm64-testing
Test-Status: FAILURE
http://dpdk.org/patch/158930

_Testing issues_

Submitter: Anatoly Burakov <anatoly.burakov@intel.com>
Date: Wednesday, November 19 2025 11:08:16 
DPDK git baseline: Repo:dpdk
  Branch: master
  CommitID:ef98b88455bf4a7c8b7aa3106a761c9e9270d6a3

158913-158930 --> testing issues

Upstream job id: Generic-Unit-Test-DPDK#394455

Test environment and result as below:

+------------------------------+--------------+------------------------------+---------------------------+----------------+
|         Environment          | lpm_autotest | cryptodev_sw_snow3g_autotest | cryptodev_sw_zuc_autotest | dpdk_unit_test |
+==============================+==============+==============================+===========================+================+
| Ubuntu 20.04                 | WARN         | SKIPPED                      | SKIPPED                   | PEND           |
+------------------------------+--------------+------------------------------+---------------------------+----------------+
| Debian 12 (arm)              | SKIPPED      | PEND                         | PEND                      | SKIPPED        |
+------------------------------+--------------+------------------------------+---------------------------+----------------+
| Fedora Linux 40              | SKIPPED      | SKIPPED                      | SKIPPED                   | PEND           |
+------------------------------+--------------+------------------------------+---------------------------+----------------+
| CentOS Stream 10             | SKIPPED      | SKIPPED                      | SKIPPED                   | PEND           |
+------------------------------+--------------+------------------------------+---------------------------+----------------+
| Debian GNU/Linux 12          | SKIPPED      | SKIPPED                      | SKIPPED                   | PEND           |
+------------------------------+--------------+------------------------------+---------------------------+----------------+
| CentOS Stream 9              | SKIPPED      | SKIPPED                      | SKIPPED                   | PEND           |
+------------------------------+--------------+------------------------------+---------------------------+----------------+
| Fedora Linux 42              | SKIPPED      | SKIPPED                      | SKIPPED                   | PEND           |
+------------------------------+--------------+------------------------------+---------------------------+----------------+
| Ubuntu 24.04                 | SKIPPED      | SKIPPED                      | SKIPPED                   | PEND           |
+------------------------------+--------------+------------------------------+---------------------------+----------------+
| Fedora Linux 41              | SKIPPED      | SKIPPED                      | SKIPPED                   | PEND           |
+------------------------------+--------------+------------------------------+---------------------------+----------------+
| Red Hat Enterprise Linux 9.5 | SKIPPED      | SKIPPED                      | SKIPPED                   | PEND           |
+------------------------------+--------------+------------------------------+---------------------------+----------------+
| Ubuntu 22.04                 | SKIPPED      | SKIPPED                      | SKIPPED                   | PEND           |
+------------------------------+--------------+------------------------------+---------------------------+----------------+

==== 20 line log output for Ubuntu 20.04 (lpm_autotest): ====
../lib/eal/linux/eal_vfio_cdev.c:136:2: error: incompatible implicit declaration of built-in function 'free' [-Werror]
136 |  free(mp_reply.msgs);
|  ^~~~
../lib/eal/linux/eal_vfio_cdev.c:136:2: note: include '<stdlib.h>' or provide a declaration of 'free'
../lib/eal/linux/eal_vfio_cdev.c: In function 'vfio_cdev_get_device_num':
../lib/eal/linux/eal_vfio_cdev.c:234:14: error: implicit declaration of function 'strtol'; did you mean 'strtok'? [-Werror=implicit-function-declaration]
234 |    dev_num = strtol(dev_tok, &end, 10);
|              ^~~~~~
|              strtok
../lib/eal/linux/eal_vfio_cdev.c:234:14: error: nested extern declaration of 'strtol' [-Werror=nested-externs]
../lib/eal/linux/eal_vfio_cdev.c: In function 'vfio_cdev_request_dev_fd':
../lib/eal/linux/eal_vfio_cdev.c:359:2: error: incompatible implicit declaration of built-in function 'free' [-Werror]
359 |  free(mp_reply.msgs);
|  ^~~~
../lib/eal/linux/eal_vfio_cdev.c:359:2: note: include '<stdlib.h>' or provide a declaration of 'free'
cc1: all warnings being treated as errors
[96/409] Compiling C object lib/librte_eal.a.p/eal_linux_eal_vfio_mp_sync.c.o
[97/409] Compiling C object lib/librte_eal.a.p/eal_linux_eal_vfio.c.o
[98/409] Compiling C object lib/librte_eal.a.p/eal_linux_eal_vfio_group.c.o
ninja: build stopped: subcommand failed.
==== End log output ====

Ubuntu 20.04
	Kernel: 5.4
	Compiler: gcc gcc (Ubuntu 9.4.0-1ubuntu1~20.04.2) 9.4.0

Debian 12 (arm)
	Kernel: Depends on container host
	Compiler: gcc (Debian 12.2.0-14) 12.2.0

Fedora Linux 40
	Kernel: 5.4
	Compiler: gcc gcc (GCC) 14.2.1 20240912 (Red Hat 14.2.1-3)

CentOS Stream 10
	Kernel: 5.4
	Compiler: gcc gcc (GCC) 14.2.1 20250110 (Red Hat 14.2.1-8)

Debian GNU/Linux 12
	Kernel: 5.4
	Compiler: gcc gcc (Debian 12.2.0-14+deb12u1) 12.2.0

CentOS Stream 9
	Kernel: 5.4
	Compiler: gcc gcc (GCC) 11.5.0 20240719 (Red Hat 11.5.0-11)

Fedora Linux 42
	Kernel: 5.4
	Compiler: gcc gcc (GCC) 15.2.1 20250808 (Red Hat 15.2.1-1)

Ubuntu 24.04
	Kernel: 5.4
	Compiler: gcc gcc (Ubuntu 13.3.0-6ubuntu2~24.04) 13.3.0

Fedora Linux 41
	Kernel: 5.4
	Compiler: clang gcc (GCC) 14.3.1 20250523 (Red Hat 14.3.1-1)

Red Hat Enterprise Linux 9.5
	Kernel: 5.4
	Compiler: gcc gcc (GCC) 11.5.0 20240719 (Red Hat 11.5.0-2)

Ubuntu 22.04
	Kernel: 5.4
	Compiler: gcc gcc (Ubuntu 11.4.0-1ubuntu1~22.04) 11.4.0

To view detailed results, visit:
https://lab.dpdk.org/results/dashboard/patchsets/34641/

UNH-IOL DPDK Community Lab

To manage your email subscriptions, visit: 
https://lab.dpdk.org/results/dashboard/preferences/subscriptions/

^ permalink raw reply	[flat|nested] 21+ messages in thread

* |FAILURE| pw158913-158930 [PATCH] [v5,18/18] vfio: introduce cdev mo
       [not found] <684f963686006c46a9b568b29c56494db9449148.1763550470.git.anatoly.burakov@intel.com>
                   ` (11 preceding siblings ...)
  2025-11-19 13:29 ` |FAILURE| " dpdklab
@ 2025-11-19 13:34 ` dpdklab
  2025-11-19 13:41 ` |SUCCESS| " dpdklab
                   ` (7 subsequent siblings)
  20 siblings, 0 replies; 21+ messages in thread
From: dpdklab @ 2025-11-19 13:34 UTC (permalink / raw)
  To: Test Report; +Cc: dpdk-test-reports, Anatoly Burakov

Test-Label: iol-unit-arm64-testing
Test-Status: FAILURE
http://dpdk.org/patch/158930

_Testing issues_

Submitter: Anatoly Burakov <anatoly.burakov@intel.com>
Date: Wednesday, November 19 2025 11:08:16 
DPDK git baseline: Repo:dpdk
  Branch: master
  CommitID:ef98b88455bf4a7c8b7aa3106a761c9e9270d6a3

158913-158930 --> testing issues

Upstream job id: Aarch32-Unit-Test#8290

Test environment and result as below:

+------------------------------+--------------+------------------------------+---------------------------+----------------+
|         Environment          | lpm_autotest | cryptodev_sw_snow3g_autotest | cryptodev_sw_zuc_autotest | dpdk_unit_test |
+==============================+==============+==============================+===========================+================+
| Ubuntu 20.04                 | WARN         | SKIPPED                      | SKIPPED                   | PEND           |
+------------------------------+--------------+------------------------------+---------------------------+----------------+
| Debian 12 (arm)              | SKIPPED      | PEND                         | PEND                      | SKIPPED        |
+------------------------------+--------------+------------------------------+---------------------------+----------------+
| Fedora Linux 40              | SKIPPED      | SKIPPED                      | SKIPPED                   | PEND           |
+------------------------------+--------------+------------------------------+---------------------------+----------------+
| CentOS Stream 10             | SKIPPED      | SKIPPED                      | SKIPPED                   | PEND           |
+------------------------------+--------------+------------------------------+---------------------------+----------------+
| Debian GNU/Linux 12          | SKIPPED      | SKIPPED                      | SKIPPED                   | PEND           |
+------------------------------+--------------+------------------------------+---------------------------+----------------+
| CentOS Stream 9              | SKIPPED      | SKIPPED                      | SKIPPED                   | PEND           |
+------------------------------+--------------+------------------------------+---------------------------+----------------+
| Fedora Linux 42              | SKIPPED      | SKIPPED                      | SKIPPED                   | PEND           |
+------------------------------+--------------+------------------------------+---------------------------+----------------+
| Ubuntu 24.04                 | SKIPPED      | SKIPPED                      | SKIPPED                   | PEND           |
+------------------------------+--------------+------------------------------+---------------------------+----------------+
| Fedora Linux 41              | SKIPPED      | SKIPPED                      | SKIPPED                   | PEND           |
+------------------------------+--------------+------------------------------+---------------------------+----------------+
| Red Hat Enterprise Linux 9.5 | SKIPPED      | SKIPPED                      | SKIPPED                   | PEND           |
+------------------------------+--------------+------------------------------+---------------------------+----------------+
| Ubuntu 22.04                 | SKIPPED      | SKIPPED                      | SKIPPED                   | PASS           |
+------------------------------+--------------+------------------------------+---------------------------+----------------+

==== 20 line log output for Ubuntu 20.04 (lpm_autotest): ====
../lib/eal/linux/eal_vfio_cdev.c:136:2: error: incompatible implicit declaration of built-in function 'free' [-Werror]
136 |  free(mp_reply.msgs);
|  ^~~~
../lib/eal/linux/eal_vfio_cdev.c:136:2: note: include '<stdlib.h>' or provide a declaration of 'free'
../lib/eal/linux/eal_vfio_cdev.c: In function 'vfio_cdev_get_device_num':
../lib/eal/linux/eal_vfio_cdev.c:234:14: error: implicit declaration of function 'strtol'; did you mean 'strtok'? [-Werror=implicit-function-declaration]
234 |    dev_num = strtol(dev_tok, &end, 10);
|              ^~~~~~
|              strtok
../lib/eal/linux/eal_vfio_cdev.c:234:14: error: nested extern declaration of 'strtol' [-Werror=nested-externs]
../lib/eal/linux/eal_vfio_cdev.c: In function 'vfio_cdev_request_dev_fd':
../lib/eal/linux/eal_vfio_cdev.c:359:2: error: incompatible implicit declaration of built-in function 'free' [-Werror]
359 |  free(mp_reply.msgs);
|  ^~~~
../lib/eal/linux/eal_vfio_cdev.c:359:2: note: include '<stdlib.h>' or provide a declaration of 'free'
cc1: all warnings being treated as errors
[96/409] Compiling C object lib/librte_eal.a.p/eal_linux_eal_vfio_mp_sync.c.o
[97/409] Compiling C object lib/librte_eal.a.p/eal_linux_eal_vfio.c.o
[98/409] Compiling C object lib/librte_eal.a.p/eal_linux_eal_vfio_group.c.o
ninja: build stopped: subcommand failed.
==== End log output ====

Ubuntu 20.04
	Kernel: 5.4
	Compiler: gcc gcc (Ubuntu 9.4.0-1ubuntu1~20.04.2) 9.4.0

Debian 12 (arm)
	Kernel: Depends on container host
	Compiler: gcc (Debian 12.2.0-14) 12.2.0

Fedora Linux 40
	Kernel: 5.4
	Compiler: gcc gcc (GCC) 14.2.1 20240912 (Red Hat 14.2.1-3)

CentOS Stream 10
	Kernel: 5.4
	Compiler: gcc gcc (GCC) 14.2.1 20250110 (Red Hat 14.2.1-8)

Debian GNU/Linux 12
	Kernel: 5.4
	Compiler: gcc gcc (Debian 12.2.0-14+deb12u1) 12.2.0

CentOS Stream 9
	Kernel: 5.4
	Compiler: gcc gcc (GCC) 11.5.0 20240719 (Red Hat 11.5.0-11)

Fedora Linux 42
	Kernel: 5.4
	Compiler: gcc gcc (GCC) 15.2.1 20250808 (Red Hat 15.2.1-1)

Ubuntu 24.04
	Kernel: 5.4
	Compiler: gcc gcc (Ubuntu 13.3.0-6ubuntu2~24.04) 13.3.0

Fedora Linux 41
	Kernel: 5.4
	Compiler: clang gcc (GCC) 14.3.1 20250523 (Red Hat 14.3.1-1)

Red Hat Enterprise Linux 9.5
	Kernel: 5.4
	Compiler: gcc gcc (GCC) 11.5.0 20240719 (Red Hat 11.5.0-2)

Ubuntu 22.04
	Kernel: 5.4
	Compiler: gcc gcc (Ubuntu 11.4.0-1ubuntu1~22.04) 11.4.0

To view detailed results, visit:
https://lab.dpdk.org/results/dashboard/patchsets/34641/

UNH-IOL DPDK Community Lab

To manage your email subscriptions, visit: 
https://lab.dpdk.org/results/dashboard/preferences/subscriptions/

^ permalink raw reply	[flat|nested] 21+ messages in thread

* |SUCCESS| pw158913-158930 [PATCH] [v5,18/18] vfio: introduce cdev mo
       [not found] <684f963686006c46a9b568b29c56494db9449148.1763550470.git.anatoly.burakov@intel.com>
                   ` (12 preceding siblings ...)
  2025-11-19 13:34 ` dpdklab
@ 2025-11-19 13:41 ` dpdklab
  2025-11-19 13:55 ` dpdklab
                   ` (6 subsequent siblings)
  20 siblings, 0 replies; 21+ messages in thread
From: dpdklab @ 2025-11-19 13:41 UTC (permalink / raw)
  To: Test Report; +Cc: dpdk-test-reports

Test-Label: iol-sample-apps-testing
Test-Status: SUCCESS
http://dpdk.org/patch/158930

_Testing PASS_

Submitter: Anatoly Burakov <anatoly.burakov@intel.com>
Date: Wednesday, November 19 2025 11:08:16 
DPDK git baseline: Repo:dpdk
  Branch: master
  CommitID:ef98b88455bf4a7c8b7aa3106a761c9e9270d6a3

158913-158930 --> testing pass

Upstream job id: ACVP-FIPS-testing#11878

Test environment and result as below:

+--------------+----------------------+----------------------+
| Environment  | compressdev_zlib_pmd | dpdk_fips_validation |
+==============+======================+======================+
| Ubuntu 22.04 | PASS                 | SKIPPED              |
+--------------+----------------------+----------------------+
| Ubuntu 20.04 | SKIPPED              | PASS                 |
+--------------+----------------------+----------------------+


Ubuntu 22.04
	Kernel: 5.15
	Compiler: gcc gcc (Ubuntu 11.4.0-1ubuntu1~22.04.2) 11.4.0

Ubuntu 20.04
	Kernel: 5.15
	Compiler: gcc gcc (Ubuntu 9.4.0-1ubuntu1~20.04.2) 9.4.0

To view detailed results, visit:
https://lab.dpdk.org/results/dashboard/patchsets/34641/

UNH-IOL DPDK Community Lab

To manage your email subscriptions, visit: 
https://lab.dpdk.org/results/dashboard/preferences/subscriptions/

^ permalink raw reply	[flat|nested] 21+ messages in thread

* |SUCCESS| pw158913-158930 [PATCH] [v5,18/18] vfio: introduce cdev mo
       [not found] <684f963686006c46a9b568b29c56494db9449148.1763550470.git.anatoly.burakov@intel.com>
                   ` (13 preceding siblings ...)
  2025-11-19 13:41 ` |SUCCESS| " dpdklab
@ 2025-11-19 13:55 ` dpdklab
  2025-11-19 14:15 ` dpdklab
                   ` (5 subsequent siblings)
  20 siblings, 0 replies; 21+ messages in thread
From: dpdklab @ 2025-11-19 13:55 UTC (permalink / raw)
  To: Test Report; +Cc: dpdk-test-reports

Test-Label: iol-compile-amd64-testing
Test-Status: SUCCESS
http://dpdk.org/patch/158930

_Testing PASS_

Submitter: Anatoly Burakov <anatoly.burakov@intel.com>
Date: Wednesday, November 19 2025 11:08:16 
DPDK git baseline: Repo:dpdk
  Branch: master
  CommitID:ef98b88455bf4a7c8b7aa3106a761c9e9270d6a3

158913-158930 --> testing pass

Upstream job id: Windows-Compile-DPDK-Native#32524

Test environment and result as below:

+---------------------+--------------------+-------------------+-------------------------+
|     Environment     | dpdk_meson_compile | dpdk_msvc_compile | dpdk_llvm_clang_compile |
+=====================+====================+===================+=========================+
| Ubuntu 20.04        | PASS               | SKIPPED           | SKIPPED                 |
+---------------------+--------------------+-------------------+-------------------------+
| FreeBSD 14.2        | PASS               | SKIPPED           | SKIPPED                 |
+---------------------+--------------------+-------------------+-------------------------+
| Windows Server 2022 | SKIPPED            | PASS              | PASS                    |
+---------------------+--------------------+-------------------+-------------------------+


Ubuntu 20.04
	Kernel: 4.19
	Compiler: gcc gcc (Ubuntu 9.4.0-1ubuntu1~20.04.2) 9.4.0

FreeBSD 14.2
	Kernel: 14.2-RELEASE
	Compiler: clang 18.1.6

Windows Server 2022
	Kernel: 10.0.20348.2031
	Compiler: clang 15.0.7, gcc 14.1.0 (MinGW), and MSVC VS 19.39.33521

To view detailed results, visit:
https://lab.dpdk.org/results/dashboard/patchsets/34641/

UNH-IOL DPDK Community Lab

To manage your email subscriptions, visit: 
https://lab.dpdk.org/results/dashboard/preferences/subscriptions/

^ permalink raw reply	[flat|nested] 21+ messages in thread

* |SUCCESS| pw158913-158930 [PATCH] [v5,18/18] vfio: introduce cdev mo
       [not found] <684f963686006c46a9b568b29c56494db9449148.1763550470.git.anatoly.burakov@intel.com>
                   ` (14 preceding siblings ...)
  2025-11-19 13:55 ` dpdklab
@ 2025-11-19 14:15 ` dpdklab
  2025-11-19 14:17 ` dpdklab
                   ` (4 subsequent siblings)
  20 siblings, 0 replies; 21+ messages in thread
From: dpdklab @ 2025-11-19 14:15 UTC (permalink / raw)
  To: Test Report; +Cc: dpdk-test-reports

Test-Label: iol-intel-Functional
Test-Status: SUCCESS
http://dpdk.org/patch/158930

_Functional Testing PASS_

Submitter: Anatoly Burakov <anatoly.burakov@intel.com>
Date: Wednesday, November 19 2025 11:08:16 
DPDK git baseline: Repo:dpdk
  Branch: master
  CommitID:ef98b88455bf4a7c8b7aa3106a761c9e9270d6a3

158913-158930 --> functional testing pass

Upstream job id: Template-DTS-Pipeline#255730

Test environment and result as below:

Ubuntu 24.04
Kernel: 6.8
Compiler: gcc gcc (Ubuntu 13.3.0-6ubuntu2~24.04) 13.3.0
NIC: Intel Corporation 4xxx Series QAT 0 Mbps

Aggregate Results by Test Suite
+----------------------------+--------+
|         Test Suite         | Result |
+============================+========+
| crypto_perf_cryptodev_perf |  PASS  |
+----------------------------+--------+


Ubuntu 20.04
Kernel: 5.4
Compiler: gcc gcc (Ubuntu 9.4.0-1ubuntu1~20.04.1) 9.4.0
NIC: Intel Corporation Ethernet Converged Network Adapter XL710-QDA2 40000 Mbps

Aggregate Results by Test Suite
+-----------------------------+--------+
|         Test Suite          | Result |
+=============================+========+
| unit_tests_mbuf             |  PASS  |
+-----------------------------+--------+
| vhost_virtio_user_interrupt |  PASS  |
+-----------------------------+--------+
| virtio_smoke                |  PASS  |
+-----------------------------+--------+


To view detailed results, visit:
https://lab.dpdk.org/results/dashboard/patchsets/34641/

UNH-IOL DPDK Community Lab

To manage your email subscriptions, visit: 
https://lab.dpdk.org/results/dashboard/preferences/subscriptions/

^ permalink raw reply	[flat|nested] 21+ messages in thread

* |SUCCESS| pw158913-158930 [PATCH] [v5,18/18] vfio: introduce cdev mo
       [not found] <684f963686006c46a9b568b29c56494db9449148.1763550470.git.anatoly.burakov@intel.com>
                   ` (15 preceding siblings ...)
  2025-11-19 14:15 ` dpdklab
@ 2025-11-19 14:17 ` dpdklab
  2025-11-19 14:24 ` dpdklab
                   ` (3 subsequent siblings)
  20 siblings, 0 replies; 21+ messages in thread
From: dpdklab @ 2025-11-19 14:17 UTC (permalink / raw)
  To: Test Report; +Cc: dpdk-test-reports

Test-Label: iol-sample-apps-testing
Test-Status: SUCCESS
http://dpdk.org/patch/158930

_Testing PASS_

Submitter: Anatoly Burakov <anatoly.burakov@intel.com>
Date: Wednesday, November 19 2025 11:08:16 
DPDK git baseline: Repo:dpdk
  Branch: master
  CommitID:ef98b88455bf4a7c8b7aa3106a761c9e9270d6a3

158913-158930 --> testing pass

Upstream job id: Template-DTS-Pipeline#255734

Test environment and result as below:

+--------------+----------------------+----------------------+
| Environment  | compressdev_zlib_pmd | dpdk_fips_validation |
+==============+======================+======================+
| Ubuntu 22.04 | PASS                 | SKIPPED              |
+--------------+----------------------+----------------------+
| Ubuntu 20.04 | SKIPPED              | PASS                 |
+--------------+----------------------+----------------------+


Ubuntu 22.04
	Kernel: 5.15
	Compiler: gcc gcc (Ubuntu 11.4.0-1ubuntu1~22.04.2) 11.4.0

Ubuntu 20.04
	Kernel: 5.15
	Compiler: gcc gcc (Ubuntu 9.4.0-1ubuntu1~20.04.2) 9.4.0

To view detailed results, visit:
https://lab.dpdk.org/results/dashboard/patchsets/34641/

UNH-IOL DPDK Community Lab

To manage your email subscriptions, visit: 
https://lab.dpdk.org/results/dashboard/preferences/subscriptions/

^ permalink raw reply	[flat|nested] 21+ messages in thread

* |SUCCESS| pw158913-158930 [PATCH] [v5,18/18] vfio: introduce cdev mo
       [not found] <684f963686006c46a9b568b29c56494db9449148.1763550470.git.anatoly.burakov@intel.com>
                   ` (16 preceding siblings ...)
  2025-11-19 14:17 ` dpdklab
@ 2025-11-19 14:24 ` dpdklab
  2025-11-19 14:33 ` |FAILURE| " dpdklab
                   ` (2 subsequent siblings)
  20 siblings, 0 replies; 21+ messages in thread
From: dpdklab @ 2025-11-19 14:24 UTC (permalink / raw)
  To: Test Report; +Cc: dpdk-test-reports

Test-Label: iol-unit-amd64-testing
Test-Status: SUCCESS
http://dpdk.org/patch/158930

_Testing PASS_

Submitter: Anatoly Burakov <anatoly.burakov@intel.com>
Date: Wednesday, November 19 2025 11:08:16 
DPDK git baseline: Repo:dpdk
  Branch: master
  CommitID:ef98b88455bf4a7c8b7aa3106a761c9e9270d6a3

158913-158930 --> testing pass

Upstream job id: Generic-Unit-Test-DPDK#394474

Test environment and result as below:

+-------------------------------+----------------+
|          Environment          | dpdk_unit_test |
+===============================+================+
| Debian GNU/Linux 12           | PASS           |
+-------------------------------+----------------+
| Ubuntu 20.04                  | PASS           |
+-------------------------------+----------------+
| Fedora Linux 41               | PASS           |
+-------------------------------+----------------+
| Fedora Linux 40               | PASS           |
+-------------------------------+----------------+
| CentOS Stream 10              | PASS           |
+-------------------------------+----------------+
| Red Hat Enterprise Linux 9.5  | PASS           |
+-------------------------------+----------------+
| CentOS Stream 9               | PASS           |
+-------------------------------+----------------+
| Ubuntu 24.04                  | PASS           |
+-------------------------------+----------------+
| Fedora Linux 42               | PASS           |
+-------------------------------+----------------+
| Ubuntu 22.04                  | PASS           |
+-------------------------------+----------------+
| Red Hat Enterprise Linux 8.10 | PASS           |
+-------------------------------+----------------+
| Windows Server 2022           | PASS           |
+-------------------------------+----------------+


Debian GNU/Linux 12
	Kernel: 5.15
	Compiler: gcc gcc (Debian 12.2.0-14+deb12u1) 12.2.0

Ubuntu 20.04
	Kernel: 5.15
	Compiler: gcc gcc (Ubuntu 9.4.0-1ubuntu1~20.04.2) 9.4.0

Fedora Linux 41
	Kernel: 5.15
	Compiler: gcc gcc (GCC) 14.3.1 20250523 (Red Hat 14.3.1-1)

Fedora Linux 40
	Kernel: 5.15
	Compiler: clang gcc (GCC) 14.2.1 20240912 (Red Hat 14.2.1-3)

CentOS Stream 10
	Kernel: 5.15
	Compiler: gcc gcc (GCC) 14.2.1 20250110 (Red Hat 14.2.1-8)

Red Hat Enterprise Linux 9.5
	Kernel: 5.15
	Compiler: gcc gcc (GCC) 11.5.0 20240719 (Red Hat 11.5.0-2)

CentOS Stream 9
	Kernel: 5.15
	Compiler: gcc gcc (GCC) 11.5.0 20240719 (Red Hat 11.5.0-11)

Ubuntu 24.04
	Kernel: 5.15
	Compiler: gcc gcc (Ubuntu 13.3.0-6ubuntu2~24.04) 13.3.0

Fedora Linux 42
	Kernel: 5.15
	Compiler: gcc gcc (GCC) 15.2.1 20250808 (Red Hat 15.2.1-1)

Ubuntu 22.04
	Kernel: 5.15
	Compiler: gcc gcc (Ubuntu 11.4.0-1ubuntu1~22.04) 11.4.0

Red Hat Enterprise Linux 8.10
	Kernel: 5.15
	Compiler: gcc gcc (GCC) 8.5.0 20210514 (Red Hat 8.5.0-22)

Windows Server 2022
	Kernel: 10.0.20348.2031
	Compiler: clang 15.0.7, gcc 14.1.0 (MinGW), and MSVC VS 19.39.33521

To view detailed results, visit:
https://lab.dpdk.org/results/dashboard/patchsets/34641/

UNH-IOL DPDK Community Lab

To manage your email subscriptions, visit: 
https://lab.dpdk.org/results/dashboard/preferences/subscriptions/

^ permalink raw reply	[flat|nested] 21+ messages in thread

* |FAILURE| pw158913-158930 [PATCH] [v5,18/18] vfio: introduce cdev mo
       [not found] <684f963686006c46a9b568b29c56494db9449148.1763550470.git.anatoly.burakov@intel.com>
                   ` (17 preceding siblings ...)
  2025-11-19 14:24 ` dpdklab
@ 2025-11-19 14:33 ` dpdklab
  2025-11-19 14:37 ` |SUCCESS| " dpdklab
  2025-11-19 16:02 ` |FAILURE| " dpdklab
  20 siblings, 0 replies; 21+ messages in thread
From: dpdklab @ 2025-11-19 14:33 UTC (permalink / raw)
  To: Test Report, Georgii Tkachuk, Qian Xu, Lijuan Tu, Ferruh Yigit
  Cc: dpdk-test-reports, Anatoly Burakov

Test-Label: iol-intel-Functional
Test-Status: FAILURE
http://dpdk.org/patch/158930

_Functional Testing issues_

Submitter: Anatoly Burakov <anatoly.burakov@intel.com>
Date: Wednesday, November 19 2025 11:08:16 
DPDK git baseline: Repo:dpdk
  Branch: master
  CommitID:ef98b88455bf4a7c8b7aa3106a761c9e9270d6a3

158913-158930 --> functional testing issues

Upstream job id: Template-DTS-Pipeline#255732

Test environment and result as below:

Ubuntu 24.04
Kernel: 6.8
Compiler: gcc gcc (Ubuntu 13.3.0-6ubuntu2~24.04) 13.3.0
NIC: Intel Corporation 4xxx Series QAT 0 Mbps

Aggregate Results by Test Suite
+----------------------------+--------+
|         Test Suite         | Result |
+============================+========+
| crypto_perf_cryptodev_perf |  PASS  |
+----------------------------+--------+


Ubuntu 22.04
Kernel: 5.15
Compiler: gcc gcc (Ubuntu 11.4.0-1ubuntu1~22.04.2) 11.4.0
NIC: Intel Corporation QAT 8970 0 Mbps

Aggregate Results by Test Suite
+----------------------------+--------+
|         Test Suite         | Result |
+============================+========+
| crypto_perf_cryptodev_perf |  FAIL  |
+----------------------------+--------+


Ubuntu 20.04
Kernel: 5.4
Compiler: gcc gcc (Ubuntu 9.4.0-1ubuntu1~20.04.1) 9.4.0
NIC: Intel Corporation Ethernet Converged Network Adapter XL710-QDA2 40000 Mbps

Aggregate Results by Test Suite
+-----------------------------+--------+
|         Test Suite          | Result |
+=============================+========+
| unit_tests_mbuf             |  PASS  |
+-----------------------------+--------+
| vhost_virtio_user_interrupt |  PASS  |
+-----------------------------+--------+
| virtio_smoke                |  PASS  |
+-----------------------------+--------+


To view detailed results, visit:
https://lab.dpdk.org/results/dashboard/patchsets/34641/

UNH-IOL DPDK Community Lab

To manage your email subscriptions, visit: 
https://lab.dpdk.org/results/dashboard/preferences/subscriptions/

^ permalink raw reply	[flat|nested] 21+ messages in thread

* |SUCCESS| pw158913-158930 [PATCH] [v5,18/18] vfio: introduce cdev mo
       [not found] <684f963686006c46a9b568b29c56494db9449148.1763550470.git.anatoly.burakov@intel.com>
                   ` (18 preceding siblings ...)
  2025-11-19 14:33 ` |FAILURE| " dpdklab
@ 2025-11-19 14:37 ` dpdklab
  2025-11-19 16:02 ` |FAILURE| " dpdklab
  20 siblings, 0 replies; 21+ messages in thread
From: dpdklab @ 2025-11-19 14:37 UTC (permalink / raw)
  To: Test Report; +Cc: dpdk-test-reports

Test-Label: iol-compile-amd64-testing
Test-Status: SUCCESS
http://dpdk.org/patch/158930

_Testing PASS_

Submitter: Anatoly Burakov <anatoly.burakov@intel.com>
Date: Wednesday, November 19 2025 11:08:16 
DPDK git baseline: Repo:dpdk
  Branch: master
  CommitID:ef98b88455bf4a7c8b7aa3106a761c9e9270d6a3

158913-158930 --> testing pass

Upstream job id: Windows-Compile-DPDK-Native#32525

Test environment and result as below:

+---------------------+--------------------+-------------------+-------------------------+----------------------+
|     Environment     | dpdk_meson_compile | dpdk_msvc_compile | dpdk_llvm_clang_compile | dpdk_mingw64_compile |
+=====================+====================+===================+=========================+======================+
| Ubuntu 20.04        | PASS               | SKIPPED           | SKIPPED                 | SKIPPED              |
+---------------------+--------------------+-------------------+-------------------------+----------------------+
| FreeBSD 14.2        | PASS               | SKIPPED           | SKIPPED                 | SKIPPED              |
+---------------------+--------------------+-------------------+-------------------------+----------------------+
| Windows Server 2022 | SKIPPED            | PASS              | PASS                    | PASS                 |
+---------------------+--------------------+-------------------+-------------------------+----------------------+


Ubuntu 20.04
	Kernel: 4.19
	Compiler: gcc gcc (Ubuntu 9.4.0-1ubuntu1~20.04.2) 9.4.0

FreeBSD 14.2
	Kernel: 14.2-RELEASE
	Compiler: clang 18.1.6

Windows Server 2022
	Kernel: 10.0.20348.2031
	Compiler: clang 15.0.7, gcc 14.1.0 (MinGW), and MSVC VS 19.39.33521

To view detailed results, visit:
https://lab.dpdk.org/results/dashboard/patchsets/34641/

UNH-IOL DPDK Community Lab

To manage your email subscriptions, visit: 
https://lab.dpdk.org/results/dashboard/preferences/subscriptions/

^ permalink raw reply	[flat|nested] 21+ messages in thread

* |FAILURE| pw158913-158930 [PATCH] [v5,18/18] vfio: introduce cdev mo
       [not found] <684f963686006c46a9b568b29c56494db9449148.1763550470.git.anatoly.burakov@intel.com>
                   ` (19 preceding siblings ...)
  2025-11-19 14:37 ` |SUCCESS| " dpdklab
@ 2025-11-19 16:02 ` dpdklab
  20 siblings, 0 replies; 21+ messages in thread
From: dpdklab @ 2025-11-19 16:02 UTC (permalink / raw)
  To: Test Report; +Cc: dpdk-test-reports, Anatoly Burakov

Test-Label: iol-compile-arm64-testing
Test-Status: FAILURE
http://dpdk.org/patch/158930

_Testing issues_

Submitter: Anatoly Burakov <anatoly.burakov@intel.com>
Date: Wednesday, November 19 2025 11:08:16 
DPDK git baseline: Repo:dpdk
  Branch: master
  CommitID:ef98b88455bf4a7c8b7aa3106a761c9e9270d6a3

158913-158930 --> testing issues

Upstream job id: Generic-DPDK-Compile-Meson#446093

Test environment and result as below:

+------------------------------+--------------------+
|         Environment          | dpdk_meson_compile |
+==============================+====================+
| Red Hat Enterprise Linux 9.5 | PEND               |
+------------------------------+--------------------+
| Ubuntu 20.04                 | PEND               |
+------------------------------+--------------------+
| Debian GNU/Linux 12          | PEND               |
+------------------------------+--------------------+
| Fedora Linux 42              | PEND               |
+------------------------------+--------------------+


Red Hat Enterprise Linux 9.5
	Kernel: 5.4
	Compiler: gcc gcc (GCC) 11.5.0 20240719 (Red Hat 11.5.0-2)

Ubuntu 20.04
	Kernel: 5.15
	Compiler: aarch64-linux-gnu-gcc gcc (Ubuntu 9.4.0-1ubuntu1~20.04.2) 9.4.0

Debian GNU/Linux 12
	Kernel: 5.4
	Compiler: gcc gcc (Debian 12.2.0-14+deb12u1) 12.2.0

Fedora Linux 42
	Kernel: 5.4
	Compiler: gcc gcc (GCC) 15.2.1 20250808 (Red Hat 15.2.1-1)

To view detailed results, visit:
https://lab.dpdk.org/results/dashboard/patchsets/34641/

UNH-IOL DPDK Community Lab

To manage your email subscriptions, visit: 
https://lab.dpdk.org/results/dashboard/preferences/subscriptions/

^ permalink raw reply	[flat|nested] 21+ messages in thread

end of thread, other threads:[~2025-11-19 16:02 UTC | newest]

Thread overview: 21+ messages (download: mbox.gz / follow: Atom feed)
-- links below jump to the message on this page --
     [not found] <684f963686006c46a9b568b29c56494db9449148.1763550470.git.anatoly.burakov@intel.com>
2025-11-19 10:36 ` |SUCCESS| pw158913-158930 [PATCH v5 18/18] vfio: introduce cdev mode qemudev
2025-11-19 10:40 ` qemudev
2025-11-19 11:11 ` |SUCCESS| pw158930 " checkpatch
2025-11-19 12:14 ` |FAILURE| " 0-day Robot
2025-11-19 12:52 ` |PENDING| pw158913-158930 [PATCH] [v5,18/18] vfio: introduce cdev mo dpdklab
2025-11-19 13:00 ` |SUCCESS| " dpdklab
2025-11-19 13:01 ` |FAILURE| " dpdklab
2025-11-19 13:06 ` |SUCCESS| " dpdklab
2025-11-19 13:15 ` dpdklab
2025-11-19 13:24 ` |PENDING| " dpdklab
2025-11-19 13:29 ` |SUCCESS| " dpdklab
2025-11-19 13:29 ` |FAILURE| " dpdklab
2025-11-19 13:34 ` dpdklab
2025-11-19 13:41 ` |SUCCESS| " dpdklab
2025-11-19 13:55 ` dpdklab
2025-11-19 14:15 ` dpdklab
2025-11-19 14:17 ` dpdklab
2025-11-19 14:24 ` dpdklab
2025-11-19 14:33 ` |FAILURE| " dpdklab
2025-11-19 14:37 ` |SUCCESS| " dpdklab
2025-11-19 16:02 ` |FAILURE| " dpdklab

This is a public inbox, see mirroring instructions
for how to clone and mirror all data and code used for this inbox;
as well as URLs for NNTP newsgroup(s).