From mboxrd@z Thu Jan 1 00:00:00 1970 Return-Path: Received: from mails.dpdk.org (mails.dpdk.org [217.70.189.124]) by inbox.dpdk.org (Postfix) with ESMTP id 7CC2548B4F for ; Wed, 19 Nov 2025 21:42:52 +0100 (CET) Received: from mails.dpdk.org (localhost [127.0.0.1]) by mails.dpdk.org (Postfix) with ESMTP id 7853540262; Wed, 19 Nov 2025 21:42:52 +0100 (CET) Received: from mail-pl1-f227.google.com (mail-pl1-f227.google.com [209.85.214.227]) by mails.dpdk.org (Postfix) with ESMTP id 3758E40262 for ; Wed, 19 Nov 2025 21:42:51 +0100 (CET) Received: by mail-pl1-f227.google.com with SMTP id d9443c01a7336-297ef378069so1470645ad.3 for ; Wed, 19 Nov 2025 12:42:51 -0800 (PST) DKIM-Signature: v=1; a=rsa-sha256; c=relaxed/relaxed; d=iol.unh.edu; s=unh-iol; t=1763584970; x=1764189770; darn=dpdk.org; h=references:in-reply-to:cc:to:from:subject:message-id:date:from:to :cc:subject:date:message-id:reply-to; bh=aqZI67/P5TadoR67mZR24cCjNE/ST56eYghPRCIef7w=; b=X5unYizaL0tJXPsu7tFzQz5CS9KQD4fWFn59uRb0lIjRqeX/tGYu+CcK69r+D1Tc1B 0wPYspPk10vG/obOClY/dXwm50wf5kmw1GZzJBiIBlxLu0QzaSu8dH/joBARt8f3yIVh 3+yK/U/9+5+zIZzOVAt/tnyEpp9+LDgU1zNhE= X-Google-DKIM-Signature: v=1; a=rsa-sha256; c=relaxed/relaxed; d=1e100.net; s=20230601; t=1763584970; x=1764189770; h=references:in-reply-to:cc:to:from:subject:message-id:date:x-gm-gg :x-gm-message-state:from:to:cc:subject:date:message-id:reply-to; bh=aqZI67/P5TadoR67mZR24cCjNE/ST56eYghPRCIef7w=; b=IUTeiDu4uRo0+Q8u72A0cSUqtzd1oOZ6RvCbcPkoeSZRmMNQI/BwBnNh9f+yK1gI0S QrTbSwGi3SzNihVOXe0iTRe9Jk5qh5fu25L8fyfWt7mtSDKEXX23I25o5+otThG3/cun USZ467TA6GqVXoz2MUS7Y+5WEMiQvpZ2Jn7WmOw30wAoYDPenenF9xug6++1K+sFE8p1 ytwZCaf9hSkQmSpFI+TKsGVlS3GLXYxHV2EeFzytNx1EYeOiIUnH5yP/TIWwfbQby+s3 whz63LS3iuF6cnjCKDv2XgvMWgveOztxCx0O1kbziOtJARB0zVrz2K8fUvHTTTPnC55v dacw== X-Gm-Message-State: AOJu0Yx4Kprn8wnTlVsHFTtdyfapX9JYspNM7kbwkYAvqlN3QuZlYNms fqlTy55Nrm2fH47aIkRP9t0+/RfzgNE3kkgPpNyfB0EbuJlkJPB1VMXDFe4yGOzMVNGeQjw+x5N 9TGYO47pWTinbM/I/xYMRdmAOUtiB4XO57tGNqtGXD8O6IYBwYuQf1p5RkolW X-Gm-Gg: ASbGnctsB6Dw9ejo2gNCcg7TTRHCLnXdIVGGrMNZEksTPBGPSkCrOuH6CTLZ/SboAPV HPj4pLjRGooyX5xG8jvrCv3HJS3oZZpThnpkJ4FlUf/48fIaMytTdZ+0/GhmYCwENz2rFunD8e1 pAb0SvXaTa42YZ33lIRTD/7+0hp9E3Qt+mftX9sCfY6c9iavgx9VTKo3OCxIEWZcZ15nHuRsLP9 nH1ppsOWz5KdowpAx0J56XGVR35NcMk5lfC3otwv+XGAhGbIPsXseH9wFkh5LivRU8xhbN4EQfF KQEHUWPnBMsLGKc5qQzbkjXr97clfiL1+Q0OHoDiRN2G56VnqIMA7fcZ6tYHfWBNRD+TYDSdCTU hXJFb0jOEvZRbZ050mK4= X-Google-Smtp-Source: AGHT+IHJW5zHm1JaUIQwmTX0S0g70umwWtPPMP3gYB1NN0d5+Tol5h5n44UG7n5YVfBiS7lnK7xmkkNl+rMD X-Received: by 2002:a17:902:dacb:b0:295:3ad7:948a with SMTP id d9443c01a7336-29b5b06f4ecmr9110195ad.16.1763584970287; Wed, 19 Nov 2025 12:42:50 -0800 (PST) Received: from postal.iol.unh.edu (postal.iol.unh.edu. [2606:4100:3880:1234::84]) by smtp-relay.gmail.com with ESMTPS id d9443c01a7336-29b5b12d9desm528995ad.17.2025.11.19.12.42.50 (version=TLS1_2 cipher=ECDHE-ECDSA-AES128-GCM-SHA256 bits=128/128); Wed, 19 Nov 2025 12:42:50 -0800 (PST) X-Relaying-Domain: iol.unh.edu Date: Wed, 19 Nov 2025 12:42:50 -0800 (PST) Message-ID: <691e2bca.170a0220.254bda.2f13SMTPIN_ADDED_MISSING@mx.google.com> Received: from [172.21.0.3] (unknown [172.18.0.240]) by postal.iol.unh.edu (Postfix) with ESMTP id B490B604D420; Wed, 19 Nov 2025 15:42:49 -0500 (EST) Subject: |FAILURE| pw158913-158930 [PATCH] [v5,18/18] vfio: introduce cdev mo From: dpdklab@iol.unh.edu To: Test Report Cc: dpdk-test-reports@iol.unh.edu, Anatoly Burakov In-Reply-To: <684f963686006c46a9b568b29c56494db9449148.1763550470.git.anatoly.burakov@intel.com> References: <684f963686006c46a9b568b29c56494db9449148.1763550470.git.anatoly.burakov@intel.com> Content-Type: text/plain X-BeenThere: test-report@dpdk.org X-Mailman-Version: 2.1.29 Precedence: list List-Id: automatic DPDK test reports List-Unsubscribe: , List-Archive: List-Post: List-Help: List-Subscribe: , Errors-To: test-report-bounces@dpdk.org Test-Label: iol-compile-arm64-testing Test-Status: FAILURE http://dpdk.org/patch/158930 _Testing issues_ Submitter: Anatoly Burakov Date: Wednesday, November 19 2025 11:08:16 DPDK git baseline: Repo:dpdk Branch: master CommitID:ef98b88455bf4a7c8b7aa3106a761c9e9270d6a3 158913-158930 --> testing issues Upstream job id: Generic-DPDK-Compile-Meson#446101 Test environment and result as below: +------------------------------+--------------------+ | Environment | dpdk_meson_compile | +==============================+====================+ | Red Hat Enterprise Linux 9.5 | FAIL | +------------------------------+--------------------+ | Ubuntu 20.04 | FAIL | +------------------------------+--------------------+ | Debian GNU/Linux 12 | FAIL | +------------------------------+--------------------+ | Fedora Linux 42 | FAIL | +------------------------------+--------------------+ | Ubuntu 22.04 | FAIL | +------------------------------+--------------------+ | Ubuntu 24.04 | FAIL | +------------------------------+--------------------+ | CentOS Stream 9 | FAIL | +------------------------------+--------------------+ | CentOS Stream 10 | FAIL | +------------------------------+--------------------+ ==== 20 line log output for CentOS Stream 10 (dpdk_meson_compile): ==== 131 | free(mp_reply.msgs); | ^~~~ ../lib/eal/linux/eal_vfio_cdev.c:131:25: note: include '' or provide a declaration of 'free' ../lib/eal/linux/eal_vfio_cdev.c:136:9: error: incompatible implicit declaration of built-in function 'free' [-Werror=builtin-declaration-mismatch] 136 | free(mp_reply.msgs); | ^~~~ ../lib/eal/linux/eal_vfio_cdev.c:136:9: note: include '' or provide a declaration of 'free' ../lib/eal/linux/eal_vfio_cdev.c: In function 'vfio_cdev_get_device_num': ../lib/eal/linux/eal_vfio_cdev.c:234:35: error: implicit declaration of function 'strtol'; did you mean 'strtok'? [-Wimplicit-function-declaration] 234 | dev_num = strtol(dev_tok, &end, 10); | ^~~~~~ | strtok ../lib/eal/linux/eal_vfio_cdev.c:234:35: error: nested extern declaration of 'strtol' [-Werror=nested-externs] ../lib/eal/linux/eal_vfio_cdev.c: In function 'vfio_cdev_request_dev_fd': ../lib/eal/linux/eal_vfio_cdev.c:359:9: error: incompatible implicit declaration of built-in function 'free' [-Werror=builtin-declaration-mismatch] 359 | free(mp_reply.msgs); | ^~~~ ../lib/eal/linux/eal_vfio_cdev.c:359:9: note: include '' or provide a declaration of 'free' cc1: all warnings being treated as errors ninja: build stopped: subcommand failed. ==== End log output ==== Red Hat Enterprise Linux 9.5 Kernel: 5.4 Compiler: gcc gcc (GCC) 11.5.0 20240719 (Red Hat 11.5.0-2) Ubuntu 20.04 Kernel: 5.15 Compiler: aarch64-linux-gnu-gcc gcc (Ubuntu 9.4.0-1ubuntu1~20.04.2) 9.4.0 Debian GNU/Linux 12 Kernel: 5.4 Compiler: gcc gcc (Debian 12.2.0-14+deb12u1) 12.2.0 Fedora Linux 42 Kernel: 5.4 Compiler: gcc gcc (GCC) 15.2.1 20250808 (Red Hat 15.2.1-1) Ubuntu 22.04 Kernel: 5.4 Compiler: gcc gcc (Ubuntu 11.4.0-1ubuntu1~22.04) 11.4.0 Ubuntu 24.04 Kernel: 5.4 Compiler: gcc gcc (Ubuntu 13.3.0-6ubuntu2~24.04) 13.3.0 CentOS Stream 9 Kernel: 5.4 Compiler: gcc gcc (GCC) 11.5.0 20240719 (Red Hat 11.5.0-11) CentOS Stream 10 Kernel: 5.4 Compiler: gcc gcc (GCC) 14.2.1 20250110 (Red Hat 14.2.1-8) To view detailed results, visit: https://lab.dpdk.org/results/dashboard/patchsets/34641/ UNH-IOL DPDK Community Lab To manage your email subscriptions, visit: https://lab.dpdk.org/results/dashboard/preferences/subscriptions/