From mboxrd@z Thu Jan 1 00:00:00 1970 Return-Path: Received: from mails.dpdk.org (mails.dpdk.org [217.70.189.124]) by inbox.dpdk.org (Postfix) with ESMTP id 8F57848B4F for ; Wed, 19 Nov 2025 21:43:04 +0100 (CET) Received: from mails.dpdk.org (localhost [127.0.0.1]) by mails.dpdk.org (Postfix) with ESMTP id 8BCFF40262; Wed, 19 Nov 2025 21:43:04 +0100 (CET) Received: from mail-qv1-f99.google.com (mail-qv1-f99.google.com [209.85.219.99]) by mails.dpdk.org (Postfix) with ESMTP id E87DF40262 for ; Wed, 19 Nov 2025 21:43:03 +0100 (CET) Received: by mail-qv1-f99.google.com with SMTP id 6a1803df08f44-88051279e87so1582826d6.3 for ; Wed, 19 Nov 2025 12:43:03 -0800 (PST) DKIM-Signature: v=1; a=rsa-sha256; c=relaxed/relaxed; d=iol.unh.edu; s=unh-iol; t=1763584983; x=1764189783; darn=dpdk.org; h=references:in-reply-to:cc:to:from:subject:message-id:date:from:to :cc:subject:date:message-id:reply-to; bh=b+LsNxK8xwPtWt5BYotYEODRfB7FOoHe1rJ57M8VV1g=; b=J09gVbjySIQANZCSjAQX11kW6FnVQUcTpU+6jZTyraBtjoCgAAG+g8qLi+p9HkhKEz 1BG5L3HuK/7Zl8IYjaaP160fpeqhbNl3oJ6T/E4rDN9/cS/tuxPGaDa0t5aAW02dSSBm qHsO6HajE6jTSM4EeKgbARego1qZa7q3LNY/4= X-Google-DKIM-Signature: v=1; a=rsa-sha256; c=relaxed/relaxed; d=1e100.net; s=20230601; t=1763584983; x=1764189783; h=references:in-reply-to:cc:to:from:subject:message-id:date:x-gm-gg :x-gm-message-state:from:to:cc:subject:date:message-id:reply-to; bh=b+LsNxK8xwPtWt5BYotYEODRfB7FOoHe1rJ57M8VV1g=; b=VcqoSgLz8OpZpugrHblChUxnSyKjLZG7n/9q8Fl0OzL4xLNXE+/ppaH0Qr8WX2l/zk jrYGz+tTQIW59gMgsTNhOrFZe99yaKhHNz71ZZYYRuae7g+cSxUVyXvUD+BHTRKhfopE +5JSljst+ncG62YoN2c0I3OfHDliYd9I7nCvlUiLF7yUKnanq8ikngW4Ejav2RDcEM2E +hns4ogp7t6rReHEvMXRhm6m1ZCQFtaSuSU6yrcC5QcKv/G5aa482kqMEQ/9QAz4wFSY x9WhPE2E1IWhSSxLuZcTc89ob4hRLjGLexNZXo2OwKE3fT4XBx5SAjcJiL2K1er6nnzF 6b/w== X-Gm-Message-State: AOJu0Yxf5fkIFKq8DRnPxFJwTPa5o3DEOohHoMz9HptVfGO1A+Kq+Zya 6BGFCCypN67QM2QSFB5UKJA6BljpnH4+y0aLjhY3k3235mgS3t4RTSRPrn6nADTVgoont+s2UfW Z3cjUY192lYKJG0oZu78G4MePWh2sNG8qlmsGLTJRjzEG X-Gm-Gg: ASbGncuuPwiw9qLyZX+yUA7CpOyc7Zn+zyeYYOvweTMZpDJc6VZtBmUfdv7fRaZZRoy NjAyg+I9RoYcb92b17Jmod1aPABW8QyQRuVlwA/eATY4VYMxcDbs2vpVThbjIDmR91/3hdYOf41 zZD8bzJlAORCBBwo2EMwpteES6jipyqk+V2kixWPeiMtwLHBrdX74+ZzNXuKFY+9Phh2x2I7Ryl J1Tn6nKJZEe+UUBu6ZRzpOeRUkf1XYctKRouOQt9S5wuMQDA2PfgLXzu4RGUzYYvPvIfUXXb20W YXrup59hsvRAD2HrY7a+o9xEFIbZGq1qv1yM9aJz1/LU8cpjspx2lgu0Q6nAcSyOd2NvwTTZagc U1DhL8CD8CvDnfAJm1KKi4GbR3xXUx75Yzj6g8w5PXQ== X-Google-Smtp-Source: AGHT+IECvTDtVVQXFJPGL7ZK5b0Wr4ZM3yNGhPLZfU47Lqw7h4dTLbUtMbMbOcZ7/KnYI94umM3ZaNAGFtHF X-Received: by 2002:ad4:5ae6:0:b0:880:501f:5fa with SMTP id 6a1803df08f44-8846ed7f86cmr4838286d6.11.1763584983108; Wed, 19 Nov 2025 12:43:03 -0800 (PST) Received: from postal.iol.unh.edu (postal.iol.unh.edu. [132.177.123.84]) by smtp-relay.gmail.com with ESMTPS id 6a1803df08f44-8846e5ce469sm342836d6.30.2025.11.19.12.43.03 (version=TLS1_2 cipher=ECDHE-ECDSA-AES128-GCM-SHA256 bits=128/128); Wed, 19 Nov 2025 12:43:03 -0800 (PST) X-Relaying-Domain: iol.unh.edu Date: Wed, 19 Nov 2025 12:43:03 -0800 (PST) Message-ID: <691e2bd7.050a0220.7bb8f.1a6eSMTPIN_ADDED_MISSING@mx.google.com> Received: from [172.21.0.3] (unknown [172.18.0.240]) by postal.iol.unh.edu (Postfix) with ESMTP id D5F2C604D420; Wed, 19 Nov 2025 15:43:02 -0500 (EST) Subject: |FAILURE| pw158913-158930 [PATCH] [v5,18/18] vfio: introduce cdev mo From: dpdklab@iol.unh.edu To: Test Report Cc: dpdk-test-reports@iol.unh.edu, Anatoly Burakov In-Reply-To: <684f963686006c46a9b568b29c56494db9449148.1763550470.git.anatoly.burakov@intel.com> References: <684f963686006c46a9b568b29c56494db9449148.1763550470.git.anatoly.burakov@intel.com> Content-Type: text/plain X-BeenThere: test-report@dpdk.org X-Mailman-Version: 2.1.29 Precedence: list List-Id: automatic DPDK test reports List-Unsubscribe: , List-Archive: List-Post: List-Help: List-Subscribe: , Errors-To: test-report-bounces@dpdk.org Test-Label: iol-compile-arm64-testing Test-Status: FAILURE http://dpdk.org/patch/158930 _Testing issues_ Submitter: Anatoly Burakov Date: Wednesday, November 19 2025 11:08:16 DPDK git baseline: Repo:dpdk Branch: master CommitID:ef98b88455bf4a7c8b7aa3106a761c9e9270d6a3 158913-158930 --> testing issues Upstream job id: Generic-DPDK-Compile-Meson#446102 Test environment and result as below: +------------------------------+--------------------+ | Environment | dpdk_meson_compile | +==============================+====================+ | Red Hat Enterprise Linux 9.5 | FAIL | +------------------------------+--------------------+ | Ubuntu 20.04 | FAIL | +------------------------------+--------------------+ | Debian GNU/Linux 12 | FAIL | +------------------------------+--------------------+ | Fedora Linux 42 | FAIL | +------------------------------+--------------------+ | Ubuntu 22.04 | FAIL | +------------------------------+--------------------+ | Ubuntu 24.04 | FAIL | +------------------------------+--------------------+ | CentOS Stream 9 | FAIL | +------------------------------+--------------------+ | CentOS Stream 10 | FAIL | +------------------------------+--------------------+ ==== 20 line log output for CentOS Stream 10 (dpdk_meson_compile): ==== 131 | free(mp_reply.msgs); | ^~~~ ../lib/eal/linux/eal_vfio_cdev.c:131:25: note: include '' or provide a declaration of 'free' ../lib/eal/linux/eal_vfio_cdev.c:136:9: error: incompatible implicit declaration of built-in function 'free' [-Werror=builtin-declaration-mismatch] 136 | free(mp_reply.msgs); | ^~~~ ../lib/eal/linux/eal_vfio_cdev.c:136:9: note: include '' or provide a declaration of 'free' ../lib/eal/linux/eal_vfio_cdev.c: In function 'vfio_cdev_get_device_num': ../lib/eal/linux/eal_vfio_cdev.c:234:35: error: implicit declaration of function 'strtol'; did you mean 'strtok'? [-Wimplicit-function-declaration] 234 | dev_num = strtol(dev_tok, &end, 10); | ^~~~~~ | strtok ../lib/eal/linux/eal_vfio_cdev.c:234:35: error: nested extern declaration of 'strtol' [-Werror=nested-externs] ../lib/eal/linux/eal_vfio_cdev.c: In function 'vfio_cdev_request_dev_fd': ../lib/eal/linux/eal_vfio_cdev.c:359:9: error: incompatible implicit declaration of built-in function 'free' [-Werror=builtin-declaration-mismatch] 359 | free(mp_reply.msgs); | ^~~~ ../lib/eal/linux/eal_vfio_cdev.c:359:9: note: include '' or provide a declaration of 'free' cc1: all warnings being treated as errors ninja: build stopped: subcommand failed. ==== End log output ==== Red Hat Enterprise Linux 9.5 Kernel: 5.4 Compiler: gcc gcc (GCC) 11.5.0 20240719 (Red Hat 11.5.0-2) Ubuntu 20.04 Kernel: 5.15 Compiler: aarch64-linux-gnu-gcc gcc (Ubuntu 9.4.0-1ubuntu1~20.04.2) 9.4.0 Debian GNU/Linux 12 Kernel: 5.4 Compiler: gcc gcc (Debian 12.2.0-14+deb12u1) 12.2.0 Fedora Linux 42 Kernel: 5.4 Compiler: gcc gcc (GCC) 15.2.1 20250808 (Red Hat 15.2.1-1) Ubuntu 22.04 Kernel: 5.4 Compiler: gcc gcc (Ubuntu 11.4.0-1ubuntu1~22.04) 11.4.0 Ubuntu 24.04 Kernel: 5.4 Compiler: gcc gcc (Ubuntu 13.3.0-6ubuntu2~24.04) 13.3.0 CentOS Stream 9 Kernel: 5.4 Compiler: gcc gcc (GCC) 11.5.0 20240719 (Red Hat 11.5.0-11) CentOS Stream 10 Kernel: 5.4 Compiler: gcc gcc (GCC) 14.2.1 20250110 (Red Hat 14.2.1-8) To view detailed results, visit: https://lab.dpdk.org/results/dashboard/patchsets/34641/ UNH-IOL DPDK Community Lab To manage your email subscriptions, visit: https://lab.dpdk.org/results/dashboard/preferences/subscriptions/