From mboxrd@z Thu Jan 1 00:00:00 1970 Return-Path: Received: from mails.dpdk.org (mails.dpdk.org [217.70.189.124]) by inbox.dpdk.org (Postfix) with ESMTP id 493D848B50 for ; Thu, 20 Nov 2025 00:26:12 +0100 (CET) Received: from mails.dpdk.org (localhost [127.0.0.1]) by mails.dpdk.org (Postfix) with ESMTP id 24AF040262; Thu, 20 Nov 2025 00:26:12 +0100 (CET) Received: from mail-qt1-f227.google.com (mail-qt1-f227.google.com [209.85.160.227]) by mails.dpdk.org (Postfix) with ESMTP id C2B7E40262 for ; Thu, 20 Nov 2025 00:26:10 +0100 (CET) Received: by mail-qt1-f227.google.com with SMTP id d75a77b69052e-4eda6c385c0so2144551cf.3 for ; Wed, 19 Nov 2025 15:26:10 -0800 (PST) DKIM-Signature: v=1; a=rsa-sha256; c=relaxed/relaxed; d=iol.unh.edu; s=unh-iol; t=1763594770; x=1764199570; darn=dpdk.org; h=references:in-reply-to:cc:to:from:subject:message-id:date:from:to :cc:subject:date:message-id:reply-to; bh=5VVpoY9wvPJqDLFraBvwxpDb2Mz1zcYPxfUlCDjmLzA=; b=aS8iO3ZztEx7ZdptplT8J4eQWAsANzlADqEwPzu5XUGYPMTyi2xYCMa504qN6wJJpB TEZmqH9shkNCQaZHn3umNQVOmDEzlHh/G1032CreTi3WNRVr9UDu/AUa+iCOhy8nfWxj LvwAxs1CW4KDTFYMqIQxZVL40tEIPimvTDRoQ= X-Google-DKIM-Signature: v=1; a=rsa-sha256; c=relaxed/relaxed; d=1e100.net; s=20230601; t=1763594770; x=1764199570; h=references:in-reply-to:cc:to:from:subject:message-id:date:x-gm-gg :x-gm-message-state:from:to:cc:subject:date:message-id:reply-to; bh=5VVpoY9wvPJqDLFraBvwxpDb2Mz1zcYPxfUlCDjmLzA=; b=EpAuX31pykdgFQ3ibsGgGjVQJIP4W6Lw2q0xACZINRtoDdLbsncjIVarmqoxJ2EkMo QeH4iQc1j5zi1dIk8Ape5Gs3OmVtNqYv9jPg7RLIuBqIqwbNrnT0sqrLSGoF3MBIYRCg b4p1f5OrmS2pC7GZLsIqZYPlGJGy9aUL+Kwh9uR1/WtE2MTMKJmpiMH1Qtwd4F1UMb37 l+yFLFlt+yWmJLvLj0n+YBrNV52fyl/hBaHSllMI/ygEFPCBDqso+qlFCt0WjeohWJIf 4g5KEjb/DUe6750e+6Fc3njL5C5I/9ExKN9RUXOq2cQGRnJ9GVs5Pspx37vCeWfngO4h j9sA== X-Gm-Message-State: AOJu0YyQkEH24kf4FZAcS1RiaoWs06cA7T4AhCDHLHKxvRXgYjq3+Il6 FIXxh1pm0AgBbQ4NRcburxGL0Gdoyh9C3M3zTK1n2pLSCmvWGFIPXClrVXFyHgFerd5TyMbrX3Y XCThzDX0QRNGTc/8trCe5hlDC4ez2rQU7ZXksH3PcFhVgKion5ggKhit/P0zb X-Gm-Gg: ASbGncsSQz2i5FYu7xpJkvGZJ3rwqh08Tl/GL3HeusFmrHPxVsZm1FLqy4kFTe5MOYp 6JPxwZZGUMxbxztPhRxSf0NnwYkbEWU+YKSyt6qmUxfWYfQz8vxNtAz4sKY5hF/DYjf879YBs+u m38QAhvUXj55a6ga5zJFH7tCKJEy5SL8b1PR+MZpy9BQbdz0bK/m4kmqRtIVmHik/SpPTcthGKS Wnda/B0TV1w6b+WxljcOmiH+mctPrS6sk4foQpVRADHurEZWYIxmVQjjHY5Mm0W4Tpu7biB05Vq JDOXuPTcjJ3unwoWVnGtNdmkCW74VH/zzeMoNVDyjM1SRoBHgZ6OINDmta8s4og3A7knp5Jw1wC hbq62fHn8G3c0HlLqfBo= X-Google-Smtp-Source: AGHT+IEzRringiKUP+V1/EtZ0fTRNRJkFBFaACnqbz6lbpbBIvQGdA8KkPId4/z2OQpeP0jyufuT68CJktLx X-Received: by 2002:a05:622a:418d:b0:4ee:49b8:fb81 with SMTP id d75a77b69052e-4ee49b8fbe6mr12662441cf.61.1763594769945; Wed, 19 Nov 2025 15:26:09 -0800 (PST) Received: from postal.iol.unh.edu (postal.iol.unh.edu. [2606:4100:3880:1234::84]) by smtp-relay.gmail.com with ESMTPS id 6a1803df08f44-8846e59a476sm713056d6.23.2025.11.19.15.26.09 (version=TLS1_2 cipher=ECDHE-ECDSA-AES128-GCM-SHA256 bits=128/128); Wed, 19 Nov 2025 15:26:09 -0800 (PST) X-Relaying-Domain: iol.unh.edu Date: Wed, 19 Nov 2025 15:26:09 -0800 (PST) Message-ID: <691e5211.050a0220.1d97ea.3b13SMTPIN_ADDED_MISSING@mx.google.com> Received: from [172.21.0.3] (unknown [172.18.0.240]) by postal.iol.unh.edu (Postfix) with ESMTP id 9DF846051830; Wed, 19 Nov 2025 18:26:09 -0500 (EST) Subject: |FAILURE| pw158913-158930 [PATCH] [v5,18/18] vfio: introduce cdev mo From: dpdklab@iol.unh.edu To: Test Report Cc: dpdk-test-reports@iol.unh.edu, Anatoly Burakov In-Reply-To: <684f963686006c46a9b568b29c56494db9449148.1763550470.git.anatoly.burakov@intel.com> References: <684f963686006c46a9b568b29c56494db9449148.1763550470.git.anatoly.burakov@intel.com> Content-Type: text/plain X-BeenThere: test-report@dpdk.org X-Mailman-Version: 2.1.29 Precedence: list List-Id: automatic DPDK test reports List-Unsubscribe: , List-Archive: List-Post: List-Help: List-Subscribe: , Errors-To: test-report-bounces@dpdk.org Test-Label: iol-unit-arm64-testing Test-Status: FAILURE http://dpdk.org/patch/158930 _Testing issues_ Submitter: Anatoly Burakov Date: Wednesday, November 19 2025 11:08:16 DPDK git baseline: Repo:dpdk Branch: master CommitID:ef98b88455bf4a7c8b7aa3106a761c9e9270d6a3 158913-158930 --> testing issues Upstream job id: Generic-Unit-Test-DPDK#394457 Test environment and result as below: +------------------------------+--------------+------------------------------+---------------------------+----------------+ | Environment | lpm_autotest | cryptodev_sw_snow3g_autotest | cryptodev_sw_zuc_autotest | dpdk_unit_test | +==============================+==============+==============================+===========================+================+ | Ubuntu 20.04 | WARN | SKIPPED | SKIPPED | PEND | +------------------------------+--------------+------------------------------+---------------------------+----------------+ | Debian 12 (arm) | SKIPPED | WARN | PEND | SKIPPED | +------------------------------+--------------+------------------------------+---------------------------+----------------+ | Fedora Linux 40 | SKIPPED | SKIPPED | SKIPPED | PEND | +------------------------------+--------------+------------------------------+---------------------------+----------------+ | CentOS Stream 10 | SKIPPED | SKIPPED | SKIPPED | PEND | +------------------------------+--------------+------------------------------+---------------------------+----------------+ | Debian GNU/Linux 12 | SKIPPED | SKIPPED | SKIPPED | PEND | +------------------------------+--------------+------------------------------+---------------------------+----------------+ | CentOS Stream 9 | SKIPPED | SKIPPED | SKIPPED | PEND | +------------------------------+--------------+------------------------------+---------------------------+----------------+ | Fedora Linux 42 | SKIPPED | SKIPPED | SKIPPED | PEND | +------------------------------+--------------+------------------------------+---------------------------+----------------+ | Ubuntu 24.04 | SKIPPED | SKIPPED | SKIPPED | PEND | +------------------------------+--------------+------------------------------+---------------------------+----------------+ | Fedora Linux 41 | SKIPPED | SKIPPED | SKIPPED | PEND | +------------------------------+--------------+------------------------------+---------------------------+----------------+ | Red Hat Enterprise Linux 9.5 | SKIPPED | SKIPPED | SKIPPED | PEND | +------------------------------+--------------+------------------------------+---------------------------+----------------+ | Ubuntu 22.04 | SKIPPED | SKIPPED | SKIPPED | PASS | +------------------------------+--------------+------------------------------+---------------------------+----------------+ ==== 20 line log output for Debian 12 (arm) (cryptodev_sw_snow3g_autotest): ==== ../lib/eal/linux/eal_vfio_cdev.c:136:9: error: incompatible implicit declaration of built-in function 'free' [-Werror=builtin-declaration-mismatch] 136 | free(mp_reply.msgs); | ^~~~ ../lib/eal/linux/eal_vfio_cdev.c:136:9: note: include '' or provide a declaration of 'free' ../lib/eal/linux/eal_vfio_cdev.c: In function 'vfio_cdev_get_device_num': ../lib/eal/linux/eal_vfio_cdev.c:234:35: error: implicit declaration of function 'strtol'; did you mean 'strtok'? [-Werror=implicit-function-declaration] 234 | dev_num = strtol(dev_tok, &end, 10); | ^~~~~~ | strtok ../lib/eal/linux/eal_vfio_cdev.c:234:35: error: nested extern declaration of 'strtol' [-Werror=nested-externs] ../lib/eal/linux/eal_vfio_cdev.c: In function 'vfio_cdev_request_dev_fd': ../lib/eal/linux/eal_vfio_cdev.c:359:9: error: incompatible implicit declaration of built-in function 'free' [-Werror=builtin-declaration-mismatch] 359 | free(mp_reply.msgs); | ^~~~ ../lib/eal/linux/eal_vfio_cdev.c:359:9: note: include '' or provide a declaration of 'free' cc1: all warnings being treated as errors [99/3831] Compiling C object lib/librte_eal.a.p/eal_linux_eal_interrupts.c.o [100/3831] Compiling C object lib/librte_eal.a.p/eal_linux_eal_vfio_group.c.o [101/3831] Compiling C object lib/librte_eal.a.p/eal_linux_eal_vfio.c.o ninja: build stopped: subcommand failed. ==== End log output ==== Ubuntu 20.04 Kernel: 5.4 Compiler: gcc gcc (Ubuntu 9.4.0-1ubuntu1~20.04.2) 9.4.0 Debian 12 (arm) Kernel: Depends on container host Compiler: gcc (Debian 12.2.0-14) 12.2.0 Fedora Linux 40 Kernel: 5.4 Compiler: gcc gcc (GCC) 14.2.1 20240912 (Red Hat 14.2.1-3) CentOS Stream 10 Kernel: 5.4 Compiler: gcc gcc (GCC) 14.2.1 20250110 (Red Hat 14.2.1-8) Debian GNU/Linux 12 Kernel: 5.4 Compiler: gcc gcc (Debian 12.2.0-14+deb12u1) 12.2.0 CentOS Stream 9 Kernel: 5.4 Compiler: gcc gcc (GCC) 11.5.0 20240719 (Red Hat 11.5.0-11) Fedora Linux 42 Kernel: 5.4 Compiler: gcc gcc (GCC) 15.2.1 20250808 (Red Hat 15.2.1-1) Ubuntu 24.04 Kernel: 5.4 Compiler: gcc gcc (Ubuntu 13.3.0-6ubuntu2~24.04) 13.3.0 Fedora Linux 41 Kernel: 5.4 Compiler: clang gcc (GCC) 14.3.1 20250523 (Red Hat 14.3.1-1) Red Hat Enterprise Linux 9.5 Kernel: 5.4 Compiler: gcc gcc (GCC) 11.5.0 20240719 (Red Hat 11.5.0-2) Ubuntu 22.04 Kernel: 5.4 Compiler: gcc gcc (Ubuntu 11.4.0-1ubuntu1~22.04) 11.4.0 To view detailed results, visit: https://lab.dpdk.org/results/dashboard/patchsets/34641/ UNH-IOL DPDK Community Lab To manage your email subscriptions, visit: https://lab.dpdk.org/results/dashboard/preferences/subscriptions/