From mboxrd@z Thu Jan 1 00:00:00 1970 Return-Path: Received: from mails.dpdk.org (mails.dpdk.org [217.70.189.124]) by inbox.dpdk.org (Postfix) with ESMTP id 755A148B50 for ; Thu, 20 Nov 2025 00:28:03 +0100 (CET) Received: from mails.dpdk.org (localhost [127.0.0.1]) by mails.dpdk.org (Postfix) with ESMTP id 568DB40262; Thu, 20 Nov 2025 00:28:03 +0100 (CET) Received: from mail-pj1-f100.google.com (mail-pj1-f100.google.com [209.85.216.100]) by mails.dpdk.org (Postfix) with ESMTP id 0A90D40262 for ; Thu, 20 Nov 2025 00:28:02 +0100 (CET) Received: by mail-pj1-f100.google.com with SMTP id 98e67ed59e1d1-34374febdefso240285a91.0 for ; Wed, 19 Nov 2025 15:28:01 -0800 (PST) DKIM-Signature: v=1; a=rsa-sha256; c=relaxed/relaxed; d=iol.unh.edu; s=unh-iol; t=1763594881; x=1764199681; darn=dpdk.org; h=references:in-reply-to:cc:to:from:subject:message-id:date:from:to :cc:subject:date:message-id:reply-to; bh=9Lf+/iEJNwgRaGpLkNRfOmiWDlQKtBnqZCJ9WaHtqMM=; b=Jqjt/+ZXom0kpt/E4rGSf+sE/MmtVGgHq6B92Foaambu6GQtTyvSDyJRhDSqicP7jV /zLA2tlIBjhWGY9jTHJG+cojmdE9BJgc771Iu5l4Wfu7IsauGrKCDhWo4z3UptPnE4pn Y2S3/Fk75GMlAoa3rTcL7IR6gttXX1TXdk5ck= X-Google-DKIM-Signature: v=1; a=rsa-sha256; c=relaxed/relaxed; d=1e100.net; s=20230601; t=1763594881; x=1764199681; h=references:in-reply-to:cc:to:from:subject:message-id:date:x-gm-gg :x-gm-message-state:from:to:cc:subject:date:message-id:reply-to; bh=9Lf+/iEJNwgRaGpLkNRfOmiWDlQKtBnqZCJ9WaHtqMM=; b=GIoDbxKR6HaV/suPLTNvr9bovrQDHPLa3nZDIfa6Y6luV5uC8ooNFXqQbAfm3EehoW LFImmqFOIWt2pukl5UNwy/3RntXL5dYIj8bEGTjCNndcNqFhGduOa/x3bc+vSX/l3kM0 cL9LNKaBztSchas7xT1DQvdzSI1axZXt/dA5zTtJHVE6zJXaH3ULEST9yeoSbOdOGTBv B1139WPI5XMaLVExAb0CxLveFZQSw/CczkbXfBEitEv6HpMdWfEOfKGBcHqudrX4OLHP zMtDTon9FXGCdA5b2OAkFg4GY7kYT7InTUneiHD8MgaBUalbl7Q7ADGQFJe7ikG9Q6sn sunw== X-Gm-Message-State: AOJu0YyEzxC6PKMn1t7t+6rvuIOTFxtMPM5KnfWNe11YPZ/W0qSh6kk0 kp87W9xFenof9sgL9gnN6zxKdofLw+LD8VvDuPGLOQKcToBDgtxIbF8NTPRjjuGFaz0IpcoBzJ4 bwfQdAvc7sRUL28sxRyZ61mw7NWsnVyc649ps1J2pSKWQdTEmwnxHVEhMEeTH X-Gm-Gg: ASbGncv7d+5hT+2hgNuulFM7n7L3T6u6GacxwHhnydKtrCrFbYF47PlCYu0GvIWNLC+ FpNRtnnPg7Qe1s1KxwcM9joR9ghQUw+9/prU92marMU86KmW7XIfkeOt4Yp16KZLDUKf1UbLEU6 mGFqzgBDt4TKopm5TOJ/GaEVi/+BZu87Uyg8uQJETzZz7i7E1dxWPS1dENw4L7kQ/TwE2Ay8NbQ 3r71/OOTpwGLnHCK2r70Sv64SHDl9Bxs+ycq0G7WrzwUJnVeM2WOAsWMPLNNCWwKMDlR2HBi8A3 VGjqfCqVU9+mncFNPU8feVh8iInHlgKe/XSWz7FjM+6L6HwvH5v1iTmKk8RynFKkOx46Rg2kDQc SBpWxVtgdd8I0SSUqjQs= X-Google-Smtp-Source: AGHT+IFLLxFDtRg1egwsDYARj1CnFAGxETm+MKfiBG+Aqc7T4XOXCktL1rqFcdq9MJMRAwqoVExDwY9jq7qH X-Received: by 2002:a17:90b:1843:b0:338:3d07:5174 with SMTP id 98e67ed59e1d1-34727bd947fmr855206a91.5.1763594881102; Wed, 19 Nov 2025 15:28:01 -0800 (PST) Received: from postal.iol.unh.edu (postal.iol.unh.edu. [2606:4100:3880:1234::84]) by smtp-relay.gmail.com with ESMTPS id 98e67ed59e1d1-3472691a010sm82326a91.4.2025.11.19.15.28.00 (version=TLS1_2 cipher=ECDHE-ECDSA-AES128-GCM-SHA256 bits=128/128); Wed, 19 Nov 2025 15:28:01 -0800 (PST) X-Relaying-Domain: iol.unh.edu Date: Wed, 19 Nov 2025 15:28:01 -0800 (PST) Message-ID: <691e5281.170a0220.33f35b.45eaSMTPIN_ADDED_MISSING@mx.google.com> Received: from [172.21.0.2] (unknown [172.18.0.240]) by postal.iol.unh.edu (Postfix) with ESMTP id 4360960003EA; Wed, 19 Nov 2025 18:28:00 -0500 (EST) Subject: |FAILURE| pw158913-158930 [PATCH] [v5,18/18] vfio: introduce cdev mo From: dpdklab@iol.unh.edu To: Test Report Cc: dpdk-test-reports@iol.unh.edu, Anatoly Burakov In-Reply-To: <684f963686006c46a9b568b29c56494db9449148.1763550470.git.anatoly.burakov@intel.com> References: <684f963686006c46a9b568b29c56494db9449148.1763550470.git.anatoly.burakov@intel.com> Content-Type: text/plain X-BeenThere: test-report@dpdk.org X-Mailman-Version: 2.1.29 Precedence: list List-Id: automatic DPDK test reports List-Unsubscribe: , List-Archive: List-Post: List-Help: List-Subscribe: , Errors-To: test-report-bounces@dpdk.org Test-Label: iol-unit-arm64-testing Test-Status: FAILURE http://dpdk.org/patch/158930 _Testing issues_ Submitter: Anatoly Burakov Date: Wednesday, November 19 2025 11:08:16 DPDK git baseline: Repo:dpdk Branch: master CommitID:ef98b88455bf4a7c8b7aa3106a761c9e9270d6a3 158913-158930 --> testing issues Upstream job id: Generic-Unit-Test-DPDK#394456 Test environment and result as below: +------------------------------+--------------+------------------------------+---------------------------+----------------+ | Environment | lpm_autotest | cryptodev_sw_snow3g_autotest | cryptodev_sw_zuc_autotest | dpdk_unit_test | +==============================+==============+==============================+===========================+================+ | Ubuntu 20.04 | WARN | SKIPPED | SKIPPED | PEND | +------------------------------+--------------+------------------------------+---------------------------+----------------+ | Debian 12 (arm) | SKIPPED | WARN | WARN | SKIPPED | +------------------------------+--------------+------------------------------+---------------------------+----------------+ | Fedora Linux 40 | SKIPPED | SKIPPED | SKIPPED | PEND | +------------------------------+--------------+------------------------------+---------------------------+----------------+ | CentOS Stream 10 | SKIPPED | SKIPPED | SKIPPED | PEND | +------------------------------+--------------+------------------------------+---------------------------+----------------+ | Debian GNU/Linux 12 | SKIPPED | SKIPPED | SKIPPED | PEND | +------------------------------+--------------+------------------------------+---------------------------+----------------+ | CentOS Stream 9 | SKIPPED | SKIPPED | SKIPPED | PEND | +------------------------------+--------------+------------------------------+---------------------------+----------------+ | Fedora Linux 42 | SKIPPED | SKIPPED | SKIPPED | PEND | +------------------------------+--------------+------------------------------+---------------------------+----------------+ | Ubuntu 24.04 | SKIPPED | SKIPPED | SKIPPED | PEND | +------------------------------+--------------+------------------------------+---------------------------+----------------+ | Fedora Linux 41 | SKIPPED | SKIPPED | SKIPPED | PEND | +------------------------------+--------------+------------------------------+---------------------------+----------------+ | Red Hat Enterprise Linux 9.5 | SKIPPED | SKIPPED | SKIPPED | PEND | +------------------------------+--------------+------------------------------+---------------------------+----------------+ | Ubuntu 22.04 | SKIPPED | SKIPPED | SKIPPED | PASS | +------------------------------+--------------+------------------------------+---------------------------+----------------+ ==== 20 line log output for Debian 12 (arm) (cryptodev_sw_zuc_autotest): ==== ../lib/eal/linux/eal_vfio_cdev.c:136:9: error: incompatible implicit declaration of built-in function 'free' [-Werror=builtin-declaration-mismatch] 136 | free(mp_reply.msgs); | ^~~~ ../lib/eal/linux/eal_vfio_cdev.c:136:9: note: include '' or provide a declaration of 'free' ../lib/eal/linux/eal_vfio_cdev.c: In function 'vfio_cdev_get_device_num': ../lib/eal/linux/eal_vfio_cdev.c:234:35: error: implicit declaration of function 'strtol'; did you mean 'strtok'? [-Werror=implicit-function-declaration] 234 | dev_num = strtol(dev_tok, &end, 10); | ^~~~~~ | strtok ../lib/eal/linux/eal_vfio_cdev.c:234:35: error: nested extern declaration of 'strtol' [-Werror=nested-externs] ../lib/eal/linux/eal_vfio_cdev.c: In function 'vfio_cdev_request_dev_fd': ../lib/eal/linux/eal_vfio_cdev.c:359:9: error: incompatible implicit declaration of built-in function 'free' [-Werror=builtin-declaration-mismatch] 359 | free(mp_reply.msgs); | ^~~~ ../lib/eal/linux/eal_vfio_cdev.c:359:9: note: include '' or provide a declaration of 'free' cc1: all warnings being treated as errors [109/3831] Compiling C object lib/librte_ring.a.p/ring_rte_ring.c.o [110/3831] Compiling C object lib/librte_ring.a.p/ring_rte_soring.c.o [111/3831] Compiling C object lib/librte_ring.a.p/ring_soring.c.o ninja: build stopped: subcommand failed. ==== End log output ==== Ubuntu 20.04 Kernel: 5.4 Compiler: gcc gcc (Ubuntu 9.4.0-1ubuntu1~20.04.2) 9.4.0 Debian 12 (arm) Kernel: Depends on container host Compiler: gcc (Debian 12.2.0-14) 12.2.0 Fedora Linux 40 Kernel: 5.4 Compiler: gcc gcc (GCC) 14.2.1 20240912 (Red Hat 14.2.1-3) CentOS Stream 10 Kernel: 5.4 Compiler: gcc gcc (GCC) 14.2.1 20250110 (Red Hat 14.2.1-8) Debian GNU/Linux 12 Kernel: 5.4 Compiler: gcc gcc (Debian 12.2.0-14+deb12u1) 12.2.0 CentOS Stream 9 Kernel: 5.4 Compiler: gcc gcc (GCC) 11.5.0 20240719 (Red Hat 11.5.0-11) Fedora Linux 42 Kernel: 5.4 Compiler: gcc gcc (GCC) 15.2.1 20250808 (Red Hat 15.2.1-1) Ubuntu 24.04 Kernel: 5.4 Compiler: gcc gcc (Ubuntu 13.3.0-6ubuntu2~24.04) 13.3.0 Fedora Linux 41 Kernel: 5.4 Compiler: clang gcc (GCC) 14.3.1 20250523 (Red Hat 14.3.1-1) Red Hat Enterprise Linux 9.5 Kernel: 5.4 Compiler: gcc gcc (GCC) 11.5.0 20240719 (Red Hat 11.5.0-2) Ubuntu 22.04 Kernel: 5.4 Compiler: gcc gcc (Ubuntu 11.4.0-1ubuntu1~22.04) 11.4.0 To view detailed results, visit: https://lab.dpdk.org/results/dashboard/patchsets/34641/ UNH-IOL DPDK Community Lab To manage your email subscriptions, visit: https://lab.dpdk.org/results/dashboard/preferences/subscriptions/