From mboxrd@z Thu Jan 1 00:00:00 1970 Return-Path: Received: from mails.dpdk.org (mails.dpdk.org [217.70.189.124]) by inbox.dpdk.org (Postfix) with ESMTP id 8D11148B50 for ; Thu, 20 Nov 2025 00:29:28 +0100 (CET) Received: from mails.dpdk.org (localhost [127.0.0.1]) by mails.dpdk.org (Postfix) with ESMTP id 85EF440262; Thu, 20 Nov 2025 00:29:28 +0100 (CET) Received: from mail-ot1-f99.google.com (mail-ot1-f99.google.com [209.85.210.99]) by mails.dpdk.org (Postfix) with ESMTP id 3369A40262 for ; Thu, 20 Nov 2025 00:29:27 +0100 (CET) Received: by mail-ot1-f99.google.com with SMTP id 46e09a7af769-7c75a5cb752so195157a34.2 for ; Wed, 19 Nov 2025 15:29:27 -0800 (PST) DKIM-Signature: v=1; a=rsa-sha256; c=relaxed/relaxed; d=iol.unh.edu; s=unh-iol; t=1763594966; x=1764199766; darn=dpdk.org; h=references:in-reply-to:cc:to:from:subject:message-id:date:from:to :cc:subject:date:message-id:reply-to; bh=0yH+3bBIr7NVmaJxFxIlDVYH5Imxc4g3AIvg02IMO+8=; b=hJImClBcYUQ4p3fUNal9Oxn4O6fqm2VgplxizQZf01sL0iAo/iDeZbV3wCLUfoSzi1 LPbEto7I8KRlpeAQFPP+rmy27Ay0yZdmjnrCIaQEuI8HGK0QrETeM19iLAiOsEHVKW60 qhY9LdQcUNO7+XHbq462BBnEtqsJhyLPBwYVM= X-Google-DKIM-Signature: v=1; a=rsa-sha256; c=relaxed/relaxed; d=1e100.net; s=20230601; t=1763594966; x=1764199766; h=references:in-reply-to:cc:to:from:subject:message-id:date:x-gm-gg :x-gm-message-state:from:to:cc:subject:date:message-id:reply-to; bh=0yH+3bBIr7NVmaJxFxIlDVYH5Imxc4g3AIvg02IMO+8=; b=IBC0jJ64H94NsxPWYTf5bPFVuqkDojIvZ9I3B/fjo0FW1U/mal5V8Ocqhsg7CW4V/G DRMFTFaKmO5p66s9EX/yez2T1GDGpjju9iXxGx8SKtFiThATAYzd1Md/D3+/bW0a0QMl U4ISopBvvFFKWNU10mkuOkLVWdEb/sNCcbiK8/9QSXMmjlEo+JK9QZbiJ7LfDk2qj3HZ cSZmZ57Tewrvme8fyAHXRNLlAgPJyTpTZvMPNqs5zK9tZKTJUMCTB0rGopDpJZkOEZVz 0+dK0gSNq8TDcYw18CzrYebrUIsEX7uXR+cQ62HB1Cq4dkLX5i/oLpSSX3ZB9bljBI0H NQAg== X-Gm-Message-State: AOJu0YwimbtUWaumQSGYuTKuvz0wHxtFzuKIv/EuIsVmnzLlBy72FwO+ u4ItKV9/9qXAW/skoEMWVPXcfDabXMRXGd33QHeOeIeBhH6w8apYV/U360tF2zNAMeIEeSJwwKF xH9qOSV82z5LfWK7sFv011Sgk3nG6W1ypoB8bsbs5f7AF X-Gm-Gg: ASbGnctXuZqFoiVAyzx5BYHlNG0qZnE3hhfZUZt0cNKZIAfWBoQLKnWSbNaXZpgMM9j PrM4ce4Nqkv/a8+qX8qtla5z3gLTid159SZOfyW7cWrX0Snc7ZlBma6waSVeX10W3jQ2KqsZW3/ hBsea8tK9BCiOSxuYiueseg2S+YUbf99X7xSLGzY9ju1tt90VQn41uMWnsbwAg9vH2Xgse8S982 32ct4u0svK4jPbtMoO1RcoCkJsGBb/Gzlo6T0jYigLvuW0GktNKA7fccT/b87Sz15P0+nuEutKn pvBPxSEgk3fpfbW6bWhD8rNgqNAYJFERyJJqFyY2jH4MKj7f4cH32KnwsgyNWfQSXvQMLkefYVk HmeaxEYr1yLEYxI4CN5SVTsvcbKgEQk+KowalA1f6vA== X-Google-Smtp-Source: AGHT+IGSua5avPexjt5w2+hj7dq3E1eYP+9LuTc7jw1Ei73wIVOnMjJ/8yR+zcjrzkPGU6BETju0ig5TooIa X-Received: by 2002:a05:6830:304e:b0:7c7:2e9d:aee1 with SMTP id 46e09a7af769-7c78f40bc1bmr49064a34.19.1763594966237; Wed, 19 Nov 2025 15:29:26 -0800 (PST) Received: from postal.iol.unh.edu (postal.iol.unh.edu. [132.177.123.84]) by smtp-relay.gmail.com with ESMTPS id 46e09a7af769-7c78d2f8fc5sm85768a34.2.2025.11.19.15.29.26 (version=TLS1_2 cipher=ECDHE-ECDSA-AES128-GCM-SHA256 bits=128/128); Wed, 19 Nov 2025 15:29:26 -0800 (PST) X-Relaying-Domain: iol.unh.edu Date: Wed, 19 Nov 2025 15:29:26 -0800 (PST) Message-ID: <691e52d6.050a0220.297e0a.4821SMTPIN_ADDED_MISSING@mx.google.com> Received: from [172.21.0.2] (unknown [172.18.0.240]) by postal.iol.unh.edu (Postfix) with ESMTP id D38926051830; Wed, 19 Nov 2025 18:29:25 -0500 (EST) Subject: |FAILURE| pw158913-158930 [PATCH] [v5,18/18] vfio: introduce cdev mo From: dpdklab@iol.unh.edu To: Test Report Cc: dpdk-test-reports@iol.unh.edu, Anatoly Burakov In-Reply-To: <684f963686006c46a9b568b29c56494db9449148.1763550470.git.anatoly.burakov@intel.com> References: <684f963686006c46a9b568b29c56494db9449148.1763550470.git.anatoly.burakov@intel.com> Content-Type: text/plain X-BeenThere: test-report@dpdk.org X-Mailman-Version: 2.1.29 Precedence: list List-Id: automatic DPDK test reports List-Unsubscribe: , List-Archive: List-Post: List-Help: List-Subscribe: , Errors-To: test-report-bounces@dpdk.org Test-Label: iol-unit-arm64-testing Test-Status: FAILURE http://dpdk.org/patch/158930 _Testing issues_ Submitter: Anatoly Burakov Date: Wednesday, November 19 2025 11:08:16 DPDK git baseline: Repo:dpdk Branch: master CommitID:ef98b88455bf4a7c8b7aa3106a761c9e9270d6a3 158913-158930 --> testing issues Upstream job id: Generic-Unit-Test-DPDK#394465 Test environment and result as below: +------------------------------+--------------+------------------------------+---------------------------+----------------+ | Environment | lpm_autotest | cryptodev_sw_snow3g_autotest | cryptodev_sw_zuc_autotest | dpdk_unit_test | +==============================+==============+==============================+===========================+================+ | Ubuntu 20.04 | WARN | SKIPPED | SKIPPED | PEND | +------------------------------+--------------+------------------------------+---------------------------+----------------+ | Debian 12 (arm) | SKIPPED | WARN | WARN | SKIPPED | +------------------------------+--------------+------------------------------+---------------------------+----------------+ | Fedora Linux 40 | SKIPPED | SKIPPED | SKIPPED | PEND | +------------------------------+--------------+------------------------------+---------------------------+----------------+ | CentOS Stream 10 | SKIPPED | SKIPPED | SKIPPED | PEND | +------------------------------+--------------+------------------------------+---------------------------+----------------+ | Debian GNU/Linux 12 | SKIPPED | SKIPPED | SKIPPED | PEND | +------------------------------+--------------+------------------------------+---------------------------+----------------+ | CentOS Stream 9 | SKIPPED | SKIPPED | SKIPPED | PEND | +------------------------------+--------------+------------------------------+---------------------------+----------------+ | Fedora Linux 42 | SKIPPED | SKIPPED | SKIPPED | PEND | +------------------------------+--------------+------------------------------+---------------------------+----------------+ | Ubuntu 24.04 | SKIPPED | SKIPPED | SKIPPED | PEND | +------------------------------+--------------+------------------------------+---------------------------+----------------+ | Fedora Linux 41 | SKIPPED | SKIPPED | SKIPPED | PEND | +------------------------------+--------------+------------------------------+---------------------------+----------------+ | Red Hat Enterprise Linux 9.5 | SKIPPED | SKIPPED | SKIPPED | PEND | +------------------------------+--------------+------------------------------+---------------------------+----------------+ | Ubuntu 22.04 | SKIPPED | SKIPPED | SKIPPED | PASS | +------------------------------+--------------+------------------------------+---------------------------+----------------+ ==== 20 line log output for Debian 12 (arm) (cryptodev_sw_zuc_autotest): ==== ../lib/eal/linux/eal_vfio_cdev.c:136:9: error: incompatible implicit declaration of built-in function 'free' [-Werror=builtin-declaration-mismatch] 136 | free(mp_reply.msgs); | ^~~~ ../lib/eal/linux/eal_vfio_cdev.c:136:9: note: include '' or provide a declaration of 'free' ../lib/eal/linux/eal_vfio_cdev.c: In function 'vfio_cdev_get_device_num': ../lib/eal/linux/eal_vfio_cdev.c:234:35: error: implicit declaration of function 'strtol'; did you mean 'strtok'? [-Werror=implicit-function-declaration] 234 | dev_num = strtol(dev_tok, &end, 10); | ^~~~~~ | strtok ../lib/eal/linux/eal_vfio_cdev.c:234:35: error: nested extern declaration of 'strtol' [-Werror=nested-externs] ../lib/eal/linux/eal_vfio_cdev.c: In function 'vfio_cdev_request_dev_fd': ../lib/eal/linux/eal_vfio_cdev.c:359:9: error: incompatible implicit declaration of built-in function 'free' [-Werror=builtin-declaration-mismatch] 359 | free(mp_reply.msgs); | ^~~~ ../lib/eal/linux/eal_vfio_cdev.c:359:9: note: include '' or provide a declaration of 'free' cc1: all warnings being treated as errors [109/3831] Compiling C object lib/librte_ring.a.p/ring_rte_ring.c.o [110/3831] Compiling C object lib/librte_ring.a.p/ring_rte_soring.c.o [111/3831] Compiling C object lib/librte_ring.a.p/ring_soring.c.o ninja: build stopped: subcommand failed. ==== End log output ==== Ubuntu 20.04 Kernel: 5.4 Compiler: gcc gcc (Ubuntu 9.4.0-1ubuntu1~20.04.2) 9.4.0 Debian 12 (arm) Kernel: Depends on container host Compiler: gcc (Debian 12.2.0-14) 12.2.0 Fedora Linux 40 Kernel: 5.4 Compiler: gcc gcc (GCC) 14.2.1 20240912 (Red Hat 14.2.1-3) CentOS Stream 10 Kernel: 5.4 Compiler: gcc gcc (GCC) 14.2.1 20250110 (Red Hat 14.2.1-8) Debian GNU/Linux 12 Kernel: 5.4 Compiler: gcc gcc (Debian 12.2.0-14+deb12u1) 12.2.0 CentOS Stream 9 Kernel: 5.4 Compiler: gcc gcc (GCC) 11.5.0 20240719 (Red Hat 11.5.0-11) Fedora Linux 42 Kernel: 5.4 Compiler: gcc gcc (GCC) 15.2.1 20250808 (Red Hat 15.2.1-1) Ubuntu 24.04 Kernel: 5.4 Compiler: gcc gcc (Ubuntu 13.3.0-6ubuntu2~24.04) 13.3.0 Fedora Linux 41 Kernel: 5.4 Compiler: clang gcc (GCC) 14.3.1 20250523 (Red Hat 14.3.1-1) Red Hat Enterprise Linux 9.5 Kernel: 5.4 Compiler: gcc gcc (GCC) 11.5.0 20240719 (Red Hat 11.5.0-2) Ubuntu 22.04 Kernel: 5.4 Compiler: gcc gcc (Ubuntu 11.4.0-1ubuntu1~22.04) 11.4.0 To view detailed results, visit: https://lab.dpdk.org/results/dashboard/patchsets/34641/ UNH-IOL DPDK Community Lab To manage your email subscriptions, visit: https://lab.dpdk.org/results/dashboard/preferences/subscriptions/