From mboxrd@z Thu Jan 1 00:00:00 1970 Return-Path: Received: from mails.dpdk.org (mails.dpdk.org [217.70.189.124]) by inbox.dpdk.org (Postfix) with ESMTP id EC33848B50 for ; Thu, 20 Nov 2025 00:32:40 +0100 (CET) Received: from mails.dpdk.org (localhost [127.0.0.1]) by mails.dpdk.org (Postfix) with ESMTP id D7FC940262; Thu, 20 Nov 2025 00:32:40 +0100 (CET) Received: from mail-io1-f99.google.com (mail-io1-f99.google.com [209.85.166.99]) by mails.dpdk.org (Postfix) with ESMTP id BFF9C40262 for ; Thu, 20 Nov 2025 00:32:39 +0100 (CET) Received: by mail-io1-f99.google.com with SMTP id ca18e2360f4ac-948fbdbc79fso7137939f.0 for ; Wed, 19 Nov 2025 15:32:39 -0800 (PST) DKIM-Signature: v=1; a=rsa-sha256; c=relaxed/relaxed; d=iol.unh.edu; s=unh-iol; t=1763595159; x=1764199959; darn=dpdk.org; h=references:in-reply-to:cc:to:from:subject:message-id:date:from:to :cc:subject:date:message-id:reply-to; bh=31mIpTy9nhogQVoAwKsnes8i8uCFzhGwHws2dWf7Mek=; b=HSESkE4w6/GDoIXv3VPU6bJHFnB252mUvocaT5r3LtW3gvL2JZAsMY8tyhDXo+uI3k jt41LBNHO5Xqcf34W8WraNLehJyS8BMmMphFEzVOe8vHmIxIYSid+DhNCrb0webCAGVg Jr7hO5oN4gc1pjEacNgO1ai1LC8eYzS+4la6o= X-Google-DKIM-Signature: v=1; a=rsa-sha256; c=relaxed/relaxed; d=1e100.net; s=20230601; t=1763595159; x=1764199959; h=references:in-reply-to:cc:to:from:subject:message-id:date:x-gm-gg :x-gm-message-state:from:to:cc:subject:date:message-id:reply-to; bh=31mIpTy9nhogQVoAwKsnes8i8uCFzhGwHws2dWf7Mek=; b=a1Yg8XQPrf0h5mBqG7eLi7zkKyW2HC3hr20IH2SLgvcMQN/M2RMGzKMnltba1bBhzQ v1yZZfAONpZeqLNv+1hpEAnL1h8cYQzFbcBtarmz3qvSq7p8Fj5Hmn7iYaJA6pmHNTHs HbRLb8xVUWFx0kQmVx+OKlyGmECQR2zsCnmZfIgsNzyn8/dVshbvxhpRnEYGOhr9wNL7 xV6fRehY4M5Is9Dm803x/9xU/BFuQYcCahJutjjNVVE9WE1PjXsOGYdOyRE8YiVVhwej iqrXXBqfognlSUDGtcO8QItONGY9fZTqwXeLUuQQMPel7ccjPNlD/UCts/BTXuy9c56J hqGA== X-Gm-Message-State: AOJu0YwbYBLFa0uI1XTmIT3NyGw8pURlaNWGD58YYYaM2oP6qu366pdb nzYD/iKiGK79gvQWaMjPyGeVjwLJc6HhSVwnwj2eWV8hbVRKQ14XjXOkjIB2IfSEF8ITmsdzHbM GrlImfnUBEkUIqQJMkSwzFKbedl/3Fjk8Wmn48/MykJaO X-Gm-Gg: ASbGncscQEiLrXjvxK193/RFxAQYQ7p6ttFB2AgtTbVbSdnoLbLT+2LP7gzrw+kYOC9 KyMnloJwpCTeMkiw2MB7nN0YI8XYnVTHOAGxsgD1XGHaD6Armxx9pqKupuY2jt1BaSa9pKeP6to 0VVRsyoU3nit2FSIvfmPuqaylAs2gKmxJuRSoRH+gfBhdxC+4m9lJLVmTNCF8FTDT8ynMhohsOl dxFW3GQgipLxojeEmVRRvrpQsNNrdxmz53MnapWXJZAgAMBDhMvzmm2KkDaVVgkbQTb1rLdm3zI uUwl4VIOsVuLHLpdyzMPdzJwYOj1CnhVfvSl7um/W03vVr8/mNiRYAm53ed/Ud3ZD5DiBvpc/5S EpYWQCdWmysekZZBEaKyJ/u3AhpYSDivA1emGjrnIwQ== X-Google-Smtp-Source: AGHT+IHIlg64FihNmOnpDDSuGW7ut2NYweWoeZ34+3TT5No6NVkPPImBpAhGwL3q7zgerN868jkTJ5bA3f+D X-Received: by 2002:a05:6638:378d:b0:5b7:c10a:2a84 with SMTP id 8926c6da1cb9f-5b9540411a6mr1048359173.7.1763595158988; Wed, 19 Nov 2025 15:32:38 -0800 (PST) Received: from postal.iol.unh.edu (postal.iol.unh.edu. [132.177.123.84]) by smtp-relay.gmail.com with ESMTPS id 8926c6da1cb9f-5b954a3f63bsm52810173.11.2025.11.19.15.32.38 (version=TLS1_2 cipher=ECDHE-ECDSA-AES128-GCM-SHA256 bits=128/128); Wed, 19 Nov 2025 15:32:38 -0800 (PST) X-Relaying-Domain: iol.unh.edu Date: Wed, 19 Nov 2025 15:32:38 -0800 (PST) Message-ID: <691e5396.050a0220.16c4e4.29feSMTPIN_ADDED_MISSING@mx.google.com> Received: from [172.21.0.3] (unknown [172.18.0.240]) by postal.iol.unh.edu (Postfix) with ESMTP id 7FF7B6051830; Wed, 19 Nov 2025 18:32:38 -0500 (EST) Subject: |FAILURE| pw158913-158930 [PATCH] [v5,18/18] vfio: introduce cdev mo From: dpdklab@iol.unh.edu To: Test Report Cc: dpdk-test-reports@iol.unh.edu, Anatoly Burakov In-Reply-To: <684f963686006c46a9b568b29c56494db9449148.1763550470.git.anatoly.burakov@intel.com> References: <684f963686006c46a9b568b29c56494db9449148.1763550470.git.anatoly.burakov@intel.com> Content-Type: text/plain X-BeenThere: test-report@dpdk.org X-Mailman-Version: 2.1.29 Precedence: list List-Id: automatic DPDK test reports List-Unsubscribe: , List-Archive: List-Post: List-Help: List-Subscribe: , Errors-To: test-report-bounces@dpdk.org Test-Label: iol-unit-arm64-testing Test-Status: FAILURE http://dpdk.org/patch/158930 _Testing issues_ Submitter: Anatoly Burakov Date: Wednesday, November 19 2025 11:08:16 DPDK git baseline: Repo:dpdk Branch: master CommitID:ef98b88455bf4a7c8b7aa3106a761c9e9270d6a3 158913-158930 --> testing issues Upstream job id: Generic-Unit-Test-DPDK#394462 Test environment and result as below: +------------------------------+--------------+------------------------------+---------------------------+----------------+ | Environment | lpm_autotest | cryptodev_sw_snow3g_autotest | cryptodev_sw_zuc_autotest | dpdk_unit_test | +==============================+==============+==============================+===========================+================+ | Ubuntu 20.04 | WARN | SKIPPED | SKIPPED | PEND | +------------------------------+--------------+------------------------------+---------------------------+----------------+ | Debian 12 (arm) | SKIPPED | WARN | WARN | SKIPPED | +------------------------------+--------------+------------------------------+---------------------------+----------------+ | Fedora Linux 40 | SKIPPED | SKIPPED | SKIPPED | PEND | +------------------------------+--------------+------------------------------+---------------------------+----------------+ | CentOS Stream 10 | SKIPPED | SKIPPED | SKIPPED | WARN | +------------------------------+--------------+------------------------------+---------------------------+----------------+ | Debian GNU/Linux 12 | SKIPPED | SKIPPED | SKIPPED | WARN | +------------------------------+--------------+------------------------------+---------------------------+----------------+ | CentOS Stream 9 | SKIPPED | SKIPPED | SKIPPED | PEND | +------------------------------+--------------+------------------------------+---------------------------+----------------+ | Fedora Linux 42 | SKIPPED | SKIPPED | SKIPPED | PEND | +------------------------------+--------------+------------------------------+---------------------------+----------------+ | Ubuntu 24.04 | SKIPPED | SKIPPED | SKIPPED | PEND | +------------------------------+--------------+------------------------------+---------------------------+----------------+ | Fedora Linux 41 | SKIPPED | SKIPPED | SKIPPED | PEND | +------------------------------+--------------+------------------------------+---------------------------+----------------+ | Red Hat Enterprise Linux 9.5 | SKIPPED | SKIPPED | SKIPPED | PEND | +------------------------------+--------------+------------------------------+---------------------------+----------------+ | Ubuntu 22.04 | SKIPPED | SKIPPED | SKIPPED | PASS | +------------------------------+--------------+------------------------------+---------------------------+----------------+ ==== 20 line log output for Debian GNU/Linux 12 (dpdk_unit_test): ==== ../lib/eal/linux/eal_vfio_cdev.c:136:9: error: incompatible implicit declaration of built-in function 'free' [-Werror=builtin-declaration-mismatch] 136 | free(mp_reply.msgs); | ^~~~ ../lib/eal/linux/eal_vfio_cdev.c:136:9: note: include '' or provide a declaration of 'free' ../lib/eal/linux/eal_vfio_cdev.c: In function 'vfio_cdev_get_device_num': ../lib/eal/linux/eal_vfio_cdev.c:234:35: error: implicit declaration of function 'strtol'; did you mean 'strtok'? [-Werror=implicit-function-declaration] 234 | dev_num = strtol(dev_tok, &end, 10); | ^~~~~~ | strtok ../lib/eal/linux/eal_vfio_cdev.c:234:35: error: nested extern declaration of 'strtol' [-Werror=nested-externs] ../lib/eal/linux/eal_vfio_cdev.c: In function 'vfio_cdev_request_dev_fd': ../lib/eal/linux/eal_vfio_cdev.c:359:9: error: incompatible implicit declaration of built-in function 'free' [-Werror=builtin-declaration-mismatch] 359 | free(mp_reply.msgs); | ^~~~ ../lib/eal/linux/eal_vfio_cdev.c:359:9: note: include '' or provide a declaration of 'free' cc1: all warnings being treated as errors [99/3817] Compiling C object lib/librte_eal.a.p/eal_linux_eal_interrupts.c.o [100/3817] Compiling C object lib/librte_eal.a.p/eal_linux_eal_vfio_group.c.o [101/3817] Compiling C object lib/librte_eal.a.p/eal_linux_eal_vfio.c.o ninja: build stopped: subcommand failed. ==== End log output ==== Ubuntu 20.04 Kernel: 5.4 Compiler: gcc gcc (Ubuntu 9.4.0-1ubuntu1~20.04.2) 9.4.0 Debian 12 (arm) Kernel: Depends on container host Compiler: gcc (Debian 12.2.0-14) 12.2.0 Fedora Linux 40 Kernel: 5.4 Compiler: gcc gcc (GCC) 14.2.1 20240912 (Red Hat 14.2.1-3) CentOS Stream 10 Kernel: 5.4 Compiler: gcc gcc (GCC) 14.2.1 20250110 (Red Hat 14.2.1-8) Debian GNU/Linux 12 Kernel: 5.4 Compiler: gcc gcc (Debian 12.2.0-14+deb12u1) 12.2.0 CentOS Stream 9 Kernel: 5.4 Compiler: gcc gcc (GCC) 11.5.0 20240719 (Red Hat 11.5.0-11) Fedora Linux 42 Kernel: 5.4 Compiler: gcc gcc (GCC) 15.2.1 20250808 (Red Hat 15.2.1-1) Ubuntu 24.04 Kernel: 5.4 Compiler: gcc gcc (Ubuntu 13.3.0-6ubuntu2~24.04) 13.3.0 Fedora Linux 41 Kernel: 5.4 Compiler: clang gcc (GCC) 14.3.1 20250523 (Red Hat 14.3.1-1) Red Hat Enterprise Linux 9.5 Kernel: 5.4 Compiler: gcc gcc (GCC) 11.5.0 20240719 (Red Hat 11.5.0-2) Ubuntu 22.04 Kernel: 5.4 Compiler: gcc gcc (Ubuntu 11.4.0-1ubuntu1~22.04) 11.4.0 To view detailed results, visit: https://lab.dpdk.org/results/dashboard/patchsets/34641/ UNH-IOL DPDK Community Lab To manage your email subscriptions, visit: https://lab.dpdk.org/results/dashboard/preferences/subscriptions/