From mboxrd@z Thu Jan 1 00:00:00 1970 Return-Path: Received: from mails.dpdk.org (mails.dpdk.org [217.70.189.124]) by inbox.dpdk.org (Postfix) with ESMTP id 0FAD848B50 for ; Thu, 20 Nov 2025 00:34:12 +0100 (CET) Received: from mails.dpdk.org (localhost [127.0.0.1]) by mails.dpdk.org (Postfix) with ESMTP id 086F640262; Thu, 20 Nov 2025 00:34:12 +0100 (CET) Received: from mail-pg1-f228.google.com (mail-pg1-f228.google.com [209.85.215.228]) by mails.dpdk.org (Postfix) with ESMTP id E584E40262 for ; Thu, 20 Nov 2025 00:34:10 +0100 (CET) Received: by mail-pg1-f228.google.com with SMTP id 41be03b00d2f7-bd1ce1b35e7so158180a12.0 for ; Wed, 19 Nov 2025 15:34:10 -0800 (PST) DKIM-Signature: v=1; a=rsa-sha256; c=relaxed/relaxed; d=iol.unh.edu; s=unh-iol; t=1763595250; x=1764200050; darn=dpdk.org; h=references:in-reply-to:cc:to:from:subject:message-id:date:from:to :cc:subject:date:message-id:reply-to; bh=1iHOoHwW0AuH00Ja5Cti4D1UcMQt0t76gzpBBdWamIQ=; b=aqvZlk+d9caD9uWFkagZkUavVKMKpeF1ullXLjjRAyzo17iZ25tl5gSv5MfYiqrviD TT3lynJFH+VOdsnpgOD88bl/2rFlzwakguNxUbwBWxdUa44nYBjqLgKAUClHcQqPKdcO 3NPCAjnUAmaxrUiDNeHll/w+tUfop+tGqlh28= X-Google-DKIM-Signature: v=1; a=rsa-sha256; c=relaxed/relaxed; d=1e100.net; s=20230601; t=1763595250; x=1764200050; h=references:in-reply-to:cc:to:from:subject:message-id:date:x-gm-gg :x-gm-message-state:from:to:cc:subject:date:message-id:reply-to; bh=1iHOoHwW0AuH00Ja5Cti4D1UcMQt0t76gzpBBdWamIQ=; b=KNykjD8FCb8FvUoR4DYAcD7AOrDhDxlU50mj8uCVdgVP3mu7ZTTfvhKHILnlApKci3 9aRisq1xxbaNrRmDadVgyVbnY4R5BsgjRz2LC1CJ++PZRWtH4oZji/j7PKkRjQsuYk1+ tSGS0IhBJrYsjaZXlvkV6L25s4PRa0Z9nGOb3R9y64pwLf64Nh1N71IkRlYVkJQc6G0w 4a9M08W0sy1rNOSwo6dPR034UirOrQWj//kr2Pn6jNm2u4roJVh6W+imIv5tD+4xJBAp h6ETsD+XFDwaRUxrXZ/7nTIOMSok9XyE0FGd1pKyUP+koVxGhHEMsuHSoLP3uNqa+H7G gFcQ== X-Gm-Message-State: AOJu0YzUP9etRFIErwqR7aot0G+cAtes2mh0LigxwuUUg6ehBus70U6Z /tkikoP/V5ti59oW46f6erczAsI9AW31eaLv4c94gQdEKTmxNUxe/1g6dWISDvxuCdIkvQ0pb8U 9NZiX7cdqNemlr7ifPiJRZ9m9JyLPjt7raWFWoVH+P7Dh X-Gm-Gg: ASbGncv9bN1Q4b1kXrYJIsESVscIytZrzIMu+dl9w3aTE3pyCCkucMCLdZw6qZXyYD+ lFvWFdmkl3Gwu/AfzG2izQj7+Ac10FR4Ok9epcbvnfJGyKqCDnEFL/N1cwBb4JM4G8H6haoc7gq XaKFxhNhvob78054DxAqAgXcC/gkusNs8NKQG1246c3zjwqVNBAHfhAYe0huh5XaYs78dm0/zPX jo/SLYy/B6Q5q2sRPEC0DUqGgvbzeoGz7fxklwuVEruHBXNHzHORlpUK/r1i5TDAcl27xjL6CsH KoFHs50EHMMOUlFwBJmtQ83Tp2TVmiRae8U+TgHbQt8YuOFIFz6IgCiLjkSu6Kz8Zfeof4LaI2U bpkXjiSSnGHq5nM3yHl1o2Lf9loJbXMp2AySDJCHtqg== X-Google-Smtp-Source: AGHT+IFS93I8WDkRQn8FiaI2PBMzmscNBqloEAbo95NVKbJ8U9cQROfJ12QlI6AtRAfYPFFf2oNbdZkjplFw X-Received: by 2002:a05:7022:e987:b0:11b:7c8b:8355 with SMTP id a92af1059eb24-11c947ec384mr156508c88.26.1763595249858; Wed, 19 Nov 2025 15:34:09 -0800 (PST) Received: from postal.iol.unh.edu (postal.iol.unh.edu. [132.177.123.84]) by smtp-relay.gmail.com with ESMTPS id a92af1059eb24-11c93e3871esm74523c88.6.2025.11.19.15.34.09 (version=TLS1_2 cipher=ECDHE-ECDSA-AES128-GCM-SHA256 bits=128/128); Wed, 19 Nov 2025 15:34:09 -0800 (PST) X-Relaying-Domain: iol.unh.edu Date: Wed, 19 Nov 2025 15:34:09 -0800 (PST) Message-ID: <691e53f1.050a0220.12efcd.3dbcSMTPIN_ADDED_MISSING@mx.google.com> Received: from [172.21.0.4] (unknown [172.18.0.240]) by postal.iol.unh.edu (Postfix) with ESMTP id E16086051830; Wed, 19 Nov 2025 18:34:08 -0500 (EST) Subject: |FAILURE| pw158913-158930 [PATCH] [v5,18/18] vfio: introduce cdev mo From: dpdklab@iol.unh.edu To: Test Report Cc: dpdk-test-reports@iol.unh.edu, Anatoly Burakov In-Reply-To: <684f963686006c46a9b568b29c56494db9449148.1763550470.git.anatoly.burakov@intel.com> References: <684f963686006c46a9b568b29c56494db9449148.1763550470.git.anatoly.burakov@intel.com> Content-Type: text/plain X-BeenThere: test-report@dpdk.org X-Mailman-Version: 2.1.29 Precedence: list List-Id: automatic DPDK test reports List-Unsubscribe: , List-Archive: List-Post: List-Help: List-Subscribe: , Errors-To: test-report-bounces@dpdk.org Test-Label: iol-unit-arm64-testing Test-Status: FAILURE http://dpdk.org/patch/158930 _Testing issues_ Submitter: Anatoly Burakov Date: Wednesday, November 19 2025 11:08:16 DPDK git baseline: Repo:dpdk Branch: master CommitID:ef98b88455bf4a7c8b7aa3106a761c9e9270d6a3 158913-158930 --> testing issues Upstream job id: Generic-Unit-Test-DPDK#394460 Test environment and result as below: +------------------------------+--------------+------------------------------+---------------------------+----------------+ | Environment | lpm_autotest | cryptodev_sw_snow3g_autotest | cryptodev_sw_zuc_autotest | dpdk_unit_test | +==============================+==============+==============================+===========================+================+ | Ubuntu 20.04 | WARN | SKIPPED | SKIPPED | PEND | +------------------------------+--------------+------------------------------+---------------------------+----------------+ | Debian 12 (arm) | SKIPPED | WARN | WARN | SKIPPED | +------------------------------+--------------+------------------------------+---------------------------+----------------+ | Fedora Linux 40 | SKIPPED | SKIPPED | SKIPPED | PEND | +------------------------------+--------------+------------------------------+---------------------------+----------------+ | CentOS Stream 10 | SKIPPED | SKIPPED | SKIPPED | WARN | +------------------------------+--------------+------------------------------+---------------------------+----------------+ | Debian GNU/Linux 12 | SKIPPED | SKIPPED | SKIPPED | WARN | +------------------------------+--------------+------------------------------+---------------------------+----------------+ | CentOS Stream 9 | SKIPPED | SKIPPED | SKIPPED | WARN | +------------------------------+--------------+------------------------------+---------------------------+----------------+ | Fedora Linux 42 | SKIPPED | SKIPPED | SKIPPED | PEND | +------------------------------+--------------+------------------------------+---------------------------+----------------+ | Ubuntu 24.04 | SKIPPED | SKIPPED | SKIPPED | WARN | +------------------------------+--------------+------------------------------+---------------------------+----------------+ | Fedora Linux 41 | SKIPPED | SKIPPED | SKIPPED | PEND | +------------------------------+--------------+------------------------------+---------------------------+----------------+ | Red Hat Enterprise Linux 9.5 | SKIPPED | SKIPPED | SKIPPED | PEND | +------------------------------+--------------+------------------------------+---------------------------+----------------+ | Ubuntu 22.04 | SKIPPED | SKIPPED | SKIPPED | PASS | +------------------------------+--------------+------------------------------+---------------------------+----------------+ ==== 20 line log output for Ubuntu 24.04 (dpdk_unit_test): ==== ../lib/eal/linux/eal_vfio_cdev.c:136:9: error: incompatible implicit declaration of built-in function 'free' [-Werror=builtin-declaration-mismatch] 136 | free(mp_reply.msgs); | ^~~~ ../lib/eal/linux/eal_vfio_cdev.c:136:9: note: include '' or provide a declaration of 'free' ../lib/eal/linux/eal_vfio_cdev.c: In function 'vfio_cdev_get_device_num': ../lib/eal/linux/eal_vfio_cdev.c:234:35: error: implicit declaration of function 'strtol'; did you mean 'strtok'? [-Werror=implicit-function-declaration] 234 | dev_num = strtol(dev_tok, &end, 10); | ^~~~~~ | strtok ../lib/eal/linux/eal_vfio_cdev.c:234:35: error: nested extern declaration of 'strtol' [-Werror=nested-externs] ../lib/eal/linux/eal_vfio_cdev.c: In function 'vfio_cdev_request_dev_fd': ../lib/eal/linux/eal_vfio_cdev.c:359:9: error: incompatible implicit declaration of built-in function 'free' [-Werror=builtin-declaration-mismatch] 359 | free(mp_reply.msgs); | ^~~~ ../lib/eal/linux/eal_vfio_cdev.c:359:9: note: include '' or provide a declaration of 'free' cc1: all warnings being treated as errors [106/3817] Compiling C object lib/librte_eal.a.p/eal_arm_rte_power_intrinsics.c.o [107/3817] Generating rte_eal_map with a custom command [108/3817] Compiling C object lib/librte_eal.a.p/eal_linux_eal_vfio_group.c.o ninja: build stopped: subcommand failed. ==== End log output ==== Ubuntu 20.04 Kernel: 5.4 Compiler: gcc gcc (Ubuntu 9.4.0-1ubuntu1~20.04.2) 9.4.0 Debian 12 (arm) Kernel: Depends on container host Compiler: gcc (Debian 12.2.0-14) 12.2.0 Fedora Linux 40 Kernel: 5.4 Compiler: gcc gcc (GCC) 14.2.1 20240912 (Red Hat 14.2.1-3) CentOS Stream 10 Kernel: 5.4 Compiler: gcc gcc (GCC) 14.2.1 20250110 (Red Hat 14.2.1-8) Debian GNU/Linux 12 Kernel: 5.4 Compiler: gcc gcc (Debian 12.2.0-14+deb12u1) 12.2.0 CentOS Stream 9 Kernel: 5.4 Compiler: gcc gcc (GCC) 11.5.0 20240719 (Red Hat 11.5.0-11) Fedora Linux 42 Kernel: 5.4 Compiler: gcc gcc (GCC) 15.2.1 20250808 (Red Hat 15.2.1-1) Ubuntu 24.04 Kernel: 5.4 Compiler: gcc gcc (Ubuntu 13.3.0-6ubuntu2~24.04) 13.3.0 Fedora Linux 41 Kernel: 5.4 Compiler: clang gcc (GCC) 14.3.1 20250523 (Red Hat 14.3.1-1) Red Hat Enterprise Linux 9.5 Kernel: 5.4 Compiler: gcc gcc (GCC) 11.5.0 20240719 (Red Hat 11.5.0-2) Ubuntu 22.04 Kernel: 5.4 Compiler: gcc gcc (Ubuntu 11.4.0-1ubuntu1~22.04) 11.4.0 To view detailed results, visit: https://lab.dpdk.org/results/dashboard/patchsets/34641/ UNH-IOL DPDK Community Lab To manage your email subscriptions, visit: https://lab.dpdk.org/results/dashboard/preferences/subscriptions/