From mboxrd@z Thu Jan 1 00:00:00 1970 Return-Path: Received: from mails.dpdk.org (mails.dpdk.org [217.70.189.124]) by inbox.dpdk.org (Postfix) with ESMTP id 1B2B548B50 for ; Thu, 20 Nov 2025 00:34:23 +0100 (CET) Received: from mails.dpdk.org (localhost [127.0.0.1]) by mails.dpdk.org (Postfix) with ESMTP id 1613A40262; Thu, 20 Nov 2025 00:34:23 +0100 (CET) Received: from mail-pl1-f225.google.com (mail-pl1-f225.google.com [209.85.214.225]) by mails.dpdk.org (Postfix) with ESMTP id 551C840262 for ; Thu, 20 Nov 2025 00:34:22 +0100 (CET) Received: by mail-pl1-f225.google.com with SMTP id d9443c01a7336-29812589890so3360975ad.3 for ; Wed, 19 Nov 2025 15:34:22 -0800 (PST) DKIM-Signature: v=1; a=rsa-sha256; c=relaxed/relaxed; d=iol.unh.edu; s=unh-iol; t=1763595261; x=1764200061; darn=dpdk.org; h=references:in-reply-to:cc:to:from:subject:message-id:date:from:to :cc:subject:date:message-id:reply-to; bh=ldq8KAgDTIdEGkoTvrHspvPYM53+EXKAMoop5lVfH7o=; b=hekSUhoFhNXcejmDsJR6SL5IxAVS/fiybHkToShmmQAKskk+cGVTQNPfL9SufutgiZ amgf6pCH9cmdQSI/k+vGSAP9yGdwcbEsdE9/L7TeknWpEwGTSYNvXZW46FtdMjMGYwwb VXrADGP8oSminTN1WPcODZmSHrP1xtqGPrsAQ= X-Google-DKIM-Signature: v=1; a=rsa-sha256; c=relaxed/relaxed; d=1e100.net; s=20230601; t=1763595261; x=1764200061; h=references:in-reply-to:cc:to:from:subject:message-id:date:x-gm-gg :x-gm-message-state:from:to:cc:subject:date:message-id:reply-to; bh=ldq8KAgDTIdEGkoTvrHspvPYM53+EXKAMoop5lVfH7o=; b=nX0Kz6EhsNtr8yn0ezgp8wCJ26vJcgeqsgBTfZ6OGRFSawVgXV7J6+eZQulvxyWgtt /yvF/TsoAQ/ryRLFv5h31OkUZe1U7GMnCAQxgZnenKtPMi044NziH0okKfjBPV9LSTyC SCdvmTOzotHKWdf37fbfX81t4Y79PRX8nS0CIiNpAUlg8jjfCqtAFYKAqBnqcWqOSLhC FShqDZhXN/qTx0zhVkJ1n9iwsZxpKeP7+fEmQt3JpkrSOnpXBOfQhSrDQKPHZDUmwXNm JlYieSdHbaCAppm0zb2Yxc06X6K/o4fHU9DeU2JZHkIYA4VqCW+LIU79aEY3L0tP/grn Qosg== X-Gm-Message-State: AOJu0YxMgbeKXWOWTegnFWoNk3bERfdCLmCRZXoewBsAPGoyAj7wkBYJ aNmREfOGku5wciGYwVXCCgVgTusqKd/q5GUYzei4SyGaI3uqEp7sVWcPkY0EK9H5KoORQh+3eLT IrJ6rgGiXxDV+bbFzO94E4ev/+k/9kXEcylhdEyt+UCJG X-Gm-Gg: ASbGnctckjdVlQuCrbiIKWzNAMX2qii/l5JaxTZ4+cYLkSiuHrpE26D/K3xa8FGtAAF 1BjHpmU1f4oVvOwjiAzIO0cp+V0Mvn5NTxhiYgJ3fJEafhijy/dRyhHE5lYbl+RX33Sd9T5FnRI ua3O/8cwhJgI5OibT1a7oLWXFNS8PLFSeA4qxHWinYpLkOWTik1O9SxkNRisB8aYq23Nrk5Kpb7 KOJzxT6CYygK7OEtCGTs9/Jw4/ptYcFFvMTZwDTAoo6G6TJauKF51Rxq+GMhPe7ix09OPL7ecje tyV8tAocu8ZM7FYiJQpmh0Lq2K12JDVMg2Q70jdwXw249kiGNeGjw2t+d0CKUezJu1n7TjXa97q stTDif5c3vA3/wbS6nTlXjyEj/SLInvbJnGK7IayV3A== X-Google-Smtp-Source: AGHT+IH6WzYOS6P+7mlKh2qOdDqVwBxVtBqG5iR1m+CWTVuVHNlH3HQAGinb0JLongUq3uO8QYXzJHopB8GL X-Received: by 2002:a17:902:d48c:b0:29a:5ce:b485 with SMTP id d9443c01a7336-29b5ec81986mr1377255ad.52.1763595261500; Wed, 19 Nov 2025 15:34:21 -0800 (PST) Received: from postal.iol.unh.edu (postal.iol.unh.edu. [132.177.123.84]) by smtp-relay.gmail.com with ESMTPS id d9443c01a7336-29b5b105b04sm954385ad.8.2025.11.19.15.34.21 (version=TLS1_2 cipher=ECDHE-ECDSA-AES128-GCM-SHA256 bits=128/128); Wed, 19 Nov 2025 15:34:21 -0800 (PST) X-Relaying-Domain: iol.unh.edu Date: Wed, 19 Nov 2025 15:34:21 -0800 (PST) Message-ID: <691e53fd.170a0220.622a6.56f4SMTPIN_ADDED_MISSING@mx.google.com> Received: from [172.21.0.3] (unknown [172.18.0.240]) by postal.iol.unh.edu (Postfix) with ESMTP id C18A86051830; Wed, 19 Nov 2025 18:34:20 -0500 (EST) Subject: |FAILURE| pw158913-158930 [PATCH] [v5,18/18] vfio: introduce cdev mo From: dpdklab@iol.unh.edu To: Test Report Cc: dpdk-test-reports@iol.unh.edu, Anatoly Burakov In-Reply-To: <684f963686006c46a9b568b29c56494db9449148.1763550470.git.anatoly.burakov@intel.com> References: <684f963686006c46a9b568b29c56494db9449148.1763550470.git.anatoly.burakov@intel.com> Content-Type: text/plain X-BeenThere: test-report@dpdk.org X-Mailman-Version: 2.1.29 Precedence: list List-Id: automatic DPDK test reports List-Unsubscribe: , List-Archive: List-Post: List-Help: List-Subscribe: , Errors-To: test-report-bounces@dpdk.org Test-Label: iol-unit-arm64-testing Test-Status: FAILURE http://dpdk.org/patch/158930 _Testing issues_ Submitter: Anatoly Burakov Date: Wednesday, November 19 2025 11:08:16 DPDK git baseline: Repo:dpdk Branch: master CommitID:ef98b88455bf4a7c8b7aa3106a761c9e9270d6a3 158913-158930 --> testing issues Upstream job id: Generic-Unit-Test-DPDK#394484 Test environment and result as below: +------------------------------+--------------+------------------------------+---------------------------+----------------+ | Environment | lpm_autotest | cryptodev_sw_snow3g_autotest | cryptodev_sw_zuc_autotest | dpdk_unit_test | +==============================+==============+==============================+===========================+================+ | Ubuntu 20.04 | WARN | SKIPPED | SKIPPED | PEND | +------------------------------+--------------+------------------------------+---------------------------+----------------+ | Debian 12 (arm) | SKIPPED | WARN | WARN | SKIPPED | +------------------------------+--------------+------------------------------+---------------------------+----------------+ | Fedora Linux 40 | SKIPPED | SKIPPED | SKIPPED | PEND | +------------------------------+--------------+------------------------------+---------------------------+----------------+ | CentOS Stream 10 | SKIPPED | SKIPPED | SKIPPED | WARN | +------------------------------+--------------+------------------------------+---------------------------+----------------+ | Debian GNU/Linux 12 | SKIPPED | SKIPPED | SKIPPED | WARN | +------------------------------+--------------+------------------------------+---------------------------+----------------+ | CentOS Stream 9 | SKIPPED | SKIPPED | SKIPPED | WARN | +------------------------------+--------------+------------------------------+---------------------------+----------------+ | Fedora Linux 42 | SKIPPED | SKIPPED | SKIPPED | PEND | +------------------------------+--------------+------------------------------+---------------------------+----------------+ | Ubuntu 24.04 | SKIPPED | SKIPPED | SKIPPED | WARN | +------------------------------+--------------+------------------------------+---------------------------+----------------+ | Fedora Linux 41 | SKIPPED | SKIPPED | SKIPPED | PEND | +------------------------------+--------------+------------------------------+---------------------------+----------------+ | Red Hat Enterprise Linux 9.5 | SKIPPED | SKIPPED | SKIPPED | PEND | +------------------------------+--------------+------------------------------+---------------------------+----------------+ | Ubuntu 22.04 | SKIPPED | SKIPPED | SKIPPED | PASS | +------------------------------+--------------+------------------------------+---------------------------+----------------+ ==== 20 line log output for Ubuntu 24.04 (dpdk_unit_test): ==== ../lib/eal/linux/eal_vfio_cdev.c:136:9: error: incompatible implicit declaration of built-in function 'free' [-Werror=builtin-declaration-mismatch] 136 | free(mp_reply.msgs); | ^~~~ ../lib/eal/linux/eal_vfio_cdev.c:136:9: note: include '' or provide a declaration of 'free' ../lib/eal/linux/eal_vfio_cdev.c: In function 'vfio_cdev_get_device_num': ../lib/eal/linux/eal_vfio_cdev.c:234:35: error: implicit declaration of function 'strtol'; did you mean 'strtok'? [-Werror=implicit-function-declaration] 234 | dev_num = strtol(dev_tok, &end, 10); | ^~~~~~ | strtok ../lib/eal/linux/eal_vfio_cdev.c:234:35: error: nested extern declaration of 'strtol' [-Werror=nested-externs] ../lib/eal/linux/eal_vfio_cdev.c: In function 'vfio_cdev_request_dev_fd': ../lib/eal/linux/eal_vfio_cdev.c:359:9: error: incompatible implicit declaration of built-in function 'free' [-Werror=builtin-declaration-mismatch] 359 | free(mp_reply.msgs); | ^~~~ ../lib/eal/linux/eal_vfio_cdev.c:359:9: note: include '' or provide a declaration of 'free' cc1: all warnings being treated as errors [106/3817] Compiling C object lib/librte_eal.a.p/eal_arm_rte_power_intrinsics.c.o [107/3817] Generating rte_eal_map with a custom command [108/3817] Compiling C object lib/librte_eal.a.p/eal_linux_eal_vfio_group.c.o ninja: build stopped: subcommand failed. ==== End log output ==== Ubuntu 20.04 Kernel: 5.4 Compiler: gcc gcc (Ubuntu 9.4.0-1ubuntu1~20.04.2) 9.4.0 Debian 12 (arm) Kernel: Depends on container host Compiler: gcc (Debian 12.2.0-14) 12.2.0 Fedora Linux 40 Kernel: 5.4 Compiler: gcc gcc (GCC) 14.2.1 20240912 (Red Hat 14.2.1-3) CentOS Stream 10 Kernel: 5.4 Compiler: gcc gcc (GCC) 14.2.1 20250110 (Red Hat 14.2.1-8) Debian GNU/Linux 12 Kernel: 5.4 Compiler: gcc gcc (Debian 12.2.0-14+deb12u1) 12.2.0 CentOS Stream 9 Kernel: 5.4 Compiler: gcc gcc (GCC) 11.5.0 20240719 (Red Hat 11.5.0-11) Fedora Linux 42 Kernel: 5.4 Compiler: gcc gcc (GCC) 15.2.1 20250808 (Red Hat 15.2.1-1) Ubuntu 24.04 Kernel: 5.4 Compiler: gcc gcc (Ubuntu 13.3.0-6ubuntu2~24.04) 13.3.0 Fedora Linux 41 Kernel: 5.4 Compiler: clang gcc (GCC) 14.3.1 20250523 (Red Hat 14.3.1-1) Red Hat Enterprise Linux 9.5 Kernel: 5.4 Compiler: gcc gcc (GCC) 11.5.0 20240719 (Red Hat 11.5.0-2) Ubuntu 22.04 Kernel: 5.4 Compiler: gcc gcc (Ubuntu 11.4.0-1ubuntu1~22.04) 11.4.0 To view detailed results, visit: https://lab.dpdk.org/results/dashboard/patchsets/34641/ UNH-IOL DPDK Community Lab To manage your email subscriptions, visit: https://lab.dpdk.org/results/dashboard/preferences/subscriptions/