From mboxrd@z Thu Jan 1 00:00:00 1970 Return-Path: Received: from mails.dpdk.org (mails.dpdk.org [217.70.189.124]) by inbox.dpdk.org (Postfix) with ESMTP id 9EEE548B53 for ; Thu, 20 Nov 2025 07:33:56 +0100 (CET) Received: from mails.dpdk.org (localhost [127.0.0.1]) by mails.dpdk.org (Postfix) with ESMTP id 9AE4640262; Thu, 20 Nov 2025 07:33:56 +0100 (CET) Received: from mail-oa1-f97.google.com (mail-oa1-f97.google.com [209.85.160.97]) by mails.dpdk.org (Postfix) with ESMTP id 78E9B40262 for ; Thu, 20 Nov 2025 07:33:53 +0100 (CET) Received: by mail-oa1-f97.google.com with SMTP id 586e51a60fabf-3e12fd71984so293525fac.2 for ; Wed, 19 Nov 2025 22:33:53 -0800 (PST) DKIM-Signature: v=1; a=rsa-sha256; c=relaxed/relaxed; d=iol.unh.edu; s=unh-iol; t=1763620432; x=1764225232; darn=dpdk.org; h=cc:to:from:subject:message-id:date:from:to:cc:subject:date :message-id:reply-to; bh=oprv3/ruM4/PDCL4oRVTAsp/ibO39Z5lprcwx5+OqFY=; b=L49B1ZhDzr6xa5fmxvcQPB+WQlP/6++OkyVz/kvAT/179U6XfIk3oSBP/MzZXxdnhX 3gyPRQpNsDswVMyufU64/aWAZS1MLDHzsQK1sunjeR3LYmf4TjXDFMr0cKRwMj5ocLoB S/hA5t13450CHEg6/fqo7cD3ZwNd0Vnvo8ne4= X-Google-DKIM-Signature: v=1; a=rsa-sha256; c=relaxed/relaxed; d=1e100.net; s=20230601; t=1763620432; x=1764225232; h=cc:to:from:subject:message-id:date:x-gm-gg:x-gm-message-state:from :to:cc:subject:date:message-id:reply-to; bh=oprv3/ruM4/PDCL4oRVTAsp/ibO39Z5lprcwx5+OqFY=; b=dLCC/u+jm5cB74gm25Fa2qAeT6kQXotg1/ACoZ9uECKF3Y+p6MdedqKsfDvkLhjDA7 FqypL0RDsjpz3mV3uH0PjlYPEh4okwg0FYwGIhsz0tYWu0XjxFpO513b0isT39XkHLzj 7jYuTrflT7kpeRwkKF9NhOVWqWmdYQ3TYDB4STiA0hyReHlMBSyZmlX/zcGEG0eQaX9d 1hWXTXh8Af3OHAGZavk+Q1GUuf2QoxNEojFhCebiG8OyG9oOUS0hlXhVorkcs3F5sm83 5K3CTE3yfukM35WDYkxWWJgu2Nn2qtf9nupcLDVysey6JQA93HC0h3K3Kqhqc5ZI9a7h 8qFA== X-Gm-Message-State: AOJu0YzjmtTdtS9NuJmcO50iUet0WFK2Usmr+oszRoHeYOwmActPQhCc zIYx/9TqEuE6y2WBzMVjGd7jR32xvjCOfGAtoU5Yc2bgFb4e1x09HWuaeboR3O2hJiuXkivFZyT mWGpSPSRJWBhWjTT2Y/YDASWTx6QSVo6mqKmUD7LXhTRImFxzuEq8 X-Gm-Gg: ASbGnctBGWZgwSJaAj0pDO4eBWWVT4J0c4SSvnGy2ISVrlJq+aoxNhs4X7/d5eOU4gQ 0OZxlbaTD/UqUZm09wO03tVW1qt99HPLsGzkGeETADA0yy6PRUJeKnYun7779fZpNEbnYsmexLl 1Kz33YkcYSCK9itzwMhI8kfawvtn+e50VBHZnj2mSSzqyC2wEvM46FA9Y31ROgcACJVYt7Fio38 VWNXrsXT08d+PjuxrRWhaivWEhGiAchWS/rmeoCe1HB6BsyhxzoYQGx3JVz752PcCIajnf6LDn2 yf3A1gxsuX+FsXpYk3aImgqE2CUkkiV3cary5et+YJhO7OFeQgBRZEw1gauqdVFh5gIhamR5aOH X9+/3I7JdlSibeT3Ec+g= X-Google-Smtp-Source: AGHT+IFhu9rFtfENbZV+ToGMsw0WxjHo5auJ0OD5LciDCIXBPfxMu7QRGUTmzEjla0i8HnjLmkKNc+pGfNfc X-Received: by 2002:a05:6871:4503:b0:3ec:5ca9:d15d with SMTP id 586e51a60fabf-3ec9ffa4f46mr969389fac.37.1763620432641; Wed, 19 Nov 2025 22:33:52 -0800 (PST) Received: from postal.iol.unh.edu (postal.iol.unh.edu. [2606:4100:3880:1234::84]) by smtp-relay.gmail.com with ESMTPS id 586e51a60fabf-3ec9b45c19dsm153065fac.0.2025.11.19.22.33.52 (version=TLS1_2 cipher=ECDHE-ECDSA-AES128-GCM-SHA256 bits=128/128); Wed, 19 Nov 2025 22:33:52 -0800 (PST) X-Relaying-Domain: iol.unh.edu Date: Wed, 19 Nov 2025 22:33:52 -0800 (PST) Message-ID: <691eb650.050a0220.473fd.8038SMTPIN_ADDED_MISSING@mx.google.com> Received: from [172.21.0.9] (unknown [172.18.0.240]) by postal.iol.unh.edu (Postfix) with ESMTP id DB6A36051830; Thu, 20 Nov 2025 01:33:51 -0500 (EST) Subject: |FAILURE| [GIT MASTER] 62f583c49bf67dd4d6733ece14e55fe6839e66d1 From: dpdklab@iol.unh.edu To: Test Report Cc: dpdk-test-reports@iol.unh.edu, Xueming Li , Kevin Traynor , Luca Boccassi Content-Type: text/plain X-BeenThere: test-report@dpdk.org X-Mailman-Version: 2.1.29 Precedence: list List-Id: automatic DPDK test reports List-Unsubscribe: , List-Archive: List-Post: List-Help: List-Subscribe: , Errors-To: test-report-bounces@dpdk.org _Testing issues_ Branch: tags/v23.11 62f583c49bf67dd4d6733ece14e55fe6839e66d1 --> testing issues Upstream job id: Generic-DPDK-Compile-Meson#446207 Test environment and result as below: +-------------------------------+--------------------+------------------+ | Environment | dpdk_meson_compile | dpdk_compile_ovs | +===============================+====================+==================+ | FreeBSD 14.2 | PASS | SKIPPED | +-------------------------------+--------------------+------------------+ | Red Hat Enterprise Linux 8.10 | PASS | SKIPPED | +-------------------------------+--------------------+------------------+ | Debian GNU/Linux 12 | PASS | SKIPPED | +-------------------------------+--------------------+------------------+ | Fedora Linux 42 | PASS | PASS | +-------------------------------+--------------------+------------------+ | Ubuntu 20.04 | PASS | SKIPPED | +-------------------------------+--------------------+------------------+ | Ubuntu 22.04 | PASS | SKIPPED | +-------------------------------+--------------------+------------------+ | CentOS Stream 9 | PASS | SKIPPED | +-------------------------------+--------------------+------------------+ | Alpine Linux 3.22.0 | PASS | SKIPPED | +-------------------------------+--------------------+------------------+ | Ubuntu 24.04 | PASS | PASS | +-------------------------------+--------------------+------------------+ | CentOS Stream 10 | PASS | SKIPPED | +-------------------------------+--------------------+------------------+ | openSUSE Leap 15.6 | PASS | SKIPPED | +-------------------------------+--------------------+------------------+ | Red Hat Enterprise Linux 9.5 | PASS | SKIPPED | +-------------------------------+--------------------+------------------+ FreeBSD 14.2 Kernel: 14.2-RELEASE Compiler: clang 18.1.6 Red Hat Enterprise Linux 8.10 Kernel: 5.15 Compiler: gcc gcc (GCC) 8.5.0 20210514 (Red Hat 8.5.0-22) Debian GNU/Linux 12 Kernel: 5.15 Compiler: gcc gcc (Debian 12.2.0-14+deb12u1) 12.2.0 Fedora Linux 42 Kernel: 5.15 Compiler: gcc gcc (GCC) 15.2.1 20250808 (Red Hat 15.2.1-1) Ubuntu 20.04 Kernel: 5.15 Compiler: gcc gcc (Ubuntu 9.4.0-1ubuntu1~20.04.2) 9.4.0 Ubuntu 22.04 Kernel: 5.15 Compiler: gcc gcc (Ubuntu 11.4.0-1ubuntu1~22.04) 11.4.0 CentOS Stream 9 Kernel: 5.15 Compiler: gcc gcc (GCC) 11.5.0 20240719 (Red Hat 11.5.0-11) Alpine Linux 3.22.0 Kernel: 5.15 Compiler: gcc gcc (Alpine 14.2.0) 14.2.0 Ubuntu 24.04 Kernel: 5.15 Compiler: gcc gcc (Ubuntu 13.3.0-6ubuntu2~24.04) 13.3.0 CentOS Stream 10 Kernel: 5.15 Compiler: gcc gcc (GCC) 14.2.1 20250110 (Red Hat 14.2.1-8) openSUSE Leap 15.6 Kernel: 5.15 Compiler: gcc gcc (SUSE Linux) 7.5.0 Red Hat Enterprise Linux 9.5 Kernel: 5.15 Compiler: gcc gcc (GCC) 11.5.0 20240719 (Red Hat 11.5.0-2) To view detailed results, visit: https://lab.dpdk.org/results/dashboard/tarballs/35661/ UNH-IOL DPDK Community Lab To manage your email subscriptions, visit: https://lab.dpdk.org/results/dashboard/preferences/subscriptions/