From mboxrd@z Thu Jan 1 00:00:00 1970 Return-Path: Received: from mails.dpdk.org (mails.dpdk.org [217.70.189.124]) by inbox.dpdk.org (Postfix) with ESMTP id ADFC948B53 for ; Thu, 20 Nov 2025 07:34:10 +0100 (CET) Received: from mails.dpdk.org (localhost [127.0.0.1]) by mails.dpdk.org (Postfix) with ESMTP id A8E9640262; Thu, 20 Nov 2025 07:34:10 +0100 (CET) Received: from mail-qv1-f97.google.com (mail-qv1-f97.google.com [209.85.219.97]) by mails.dpdk.org (Postfix) with ESMTP id 5E2AA40262 for ; Thu, 20 Nov 2025 07:34:08 +0100 (CET) Received: by mail-qv1-f97.google.com with SMTP id 6a1803df08f44-88245cc8c92so3965846d6.0 for ; Wed, 19 Nov 2025 22:34:08 -0800 (PST) DKIM-Signature: v=1; a=rsa-sha256; c=relaxed/relaxed; d=iol.unh.edu; s=unh-iol; t=1763620448; x=1764225248; darn=dpdk.org; h=cc:to:from:subject:message-id:date:from:to:cc:subject:date :message-id:reply-to; bh=etlbd2FcgMCNEGkzm3PpdU9elp3zjqLiZg+4kYkEwz0=; b=CKcAHUqJfWRPGORAiJ602VDxivY4eAdaC+EjIi9CcRxtFb+IDWUNlvHAPe8xv32EBk IzDmaC26PZqatCE8mz0EOuh79FBoIN6aQI2DI3QFR3DWxAhm4tCZhH1RvFCyGi6+KyQQ kVr5wKRs7unzS8vbMpmKX15xXi5eYYg8gHEPc= X-Google-DKIM-Signature: v=1; a=rsa-sha256; c=relaxed/relaxed; d=1e100.net; s=20230601; t=1763620448; x=1764225248; h=cc:to:from:subject:message-id:date:x-gm-gg:x-gm-message-state:from :to:cc:subject:date:message-id:reply-to; bh=etlbd2FcgMCNEGkzm3PpdU9elp3zjqLiZg+4kYkEwz0=; b=rzWM1JYqxbZoegxYIYO5l6RDeGJcdUobXR/hpmU9JS8Vg5CvOEoQq2ARhUXiMfddoN +GWR2THJb0l7frf15dIqPGK0XGizd3LLFFAX7tAl+tNn3qpydKZo5U0wzbk3u0KxWmCv XvDubw+dCuGsw7aE5Lwz9flCRYVlYL7PQvlFr8hxPceHDcj3JX8FVi1te8aPiTGwSM6e fzBpP8YGTUX4ooabQzHbi4Tteap/beOlbnpU/EuZQnXiEldSvTAtowLyO44D7UDgIZMx EkpsqC3m5m61igbjIb9ABzns3SxrfyCeTA9fgA8HgerNiK2cj6OPMImN6WwyLr3JDXxa mMXA== X-Gm-Message-State: AOJu0YzD1rx56yiCexW7sK3/DSDVQY4+n0ywG9eJLPTiNukWCCiBzCsD C8QpEx1uiJmFYW0oIqugVznIf9ZKa0VPbptsEEqLB5Y9+ZvKRlt26cK8dJBt+Hjuz402zBX+0ZE DoEYTWlbYccup7KacOpwg6Q0zn+rIHpVCiRES X-Gm-Gg: ASbGncuf2e0uMEc/PymqokCS6qxtnVDLYRarK3pJrGZqKL/sQD+1wgWGa00bg2QFVFA Upf14I5mhgSBOyaIpMcRZDfBiNaQSdYxQvD79A1ucj4ISvHhti+R0tGQ/GTtxA3tUjTuPGbDf2H quD1eieiWReBmTWw0FSCnpsjt6IYAZQS/xrvWqgw8vo6qfSvQ9HLHJxanN3WNdDO6Eqo+tzo1a6 c6Dxb9SQvGk7D14c1bEfNglyF53ky3viXk//jdPWcf4rCiWvRGPp9pLzA9lkaz6PFo900IuYXKy FwTfnMk2yEXVYayunbPssu8Tgv6d/IdYUQsUXO8dB1eKeyUz9Xi3R+E7ysVYW+zJrPZo+7/y8lM 129k3anK6nXgl874fmxAi/WGLlPYAZ4xv3njotPjWtg== X-Google-Smtp-Source: AGHT+IH/jm9jfANk3HqZpuDxb4R51z7k+mI10KRg366V8YG5uQmU5jHWxIB6cRjiGZjxU0O8dmkSCpogZPNM X-Received: by 2002:a05:6214:dcc:b0:880:501f:5e8 with SMTP id 6a1803df08f44-8846e04f700mr26221686d6.13.1763620447677; Wed, 19 Nov 2025 22:34:07 -0800 (PST) Received: from postal.iol.unh.edu (postal.iol.unh.edu. [132.177.123.84]) by smtp-relay.gmail.com with ESMTPS id 6a1803df08f44-8846e45feb9sm1750206d6.4.2025.11.19.22.34.07 (version=TLS1_2 cipher=ECDHE-ECDSA-AES128-GCM-SHA256 bits=128/128); Wed, 19 Nov 2025 22:34:07 -0800 (PST) X-Relaying-Domain: iol.unh.edu Date: Wed, 19 Nov 2025 22:34:07 -0800 (PST) Message-ID: <691eb65f.d40a0220.18eed2.9390SMTPIN_ADDED_MISSING@mx.google.com> Received: from [172.21.0.8] (unknown [172.18.0.240]) by postal.iol.unh.edu (Postfix) with ESMTP id 6F5326051830; Thu, 20 Nov 2025 01:34:07 -0500 (EST) Subject: |FAILURE| [GIT MASTER] 62f583c49bf67dd4d6733ece14e55fe6839e66d1 From: dpdklab@iol.unh.edu To: Test Report Cc: dpdk-test-reports@iol.unh.edu, Xueming Li , Kevin Traynor , Luca Boccassi Content-Type: text/plain X-BeenThere: test-report@dpdk.org X-Mailman-Version: 2.1.29 Precedence: list List-Id: automatic DPDK test reports List-Unsubscribe: , List-Archive: List-Post: List-Help: List-Subscribe: , Errors-To: test-report-bounces@dpdk.org _Testing issues_ Branch: tags/v23.11 62f583c49bf67dd4d6733ece14e55fe6839e66d1 --> testing issues Upstream job id: Generic-DPDK-Compile-Meson#446204 Test environment and result as below: +-------------------------------+--------------------+------------------+ | Environment | dpdk_meson_compile | dpdk_compile_ovs | +===============================+====================+==================+ | FreeBSD 14.2 | PASS | SKIPPED | +-------------------------------+--------------------+------------------+ | Red Hat Enterprise Linux 8.10 | PASS | SKIPPED | +-------------------------------+--------------------+------------------+ | Debian GNU/Linux 12 | PASS | SKIPPED | +-------------------------------+--------------------+------------------+ | Fedora Linux 42 | PASS | PASS | +-------------------------------+--------------------+------------------+ | Ubuntu 20.04 | PASS | SKIPPED | +-------------------------------+--------------------+------------------+ | Ubuntu 22.04 | PASS | SKIPPED | +-------------------------------+--------------------+------------------+ | CentOS Stream 9 | PASS | SKIPPED | +-------------------------------+--------------------+------------------+ | Alpine Linux 3.22.0 | PASS | SKIPPED | +-------------------------------+--------------------+------------------+ | Ubuntu 24.04 | PASS | PASS | +-------------------------------+--------------------+------------------+ | CentOS Stream 10 | PASS | SKIPPED | +-------------------------------+--------------------+------------------+ | openSUSE Leap 15.6 | PASS | SKIPPED | +-------------------------------+--------------------+------------------+ | Red Hat Enterprise Linux 9.5 | PASS | SKIPPED | +-------------------------------+--------------------+------------------+ FreeBSD 14.2 Kernel: 14.2-RELEASE Compiler: clang 18.1.6 Red Hat Enterprise Linux 8.10 Kernel: 5.15 Compiler: gcc gcc (GCC) 8.5.0 20210514 (Red Hat 8.5.0-22) Debian GNU/Linux 12 Kernel: 5.15 Compiler: gcc gcc (Debian 12.2.0-14+deb12u1) 12.2.0 Fedora Linux 42 Kernel: 5.15 Compiler: gcc gcc (GCC) 15.2.1 20250808 (Red Hat 15.2.1-1) Ubuntu 20.04 Kernel: 5.15 Compiler: gcc gcc (Ubuntu 9.4.0-1ubuntu1~20.04.2) 9.4.0 Ubuntu 22.04 Kernel: 5.15 Compiler: gcc gcc (Ubuntu 11.4.0-1ubuntu1~22.04) 11.4.0 CentOS Stream 9 Kernel: 5.15 Compiler: gcc gcc (GCC) 11.5.0 20240719 (Red Hat 11.5.0-11) Alpine Linux 3.22.0 Kernel: 5.15 Compiler: gcc gcc (Alpine 14.2.0) 14.2.0 Ubuntu 24.04 Kernel: 5.15 Compiler: gcc gcc (Ubuntu 13.3.0-6ubuntu2~24.04) 13.3.0 CentOS Stream 10 Kernel: 5.15 Compiler: gcc gcc (GCC) 14.2.1 20250110 (Red Hat 14.2.1-8) openSUSE Leap 15.6 Kernel: 5.15 Compiler: gcc gcc (SUSE Linux) 7.5.0 Red Hat Enterprise Linux 9.5 Kernel: 5.15 Compiler: gcc gcc (GCC) 11.5.0 20240719 (Red Hat 11.5.0-2) To view detailed results, visit: https://lab.dpdk.org/results/dashboard/tarballs/35661/ UNH-IOL DPDK Community Lab To manage your email subscriptions, visit: https://lab.dpdk.org/results/dashboard/preferences/subscriptions/