From mboxrd@z Thu Jan 1 00:00:00 1970 Return-Path: Received: from mails.dpdk.org (mails.dpdk.org [217.70.189.124]) by inbox.dpdk.org (Postfix) with ESMTP id BF7AC48B53 for ; Thu, 20 Nov 2025 07:34:24 +0100 (CET) Received: from mails.dpdk.org (localhost [127.0.0.1]) by mails.dpdk.org (Postfix) with ESMTP id B9DA840262; Thu, 20 Nov 2025 07:34:24 +0100 (CET) Received: from mail-qk1-f225.google.com (mail-qk1-f225.google.com [209.85.222.225]) by mails.dpdk.org (Postfix) with ESMTP id B10AA40262 for ; Thu, 20 Nov 2025 07:34:18 +0100 (CET) Received: by mail-qk1-f225.google.com with SMTP id af79cd13be357-8b2ec756de0so50370485a.3 for ; Wed, 19 Nov 2025 22:34:18 -0800 (PST) DKIM-Signature: v=1; a=rsa-sha256; c=relaxed/relaxed; d=iol.unh.edu; s=unh-iol; t=1763620458; x=1764225258; darn=dpdk.org; h=cc:to:from:subject:message-id:date:from:to:cc:subject:date :message-id:reply-to; bh=Q+L7gT4QO0vHiRq6YeZVt9rp0UCkIVORCniOvkYB9us=; b=BNUJFOomI2qf941BroG9+VXTB3f1X7fhxG2mj6H4O7kGRke9vDobmP1fF8CQNF7e0b 5i+cLfBfLYEkJ80H2wGJTZko64ATslVYnKEHsF1l8DiDnMHg+sI33j1Nk3FVWRBH4oEO w1Q27Rvs1OexjbZRbPeR3+BHy2Y9n6w8cGMMA= X-Google-DKIM-Signature: v=1; a=rsa-sha256; c=relaxed/relaxed; d=1e100.net; s=20230601; t=1763620458; x=1764225258; h=cc:to:from:subject:message-id:date:x-gm-gg:x-gm-message-state:from :to:cc:subject:date:message-id:reply-to; bh=Q+L7gT4QO0vHiRq6YeZVt9rp0UCkIVORCniOvkYB9us=; b=nzCUCkXema+pRKE4HS3+IEMlKt7oEQ0mjNeDIudLX8HpPlF+55TPk94I8dcuo3xH1f fn/6G+++E4QWZJ1x9Ugp9BrXdshV7cjJk9VOn00+H2K8EIdGtKFrXTdObjWrP0LrX3Ce Xmj8h1ZU9V25oNHiSMzLyVcOMBgz6aQkuSZVZW0bgoTV/EtjQWSRcKKYXvFDPcDB7AB3 1cN3oSRnpEKdIWVL6m6TfezOvQqT8lAP9uWQet9ntsVWqOwhah72DJKprvWr3hnOoqLR 0ado0H1hf0jBO6MvNOEgZQfI82wBMt2GfMJh6lFs6hCRyr+DpVlKaTu8K/xYll6nITYp 2mNQ== X-Gm-Message-State: AOJu0YyYUD7RLTByvc5Yq94nht2pM3K0OTNd4ZtRibqFfYDX3nOQshYi G9o4SQVu+VO9acAWfLkK/nqmOKJ9xPk2NtKA52Fuce1kW3yqzrN40Lm47AXetATVRUgd9ecfooA zfgUmNCE96mtUKns5g17V405IW5XagUYid/ww X-Gm-Gg: ASbGnctqrWJcby2pXzfbZiqA/bjamfJ8vrWFR5+Ftm8xqD2aSJpjqN27L4vEOWl9xGZ gnCcpA0JvBSegOM6MpbS+ZccdcmtgArRvmVzNzk8k7tLq1AJGaKEp5xojWWUhIxYxGCctUyoZ3B nbGhc7N9HSdvnyC9u+gMn9UbUaGwOnU83UGlASYPqIURi3rupRjeztC5IYpyTWGLOgedS96LTl7 jFPYdZhQu62rhhBAqIqejH28DOUjQUBxYzV1j1Ha3QFmiFQpJSernDc+MaxRXQ4/EQPHtqdVJB0 gpA1iNm0pt2vHdSMvmq5YFeni+6uj2z67IDjysgZ/FXKeWqTgykSc6X4/eHpkGBRq8k96JcylbD mjYVCXWNtuGMqxMfsel3oC3teLTyATr3liIYDFhSibQ== X-Google-Smtp-Source: AGHT+IE0EvwfwOkwVaRrvoxBjZKVF2RKyX/8GMthvB76WVQKxrtErHc6i3uEs91F0aGmL+/BaR54CyMC6CUM X-Received: by 2002:a05:620a:28d6:b0:8b2:d259:6138 with SMTP id af79cd13be357-8b32748a6f3mr266663885a.58.1763620458100; Wed, 19 Nov 2025 22:34:18 -0800 (PST) Received: from postal.iol.unh.edu (postal.iol.unh.edu. [132.177.123.84]) by smtp-relay.gmail.com with ESMTPS id af79cd13be357-8b32959f60bsm14614985a.6.2025.11.19.22.34.18 (version=TLS1_2 cipher=ECDHE-ECDSA-AES128-GCM-SHA256 bits=128/128); Wed, 19 Nov 2025 22:34:18 -0800 (PST) X-Relaying-Domain: iol.unh.edu Date: Wed, 19 Nov 2025 22:34:18 -0800 (PST) Message-ID: <691eb66a.050a0220.2b7c57.757cSMTPIN_ADDED_MISSING@mx.google.com> Received: from [172.21.0.6] (unknown [172.18.0.240]) by postal.iol.unh.edu (Postfix) with ESMTP id ABB706051830; Thu, 20 Nov 2025 01:34:17 -0500 (EST) Subject: |FAILURE| [GIT MASTER] 62f583c49bf67dd4d6733ece14e55fe6839e66d1 From: dpdklab@iol.unh.edu To: Test Report Cc: dpdk-test-reports@iol.unh.edu, Xueming Li , Kevin Traynor , Luca Boccassi Content-Type: text/plain X-BeenThere: test-report@dpdk.org X-Mailman-Version: 2.1.29 Precedence: list List-Id: automatic DPDK test reports List-Unsubscribe: , List-Archive: List-Post: List-Help: List-Subscribe: , Errors-To: test-report-bounces@dpdk.org _Testing issues_ Branch: tags/v23.11 62f583c49bf67dd4d6733ece14e55fe6839e66d1 --> testing issues Upstream job id: Generic-DPDK-Compile-Meson#446199 Test environment and result as below: +-------------------------------+--------------------+------------------+ | Environment | dpdk_meson_compile | dpdk_compile_ovs | +===============================+====================+==================+ | FreeBSD 14.2 | PASS | SKIPPED | +-------------------------------+--------------------+------------------+ | Red Hat Enterprise Linux 8.10 | PASS | SKIPPED | +-------------------------------+--------------------+------------------+ | Debian GNU/Linux 12 | PASS | SKIPPED | +-------------------------------+--------------------+------------------+ | Fedora Linux 42 | PASS | PASS | +-------------------------------+--------------------+------------------+ | Ubuntu 20.04 | PASS | SKIPPED | +-------------------------------+--------------------+------------------+ | Ubuntu 22.04 | PASS | SKIPPED | +-------------------------------+--------------------+------------------+ | CentOS Stream 9 | PASS | SKIPPED | +-------------------------------+--------------------+------------------+ | Alpine Linux 3.22.0 | PASS | SKIPPED | +-------------------------------+--------------------+------------------+ | Ubuntu 24.04 | PASS | PASS | +-------------------------------+--------------------+------------------+ | CentOS Stream 10 | PASS | SKIPPED | +-------------------------------+--------------------+------------------+ | openSUSE Leap 15.6 | PASS | SKIPPED | +-------------------------------+--------------------+------------------+ | Red Hat Enterprise Linux 9.5 | PASS | SKIPPED | +-------------------------------+--------------------+------------------+ FreeBSD 14.2 Kernel: 14.2-RELEASE Compiler: clang 18.1.6 Red Hat Enterprise Linux 8.10 Kernel: 5.15 Compiler: gcc gcc (GCC) 8.5.0 20210514 (Red Hat 8.5.0-22) Debian GNU/Linux 12 Kernel: 5.15 Compiler: gcc gcc (Debian 12.2.0-14+deb12u1) 12.2.0 Fedora Linux 42 Kernel: 5.15 Compiler: gcc gcc (GCC) 15.2.1 20250808 (Red Hat 15.2.1-1) Ubuntu 20.04 Kernel: 5.15 Compiler: gcc gcc (Ubuntu 9.4.0-1ubuntu1~20.04.2) 9.4.0 Ubuntu 22.04 Kernel: 5.15 Compiler: gcc gcc (Ubuntu 11.4.0-1ubuntu1~22.04) 11.4.0 CentOS Stream 9 Kernel: 5.15 Compiler: gcc gcc (GCC) 11.5.0 20240719 (Red Hat 11.5.0-11) Alpine Linux 3.22.0 Kernel: 5.15 Compiler: gcc gcc (Alpine 14.2.0) 14.2.0 Ubuntu 24.04 Kernel: 5.15 Compiler: gcc gcc (Ubuntu 13.3.0-6ubuntu2~24.04) 13.3.0 CentOS Stream 10 Kernel: 5.15 Compiler: gcc gcc (GCC) 14.2.1 20250110 (Red Hat 14.2.1-8) openSUSE Leap 15.6 Kernel: 5.15 Compiler: gcc gcc (SUSE Linux) 7.5.0 Red Hat Enterprise Linux 9.5 Kernel: 5.15 Compiler: gcc gcc (GCC) 11.5.0 20240719 (Red Hat 11.5.0-2) To view detailed results, visit: https://lab.dpdk.org/results/dashboard/tarballs/35661/ UNH-IOL DPDK Community Lab To manage your email subscriptions, visit: https://lab.dpdk.org/results/dashboard/preferences/subscriptions/