From mboxrd@z Thu Jan 1 00:00:00 1970 Return-Path: Received: from mails.dpdk.org (mails.dpdk.org [217.70.189.124]) by inbox.dpdk.org (Postfix) with ESMTP id DAECC48B53 for ; Thu, 20 Nov 2025 07:34:49 +0100 (CET) Received: from mails.dpdk.org (localhost [127.0.0.1]) by mails.dpdk.org (Postfix) with ESMTP id D60AC40262; Thu, 20 Nov 2025 07:34:49 +0100 (CET) Received: from mail-qv1-f99.google.com (mail-qv1-f99.google.com [209.85.219.99]) by mails.dpdk.org (Postfix) with ESMTP id AAC3C40262 for ; Thu, 20 Nov 2025 07:34:42 +0100 (CET) Received: by mail-qv1-f99.google.com with SMTP id 6a1803df08f44-8738c6fdbe8so6114446d6.1 for ; Wed, 19 Nov 2025 22:34:42 -0800 (PST) DKIM-Signature: v=1; a=rsa-sha256; c=relaxed/relaxed; d=iol.unh.edu; s=unh-iol; t=1763620482; x=1764225282; darn=dpdk.org; h=cc:to:from:subject:message-id:date:from:to:cc:subject:date :message-id:reply-to; bh=1VbKgN0Z/csm17K0XWRLUXLn2RMNAqwKTPqybZKLpKg=; b=jym403LJgbJd6XVwLoW4vJhL3bcTBPEK8UdKS56YLCv9c48nuZfVQajN2fUaYpRDzx QXc9Ua3+qLmvRYfW0zswwlkktfx0Cw9P40aB+NjfHM47M5iV7PpOs3GvGIqyBDXlKrSG 6ZBUrWUlwZCZ4TflGn8uRlm4o3LWHuyC+UfLk= X-Google-DKIM-Signature: v=1; a=rsa-sha256; c=relaxed/relaxed; d=1e100.net; s=20230601; t=1763620482; x=1764225282; h=cc:to:from:subject:message-id:date:x-gm-gg:x-gm-message-state:from :to:cc:subject:date:message-id:reply-to; bh=1VbKgN0Z/csm17K0XWRLUXLn2RMNAqwKTPqybZKLpKg=; b=ojlC66cXG7ccQuglvtRJPihh0SDdcJJUcQVL32eEoQk/txFe7Pwyms/9fRjC/fnDWt iGJYi680X6gZxg4ogd455u6/U9E1tLTz+hiH4GP8ufl9I+XNZinl24pMjiRk1d/O08NU MsUO0m8q2cGZ66JiuXthViZbk6t9pa40cQuhuMqioyi0Lcij3SHdGKmQRrAEt1/AA5wd W0grcxLomYmvPwRruT3AHILxuBHfjga5q3Q758pX+nEthHHUOz0BaugIjzo9OHIWTS29 AEBmBUoka++MEattrWQaq2lEqwcWnXqhgewKNRZpr3kPie07CGivx2IRrK841yj48ZFY pZAQ== X-Gm-Message-State: AOJu0YwYCvuoBLU9IEJ6KXBBSY2hVTaMrdh88oQjxe8LBBIToLQtGl8s XRCtTtC+fET7YPvEfgS7xJ5mc2FtSYRJNhYOO8jVfx4cvsYkWe5dazLkek0fRHBFWpLMp02gNu6 zcWncHYm9hQHovVtwbZfN6J4/ruQYsJ/rvhATBSRfeV/BomGHjJ7b X-Gm-Gg: ASbGncuKcB7KKM9ioKpktCwUpx3B2AgjGujKMcXjTmmHCLkAvhqV3Zgt3mRdnV2LGz7 B1A9OqXSKlQe+7TXAiLsq9cIMniuEEQw+5txte1N7MTuJD2W9xh8zMJytTkcNjeLcE1GoYphlBF JumApYygK0zJCILoXUWOE5ywp9orRp2l6iKHry4WcY+pl/koPpjBvDj7MT2kBGAWsAqwsv06B7z 7o0xoHfWxWAPUbc05XVlGlHbthumzarvps2vhEYy6CqoNWyqq2SAoXoLfNC0tXBNOp3lGOAkpSZ uIrJwhK1klwno+U15SbO5CUi6IoJ+PqsSYmp2BeUSj2Y/KKkekvuYtVFdZVTOV/jTron8UpZaBy JcBsvy0zU25wuJW6mJRM= X-Google-Smtp-Source: AGHT+IHQAkEv2ezRFPYGBrsw7+nYQ5ZBsn/qOClVveVxFZkhpoos10RZdTC8bhZ8ck2k4XBpQvfAfh/ioAGh X-Received: by 2002:a05:6214:5d0e:b0:880:4c2b:1c29 with SMTP id 6a1803df08f44-88470155a9dmr16385016d6.31.1763620482092; Wed, 19 Nov 2025 22:34:42 -0800 (PST) Received: from postal.iol.unh.edu (postal.iol.unh.edu. [2606:4100:3880:1234::84]) by smtp-relay.gmail.com with ESMTPS id 6a1803df08f44-8846e59a476sm1685416d6.23.2025.11.19.22.34.42 (version=TLS1_2 cipher=ECDHE-ECDSA-AES128-GCM-SHA256 bits=128/128); Wed, 19 Nov 2025 22:34:42 -0800 (PST) X-Relaying-Domain: iol.unh.edu Date: Wed, 19 Nov 2025 22:34:42 -0800 (PST) Message-ID: <691eb682.050a0220.1d97ea.88c6SMTPIN_ADDED_MISSING@mx.google.com> Received: from [172.21.0.10] (unknown [172.18.0.240]) by postal.iol.unh.edu (Postfix) with ESMTP id D145C6051830; Thu, 20 Nov 2025 01:34:41 -0500 (EST) Subject: |FAILURE| [GIT MASTER] 62f583c49bf67dd4d6733ece14e55fe6839e66d1 From: dpdklab@iol.unh.edu To: Test Report Cc: dpdk-test-reports@iol.unh.edu, Xueming Li , Kevin Traynor , Luca Boccassi Content-Type: text/plain X-BeenThere: test-report@dpdk.org X-Mailman-Version: 2.1.29 Precedence: list List-Id: automatic DPDK test reports List-Unsubscribe: , List-Archive: List-Post: List-Help: List-Subscribe: , Errors-To: test-report-bounces@dpdk.org _Testing issues_ Branch: tags/v23.11 62f583c49bf67dd4d6733ece14e55fe6839e66d1 --> testing issues Upstream job id: Generic-DPDK-Compile-Meson#446202 Test environment and result as below: +-------------------------------+--------------------+------------------+ | Environment | dpdk_meson_compile | dpdk_compile_ovs | +===============================+====================+==================+ | FreeBSD 14.2 | PASS | SKIPPED | +-------------------------------+--------------------+------------------+ | Red Hat Enterprise Linux 8.10 | PASS | SKIPPED | +-------------------------------+--------------------+------------------+ | Debian GNU/Linux 12 | PASS | SKIPPED | +-------------------------------+--------------------+------------------+ | Fedora Linux 42 | PASS | PASS | +-------------------------------+--------------------+------------------+ | Ubuntu 20.04 | PASS | SKIPPED | +-------------------------------+--------------------+------------------+ | Ubuntu 22.04 | PASS | SKIPPED | +-------------------------------+--------------------+------------------+ | CentOS Stream 9 | PASS | SKIPPED | +-------------------------------+--------------------+------------------+ | Alpine Linux 3.22.0 | PASS | SKIPPED | +-------------------------------+--------------------+------------------+ | Ubuntu 24.04 | PASS | PASS | +-------------------------------+--------------------+------------------+ | CentOS Stream 10 | PASS | SKIPPED | +-------------------------------+--------------------+------------------+ | openSUSE Leap 15.6 | PASS | SKIPPED | +-------------------------------+--------------------+------------------+ | Red Hat Enterprise Linux 9.5 | PASS | SKIPPED | +-------------------------------+--------------------+------------------+ FreeBSD 14.2 Kernel: 14.2-RELEASE Compiler: clang 18.1.6 Red Hat Enterprise Linux 8.10 Kernel: 5.15 Compiler: gcc gcc (GCC) 8.5.0 20210514 (Red Hat 8.5.0-22) Debian GNU/Linux 12 Kernel: 5.15 Compiler: gcc gcc (Debian 12.2.0-14+deb12u1) 12.2.0 Fedora Linux 42 Kernel: 5.15 Compiler: gcc gcc (GCC) 15.2.1 20250808 (Red Hat 15.2.1-1) Ubuntu 20.04 Kernel: 5.15 Compiler: gcc gcc (Ubuntu 9.4.0-1ubuntu1~20.04.2) 9.4.0 Ubuntu 22.04 Kernel: 5.15 Compiler: gcc gcc (Ubuntu 11.4.0-1ubuntu1~22.04) 11.4.0 CentOS Stream 9 Kernel: 5.15 Compiler: gcc gcc (GCC) 11.5.0 20240719 (Red Hat 11.5.0-11) Alpine Linux 3.22.0 Kernel: 5.15 Compiler: gcc gcc (Alpine 14.2.0) 14.2.0 Ubuntu 24.04 Kernel: 5.15 Compiler: gcc gcc (Ubuntu 13.3.0-6ubuntu2~24.04) 13.3.0 CentOS Stream 10 Kernel: 5.15 Compiler: gcc gcc (GCC) 14.2.1 20250110 (Red Hat 14.2.1-8) openSUSE Leap 15.6 Kernel: 5.15 Compiler: gcc gcc (SUSE Linux) 7.5.0 Red Hat Enterprise Linux 9.5 Kernel: 5.15 Compiler: gcc gcc (GCC) 11.5.0 20240719 (Red Hat 11.5.0-2) To view detailed results, visit: https://lab.dpdk.org/results/dashboard/tarballs/35661/ UNH-IOL DPDK Community Lab To manage your email subscriptions, visit: https://lab.dpdk.org/results/dashboard/preferences/subscriptions/