From mboxrd@z Thu Jan 1 00:00:00 1970 Return-Path: Received: from mails.dpdk.org (mails.dpdk.org [217.70.189.124]) by inbox.dpdk.org (Postfix) with ESMTP id 4B94F48B58 for ; Thu, 20 Nov 2025 10:49:56 +0100 (CET) Received: from mails.dpdk.org (localhost [127.0.0.1]) by mails.dpdk.org (Postfix) with ESMTP id 0CECC40262; Thu, 20 Nov 2025 10:49:56 +0100 (CET) Received: from mail-qk1-f225.google.com (mail-qk1-f225.google.com [209.85.222.225]) by mails.dpdk.org (Postfix) with ESMTP id 0B61040262 for ; Thu, 20 Nov 2025 10:49:55 +0100 (CET) Received: by mail-qk1-f225.google.com with SMTP id af79cd13be357-8b2dcdde65bso95337385a.0 for ; Thu, 20 Nov 2025 01:49:54 -0800 (PST) DKIM-Signature: v=1; a=rsa-sha256; c=relaxed/relaxed; d=iol.unh.edu; s=unh-iol; t=1763632194; x=1764236994; darn=dpdk.org; h=cc:to:from:subject:message-id:date:from:to:cc:subject:date :message-id:reply-to; bh=efalv5BSM7HBwq5cGgcw2wKuD9k21SJO5TdIN1F0MiE=; b=WNDd7k0DrBhhOxbsz/Wxt7C99njXeWpY9zby26h85tg1YSBTLwlRGlm7fkOATYcy0s Heqkq+913lBR1/0onJEOABWU1FqkQtOkwlJNBv5LzA/0fT0HZwMEJvTSnUlVFjlxxZm1 pNkNbG0AL9PrTEHIPISYk9W3fPo/cTWsXqXlc= X-Google-DKIM-Signature: v=1; a=rsa-sha256; c=relaxed/relaxed; d=1e100.net; s=20230601; t=1763632194; x=1764236994; h=cc:to:from:subject:message-id:date:x-gm-gg:x-gm-message-state:from :to:cc:subject:date:message-id:reply-to; bh=efalv5BSM7HBwq5cGgcw2wKuD9k21SJO5TdIN1F0MiE=; b=ustpETAMHJ6N/7iL8B8OuKqxrAu3jMbApMgTrnzxaJwUSgx6idvukG/HEAb4oE1MYB saywgRtXmyzLpjud4MYLES/xqvEMTqKu2a50TwsW+uEhzqrQvqxIUA6H729BZxmrCvcp 8nDeXC865u/ZT8tyyuUNr4ZijxyJrTVHmtnc9TYM5KYnwuC+DSykn1nUafq+BG7uo3Y2 OGF0ySBG8avroqttQdkqWJzPMjzzu9XdvipMSdpUwnS1SWtcxlukaYdjvEVHAfyaapN7 3NxPzmZfgjISe5mOov9tTaiPSM7DO9s7xr25yIuUwwUW1H7la5OlWNOxtfbpufb95t1w i7xw== X-Gm-Message-State: AOJu0YxoopjeHQoJOQH3uY3NgtFTujgL26AvsskeyRtS2FtJAZBcKs1V /EG4JoEnieQLQxVIScsyg8MTZHeLrvnCBC/Fr/T4DkPuAJjRiltq5BlzNJbaTUEnvBRnH0v+f0E e3QBKNUfeWNm5lxbfQ5OvDK3YBY2WRcvGv6GYMvRbBMU/HVTApLTi X-Gm-Gg: ASbGncuIgYPNtqSweFB2NpN+bcmtEgriWm8N1wyMvk3tjbPZdrIsEndXruzHf29jCuC 7miiFsJ/uiySu4HdWTtbEXsbUOUEg/AwdibMLzoPWqe3siJwNeQ4X1rlNrNo7RfyVZClaW0GcQn MFP2/iR0934CKeKK2dY501o6Y+db1da6O9kGYsqFVSYWUXqWfePvyzXJNvDmV3YQzJ24Wio6wwp URpt2QHotVkGFA6wDnJ6SlMsPG9JU2IHiZoMj3QIkKJ8y4BWj1JW4k56dOv/RvddUVxKRXWUK3S 0FmUAdT9KUuMO2xWgwydaGpWwTl06Nylt+zwPfYirgs60fTVJlKscu2C5W0/5NPyhj9DXle86yv MMQTD+/IlXL7cwqJilBc= X-Google-Smtp-Source: AGHT+IHNTsuRvzNjGzjZCQXNA2j3qC7TmMYbVpkRj6RWHVHCRWWeQtKmBz/hMVhW3Cv+mH4tIOkIdRNBJYYq X-Received: by 2002:a05:620a:4687:b0:8b2:6bdf:3d11 with SMTP id af79cd13be357-8b327309f79mr305893385a.10.1763632194185; Thu, 20 Nov 2025 01:49:54 -0800 (PST) Received: from postal.iol.unh.edu (postal.iol.unh.edu. [2606:4100:3880:1234::84]) by smtp-relay.gmail.com with ESMTPS id af79cd13be357-8b32957f0c4sm18610785a.4.2025.11.20.01.49.54 (version=TLS1_2 cipher=ECDHE-ECDSA-AES128-GCM-SHA256 bits=128/128); Thu, 20 Nov 2025 01:49:54 -0800 (PST) X-Relaying-Domain: iol.unh.edu Date: Thu, 20 Nov 2025 01:49:54 -0800 (PST) Message-ID: <691ee442.050a0220.1bff87.922cSMTPIN_ADDED_MISSING@mx.google.com> Received: from [172.21.0.2] (unknown [172.18.0.240]) by postal.iol.unh.edu (Postfix) with ESMTP id B9EC86051830; Thu, 20 Nov 2025 04:49:53 -0500 (EST) Subject: |FAILURE| [GIT MASTER] 62f583c49bf67dd4d6733ece14e55fe6839e66d1 From: dpdklab@iol.unh.edu To: Test Report Cc: dpdk-test-reports@iol.unh.edu, Xueming Li , Kevin Traynor , Luca Boccassi Content-Type: text/plain X-BeenThere: test-report@dpdk.org X-Mailman-Version: 2.1.29 Precedence: list List-Id: automatic DPDK test reports List-Unsubscribe: , List-Archive: List-Post: List-Help: List-Subscribe: , Errors-To: test-report-bounces@dpdk.org _Testing issues_ Branch: tags/v23.11 62f583c49bf67dd4d6733ece14e55fe6839e66d1 --> testing issues Upstream job id: Generic-DPDK-Compile-Meson#446214 Test environment and result as below: +------------------------------+--------------------+ | Environment | dpdk_meson_compile | +==============================+====================+ | Ubuntu 20.04 | PASS | +------------------------------+--------------------+ | Red Hat Enterprise Linux 9.5 | PASS | +------------------------------+--------------------+ | CentOS Stream 9 | PASS | +------------------------------+--------------------+ | Debian GNU/Linux 12 | PASS | +------------------------------+--------------------+ | Fedora Linux 42 | PASS | +------------------------------+--------------------+ | Ubuntu 22.04 | PASS | +------------------------------+--------------------+ | CentOS Stream 10 | PASS | +------------------------------+--------------------+ | Ubuntu 24.04 | PASS | +------------------------------+--------------------+ Ubuntu 20.04 Kernel: 5.15 Compiler: aarch64-linux-gnu-gcc gcc (Ubuntu 9.4.0-1ubuntu1~20.04.2) 9.4.0 Red Hat Enterprise Linux 9.5 Kernel: 5.4 Compiler: gcc gcc (GCC) 11.5.0 20240719 (Red Hat 11.5.0-2) CentOS Stream 9 Kernel: 5.4 Compiler: gcc gcc (GCC) 11.5.0 20240719 (Red Hat 11.5.0-11) Debian GNU/Linux 12 Kernel: 5.4 Compiler: gcc gcc (Debian 12.2.0-14+deb12u1) 12.2.0 Fedora Linux 42 Kernel: 5.4 Compiler: gcc gcc (GCC) 15.2.1 20250808 (Red Hat 15.2.1-1) Ubuntu 22.04 Kernel: 5.4 Compiler: gcc gcc (Ubuntu 11.4.0-1ubuntu1~22.04) 11.4.0 CentOS Stream 10 Kernel: 5.4 Compiler: gcc gcc (GCC) 14.2.1 20250110 (Red Hat 14.2.1-8) Ubuntu 24.04 Kernel: 5.4 Compiler: gcc gcc (Ubuntu 13.3.0-6ubuntu2~24.04) 13.3.0 To view detailed results, visit: https://lab.dpdk.org/results/dashboard/tarballs/35661/ UNH-IOL DPDK Community Lab To manage your email subscriptions, visit: https://lab.dpdk.org/results/dashboard/preferences/subscriptions/