From mboxrd@z Thu Jan 1 00:00:00 1970 Return-Path: Received: from mails.dpdk.org (mails.dpdk.org [217.70.189.124]) by inbox.dpdk.org (Postfix) with ESMTP id CD4C348B5C for ; Thu, 20 Nov 2025 19:59:20 +0100 (CET) Received: from mails.dpdk.org (localhost [127.0.0.1]) by mails.dpdk.org (Postfix) with ESMTP id C7EBB40267; Thu, 20 Nov 2025 19:59:20 +0100 (CET) Received: from mail-yw1-f225.google.com (mail-yw1-f225.google.com [209.85.128.225]) by mails.dpdk.org (Postfix) with ESMTP id B5AA440267 for ; Thu, 20 Nov 2025 19:59:19 +0100 (CET) Received: by mail-yw1-f225.google.com with SMTP id 00721157ae682-787c9f90eccso13202697b3.3 for ; Thu, 20 Nov 2025 10:59:19 -0800 (PST) DKIM-Signature: v=1; a=rsa-sha256; c=relaxed/relaxed; d=iol.unh.edu; s=unh-iol; t=1763665159; x=1764269959; darn=dpdk.org; h=cc:to:from:subject:message-id:date:from:to:cc:subject:date :message-id:reply-to; bh=e3/Ea2ioAR8DT+7dmDtSLMoloEZ7V5HyG7/aeNEBf6I=; b=B7UXa4WQ9vY9aNfdS3FJEG3JVCwMAZonlYkC1R13+2c3xwXUnhqINTQ+D9E74TLZfN VsFODFTDanp7gNqKsmRVsCNPujJDGjsFxPU0Try3+DKO/S3n/7uf0tORnFnozwWbBB15 HfZFvmETxpt4V26Hl54MbWPUlcGly9jMXMFss= X-Google-DKIM-Signature: v=1; a=rsa-sha256; c=relaxed/relaxed; d=1e100.net; s=20230601; t=1763665159; x=1764269959; h=cc:to:from:subject:message-id:date:x-gm-gg:x-gm-message-state:from :to:cc:subject:date:message-id:reply-to; bh=e3/Ea2ioAR8DT+7dmDtSLMoloEZ7V5HyG7/aeNEBf6I=; b=CRHzvPhVcKd8nf9aN6cV8fI4Tniun2yJuSTOlBPyrhyMgvMcaN6/AX94RIwgI2mpjb LMDEx3okAF2nBHEVkBAAEUlqvMBU7QwOkPH1lArSkAv4umGpDiqcyz2dlV+uDkEW3AgM f8vbpadrWbZLLHNxousc3yKvHulJLBOJq6LraK51VO/9PiLD0eEZ+7yK3tf1smVCfIMU VU0TbmzkwU0QWVuJbwE6h8vL2DtWj1Z1cPwxsblXA8FakqGAZCxKvPrl0Iw1i6G6mV9x SfaI0OVv/HGtF31+b6Kq9B/do91mFAs5NdeQIVrgLmtUQG9/z3gB4/cQGt3K4UD+e5qx DUnw== X-Gm-Message-State: AOJu0YyfvWPLM4a+Sf5Xbtt+7Bmu2eDNDdRL46h8HlW0uHJUwQ1vCROy B/lL0VnVSZsk0BhOOQdOO6QvM8jUXWw5uOLPelq1Q/62wIJoKn773rlgP9zPnu6jR6ShAhVNyQ0 W/tpRrDXA9xAKCWu27oFNjHm6nhiu/7MjhWY7 X-Gm-Gg: ASbGncv+3Yt3G6qI6UlwgC1dZHOfkhuPIysYYg+LBv8DBiodnAICxYs67zMt39I51qY IPtHV9svO6Ped+GjuUF6E46elen+kC7h5n7UmWvetj0zQhNOldlTR9FP8zZc2yQX5EoSSJwNsRE cFSk4Nyha5169EDJSotT3MmK3LnybZedAop8cNDBTz7pbCSnf9IrbT+Jr3edH+ccHxu0oQEnHlU q1gdBI8NqpEi2Bd41lC5/Mf/n+tZqtgPijDJs1Y+WAEZb8X//gHMKQs5TuP4EOEytQHkKFOWCR4 i5HxRQmI2g7Nyg2rqlPCgRkL6ibgSvbaj7eBs15AuzuPiu2Vpw3ZWGUTLzuYJze0oW7xLqy4uIc EByjacDgUyRn86vfX/2pLlOyeeXIo1j4U24DJv9+yzA== X-Google-Smtp-Source: AGHT+IHJ9mprBmr9mJVEx6/CmdCKVfp/CisyT9BYjfDfgc9YxofFM4UuFEkmxSCMUJLgO0cVFhSwDTmYB6rP X-Received: by 2002:a05:690c:34c1:b0:784:8cb4:d935 with SMTP id 00721157ae682-78a796aba01mr35089387b3.65.1763665159057; Thu, 20 Nov 2025 10:59:19 -0800 (PST) Received: from postal.iol.unh.edu (postal.iol.unh.edu. [132.177.123.84]) by smtp-relay.gmail.com with ESMTPS id 00721157ae682-78a79945f5bsm2093747b3.27.2025.11.20.10.59.18 (version=TLS1_2 cipher=ECDHE-ECDSA-AES128-GCM-SHA256 bits=128/128); Thu, 20 Nov 2025 10:59:19 -0800 (PST) X-Relaying-Domain: iol.unh.edu Date: Thu, 20 Nov 2025 10:59:19 -0800 (PST) Message-ID: <691f6507.050a0220.10846b.a736SMTPIN_ADDED_MISSING@mx.google.com> Received: from [172.21.0.7] (unknown [172.18.0.240]) by postal.iol.unh.edu (Postfix) with ESMTP id B4B2C604D420; Thu, 20 Nov 2025 13:59:18 -0500 (EST) Subject: |FAILURE| [GIT MASTER] 62f583c49bf67dd4d6733ece14e55fe6839e66d1 From: dpdklab@iol.unh.edu To: Test Report Cc: dpdk-test-reports@iol.unh.edu, Xueming Li , Kevin Traynor , Luca Boccassi Content-Type: text/plain X-BeenThere: test-report@dpdk.org X-Mailman-Version: 2.1.29 Precedence: list List-Id: automatic DPDK test reports List-Unsubscribe: , List-Archive: List-Post: List-Help: List-Subscribe: , Errors-To: test-report-bounces@dpdk.org _Testing issues_ Branch: tags/v23.11 62f583c49bf67dd4d6733ece14e55fe6839e66d1 --> testing issues Upstream job id: Windows-Compile-DPDK-VS#7616 Test environment and result as below: +-------------------------------+--------------------+------------------+-------------------+ | Environment | dpdk_meson_compile | dpdk_compile_ovs | dpdk_msvc_compile | +===============================+====================+==================+===================+ | FreeBSD 14.2 | PASS | SKIPPED | SKIPPED | +-------------------------------+--------------------+------------------+-------------------+ | Red Hat Enterprise Linux 8.10 | PASS | SKIPPED | SKIPPED | +-------------------------------+--------------------+------------------+-------------------+ | Debian GNU/Linux 12 | PASS | SKIPPED | SKIPPED | +-------------------------------+--------------------+------------------+-------------------+ | Fedora Linux 42 | PASS | PASS | SKIPPED | +-------------------------------+--------------------+------------------+-------------------+ | Ubuntu 20.04 | PASS | SKIPPED | SKIPPED | +-------------------------------+--------------------+------------------+-------------------+ | Ubuntu 22.04 | PASS | SKIPPED | SKIPPED | +-------------------------------+--------------------+------------------+-------------------+ | CentOS Stream 9 | PASS | SKIPPED | SKIPPED | +-------------------------------+--------------------+------------------+-------------------+ | Alpine Linux 3.22.0 | PASS | SKIPPED | SKIPPED | +-------------------------------+--------------------+------------------+-------------------+ | Ubuntu 24.04 | PASS | PASS | SKIPPED | +-------------------------------+--------------------+------------------+-------------------+ | CentOS Stream 10 | PASS | SKIPPED | SKIPPED | +-------------------------------+--------------------+------------------+-------------------+ | openSUSE Leap 15.6 | PASS | SKIPPED | SKIPPED | +-------------------------------+--------------------+------------------+-------------------+ | Red Hat Enterprise Linux 9.5 | PASS | SKIPPED | SKIPPED | +-------------------------------+--------------------+------------------+-------------------+ | Windows Server 2022 | SKIPPED | SKIPPED | PASS | +-------------------------------+--------------------+------------------+-------------------+ FreeBSD 14.2 Kernel: 14.2-RELEASE Compiler: clang 18.1.6 Red Hat Enterprise Linux 8.10 Kernel: 5.15 Compiler: gcc gcc (GCC) 8.5.0 20210514 (Red Hat 8.5.0-22) Debian GNU/Linux 12 Kernel: 5.15 Compiler: gcc gcc (Debian 12.2.0-14+deb12u1) 12.2.0 Fedora Linux 42 Kernel: 5.15 Compiler: gcc gcc (GCC) 15.2.1 20250808 (Red Hat 15.2.1-1) Ubuntu 20.04 Kernel: 5.15 Compiler: gcc gcc (Ubuntu 9.4.0-1ubuntu1~20.04.2) 9.4.0 Ubuntu 22.04 Kernel: 5.15 Compiler: gcc gcc (Ubuntu 11.4.0-1ubuntu1~22.04) 11.4.0 CentOS Stream 9 Kernel: 5.15 Compiler: gcc gcc (GCC) 11.5.0 20240719 (Red Hat 11.5.0-11) Alpine Linux 3.22.0 Kernel: 5.15 Compiler: gcc gcc (Alpine 14.2.0) 14.2.0 Ubuntu 24.04 Kernel: 5.15 Compiler: gcc gcc (Ubuntu 13.3.0-6ubuntu2~24.04) 13.3.0 CentOS Stream 10 Kernel: 5.15 Compiler: gcc gcc (GCC) 14.2.1 20250110 (Red Hat 14.2.1-8) openSUSE Leap 15.6 Kernel: 5.15 Compiler: gcc gcc (SUSE Linux) 7.5.0 Red Hat Enterprise Linux 9.5 Kernel: 5.15 Compiler: gcc gcc (GCC) 11.5.0 20240719 (Red Hat 11.5.0-2) Windows Server 2022 Kernel: 10.0.20348.2031 Compiler: clang 15.0.7, gcc 14.1.0 (MinGW), and MSVC VS 19.39.33521 To view detailed results, visit: https://lab.dpdk.org/results/dashboard/tarballs/35661/ UNH-IOL DPDK Community Lab To manage your email subscriptions, visit: https://lab.dpdk.org/results/dashboard/preferences/subscriptions/