From mboxrd@z Thu Jan 1 00:00:00 1970 Return-Path: Received: from mails.dpdk.org (mails.dpdk.org [217.70.189.124]) by inbox.dpdk.org (Postfix) with ESMTP id 080A448B5D for ; Thu, 20 Nov 2025 20:50:00 +0100 (CET) Received: from mails.dpdk.org (localhost [127.0.0.1]) by mails.dpdk.org (Postfix) with ESMTP id 00BF040267; Thu, 20 Nov 2025 20:50:00 +0100 (CET) Received: from mail-pf1-f225.google.com (mail-pf1-f225.google.com [209.85.210.225]) by mails.dpdk.org (Postfix) with ESMTP id 92DAE40267 for ; Thu, 20 Nov 2025 20:49:58 +0100 (CET) Received: by mail-pf1-f225.google.com with SMTP id d2e1a72fcca58-7b9387df58cso2000777b3a.3 for ; Thu, 20 Nov 2025 11:49:58 -0800 (PST) DKIM-Signature: v=1; a=rsa-sha256; c=relaxed/relaxed; d=iol.unh.edu; s=unh-iol; t=1763668198; x=1764272998; darn=dpdk.org; h=cc:to:from:subject:message-id:date:from:to:cc:subject:date :message-id:reply-to; bh=mPiHcFmVbyCleyDPr+Ubh+mDaHzAuaZUUh8IGKar/yw=; b=jP+dfvDvFRXg/P1tKB75Iwkepf2PZq7Z+svxLjnSIUOT8DGoqeekEHCB33TadUbm9J 6a9YUp18wPoLWj51KSPqU1E0DwlAjO4YIwloIxMIdgQqoKK+J8a/J1HW0YMILzT34y8k BnGq820BAVcAFlarQjj7Jv+Qco4nx5zUyzblY= X-Google-DKIM-Signature: v=1; a=rsa-sha256; c=relaxed/relaxed; d=1e100.net; s=20230601; t=1763668198; x=1764272998; h=cc:to:from:subject:message-id:date:x-gm-gg:x-gm-message-state:from :to:cc:subject:date:message-id:reply-to; bh=mPiHcFmVbyCleyDPr+Ubh+mDaHzAuaZUUh8IGKar/yw=; b=F/IqGU9TQ4bRlf3gZUPQvLjJMMMnxGPHW4IfyeHnQBeTKWNMvgZP86R3QxxEZjhVgn IgmiCSyfnAmGWQGotWe52Xv8EJZWWwaApkESRHoAdC/fTWCBcWjQ1aIOAqsn8TyYqbUI KYt14GyH6WSkUVcxOfA4vlNDLJF9jb4QauyqgH5ic/t+BnmgdS8fX7PpDDOv/s5lP8vM Z1kf32o7BFovEMpHb/Tnqn4K7TBccnV8DbsNs589pF2Ey3gJbJ8mIgGE9x9XxommlmXn TvL7T9Q06yA27gXiUe1sBtlQGukN3M2w3uVSV//ODbKaHFoUtMoUlQdyRXlrNhJ0BIJf AvUA== X-Gm-Message-State: AOJu0YzxEUKgIzYS+pVX5Vk/T/x9FNDr6LKT5M+kcDwLXX8FTneB1QEa yQ9uBeth+R5Ijl0kMOQQ/NLO6iYJEJgVJ8idiEGFq0BCe5ljqXKjpviXZDg3Gtw7i0bhpEGWb7K IKIuOynd1Ax5I51SVBvGMITqNdKMivY37LCcR X-Gm-Gg: ASbGncsYpcx2TJK1vJFVQ9zHa1uoSMMxMH1eW5Br7vearpvCVbum0gK3r6jksLFT0R5 bviqXIeQd2mU2cQO9HRCTg8SCCiX/bqG0S029/lvQ4VftRqOj0Y+agV6EFkYcK1IWADt7cx5mtI rudJtfVA6wrWcHwzmxDCjUrz2ey6L5YVgCtiDSmJTJhKywwBkgl5jYOQ2lxhrDO5w8o21U82IUn +9vV0TziZppm0Zd0J/ukDlB5Wr5KI7bt6zfWItGoblG1r0gurFUN4Y+tp18ODZS09uss3y17N5Y RbtGcRfsqqTreBmwRcT/z2XvKDDkVg/UlMhKOjTvjAIZkWAJeSB/rWfoWqPWroKI28+CdO+XU+m AnZG3zIeyipUm+Dc2BEmNPlTNfG7m1j9Gfb+GBs2KFQ== X-Google-Smtp-Source: AGHT+IHuqEArPS9EOZgQLY3FAHkwDNQXRfj0uwhNyiSAKXe4uV3Ir/MH2BPQZzvQQA+YvgNtFzL1ZmIy31Yc X-Received: by 2002:a05:7022:6726:b0:11b:1c7e:27d0 with SMTP id a92af1059eb24-11c937305a6mr2527268c88.0.1763668197689; Thu, 20 Nov 2025 11:49:57 -0800 (PST) Received: from postal.iol.unh.edu (postal.iol.unh.edu. [132.177.123.84]) by smtp-relay.gmail.com with ESMTPS id a92af1059eb24-11c93e3871esm368478c88.6.2025.11.20.11.49.57 (version=TLS1_2 cipher=ECDHE-ECDSA-AES128-GCM-SHA256 bits=128/128); Thu, 20 Nov 2025 11:49:57 -0800 (PST) X-Relaying-Domain: iol.unh.edu Date: Thu, 20 Nov 2025 11:49:57 -0800 (PST) Message-ID: <691f70e5.050a0220.12efcd.2254SMTPIN_ADDED_MISSING@mx.google.com> Received: from [172.21.0.4] (unknown [172.18.0.240]) by postal.iol.unh.edu (Postfix) with ESMTP id 635AC604D420; Thu, 20 Nov 2025 14:49:56 -0500 (EST) Subject: |FAILURE| [GIT MASTER] 62f583c49bf67dd4d6733ece14e55fe6839e66d1 From: dpdklab@iol.unh.edu To: Test Report Cc: dpdk-test-reports@iol.unh.edu, Xueming Li , Kevin Traynor , Luca Boccassi Content-Type: text/plain X-BeenThere: test-report@dpdk.org X-Mailman-Version: 2.1.29 Precedence: list List-Id: automatic DPDK test reports List-Unsubscribe: , List-Archive: List-Post: List-Help: List-Subscribe: , Errors-To: test-report-bounces@dpdk.org _Testing issues_ Branch: tags/v23.11 62f583c49bf67dd4d6733ece14e55fe6839e66d1 --> testing issues Upstream job id: Windows-Compile-DPDK-Native#32535 Test environment and result as below: +-------------------------------+--------------------+------------------+-------------------+-------------------------+ | Environment | dpdk_meson_compile | dpdk_compile_ovs | dpdk_msvc_compile | dpdk_llvm_clang_compile | +===============================+====================+==================+===================+=========================+ | FreeBSD 14.2 | PASS | SKIPPED | SKIPPED | SKIPPED | +-------------------------------+--------------------+------------------+-------------------+-------------------------+ | Red Hat Enterprise Linux 8.10 | PASS | SKIPPED | SKIPPED | SKIPPED | +-------------------------------+--------------------+------------------+-------------------+-------------------------+ | Debian GNU/Linux 12 | PASS | SKIPPED | SKIPPED | SKIPPED | +-------------------------------+--------------------+------------------+-------------------+-------------------------+ | Fedora Linux 42 | PASS | PASS | SKIPPED | SKIPPED | +-------------------------------+--------------------+------------------+-------------------+-------------------------+ | Ubuntu 20.04 | PASS | SKIPPED | SKIPPED | SKIPPED | +-------------------------------+--------------------+------------------+-------------------+-------------------------+ | Ubuntu 22.04 | PASS | SKIPPED | SKIPPED | SKIPPED | +-------------------------------+--------------------+------------------+-------------------+-------------------------+ | CentOS Stream 9 | PASS | SKIPPED | SKIPPED | SKIPPED | +-------------------------------+--------------------+------------------+-------------------+-------------------------+ | Alpine Linux 3.22.0 | PASS | SKIPPED | SKIPPED | SKIPPED | +-------------------------------+--------------------+------------------+-------------------+-------------------------+ | Ubuntu 24.04 | PASS | PASS | SKIPPED | SKIPPED | +-------------------------------+--------------------+------------------+-------------------+-------------------------+ | CentOS Stream 10 | PASS | SKIPPED | SKIPPED | SKIPPED | +-------------------------------+--------------------+------------------+-------------------+-------------------------+ | openSUSE Leap 15.6 | PASS | SKIPPED | SKIPPED | SKIPPED | +-------------------------------+--------------------+------------------+-------------------+-------------------------+ | Red Hat Enterprise Linux 9.5 | PASS | SKIPPED | SKIPPED | SKIPPED | +-------------------------------+--------------------+------------------+-------------------+-------------------------+ | Windows Server 2022 | SKIPPED | SKIPPED | PASS | SKIPPED | +-------------------------------+--------------------+------------------+-------------------+-------------------------+ | Windows Server 2025 | SKIPPED | SKIPPED | SKIPPED | PASS | +-------------------------------+--------------------+------------------+-------------------+-------------------------+ FreeBSD 14.2 Kernel: 14.2-RELEASE Compiler: clang 18.1.6 Red Hat Enterprise Linux 8.10 Kernel: 5.15 Compiler: gcc gcc (GCC) 8.5.0 20210514 (Red Hat 8.5.0-22) Debian GNU/Linux 12 Kernel: 5.15 Compiler: gcc gcc (Debian 12.2.0-14+deb12u1) 12.2.0 Fedora Linux 42 Kernel: 5.15 Compiler: gcc gcc (GCC) 15.2.1 20250808 (Red Hat 15.2.1-1) Ubuntu 20.04 Kernel: 5.15 Compiler: gcc gcc (Ubuntu 9.4.0-1ubuntu1~20.04.2) 9.4.0 Ubuntu 22.04 Kernel: 5.15 Compiler: gcc gcc (Ubuntu 11.4.0-1ubuntu1~22.04) 11.4.0 CentOS Stream 9 Kernel: 5.15 Compiler: gcc gcc (GCC) 11.5.0 20240719 (Red Hat 11.5.0-11) Alpine Linux 3.22.0 Kernel: 5.15 Compiler: gcc gcc (Alpine 14.2.0) 14.2.0 Ubuntu 24.04 Kernel: 5.15 Compiler: gcc gcc (Ubuntu 13.3.0-6ubuntu2~24.04) 13.3.0 CentOS Stream 10 Kernel: 5.15 Compiler: gcc gcc (GCC) 14.2.1 20250110 (Red Hat 14.2.1-8) openSUSE Leap 15.6 Kernel: 5.15 Compiler: gcc gcc (SUSE Linux) 7.5.0 Red Hat Enterprise Linux 9.5 Kernel: 5.15 Compiler: gcc gcc (GCC) 11.5.0 20240719 (Red Hat 11.5.0-2) Windows Server 2022 Kernel: 10.0.20348.2031 Compiler: clang 15.0.7, gcc 14.1.0 (MinGW), and MSVC VS 19.39.33521 Windows Server 2025 Kernel: 10.0.26100 Compiler: clang 15.0.7, gcc 14.1.0 (MinGW), and MSVC VS 19.39.33521 To view detailed results, visit: https://lab.dpdk.org/results/dashboard/tarballs/35661/ UNH-IOL DPDK Community Lab To manage your email subscriptions, visit: https://lab.dpdk.org/results/dashboard/preferences/subscriptions/