From mboxrd@z Thu Jan 1 00:00:00 1970 Return-Path: Received: from mails.dpdk.org (mails.dpdk.org [217.70.189.124]) by inbox.dpdk.org (Postfix) with ESMTP id 71C7148B5D for ; Thu, 20 Nov 2025 20:54:05 +0100 (CET) Received: from mails.dpdk.org (localhost [127.0.0.1]) by mails.dpdk.org (Postfix) with ESMTP id 69FB740267; Thu, 20 Nov 2025 20:54:05 +0100 (CET) Received: from mail-qv1-f98.google.com (mail-qv1-f98.google.com [209.85.219.98]) by mails.dpdk.org (Postfix) with ESMTP id 6079640267 for ; Thu, 20 Nov 2025 20:54:04 +0100 (CET) Received: by mail-qv1-f98.google.com with SMTP id 6a1803df08f44-88242fc32c9so14631896d6.1 for ; Thu, 20 Nov 2025 11:54:04 -0800 (PST) DKIM-Signature: v=1; a=rsa-sha256; c=relaxed/relaxed; d=iol.unh.edu; s=unh-iol; t=1763668444; x=1764273244; darn=dpdk.org; h=cc:to:from:subject:message-id:date:from:to:cc:subject:date :message-id:reply-to; bh=0A5GM2+skOGnSJfsmZkVUsr/L/Y95qrOwSVXmOGAMoI=; b=EowWIeggXGL2H/PV54mvyhsoOr6HygCZ5qrNPZmQXGCYcJSGH0TWY6npLbl5zo5xz/ FwunNbS9rfzK/jKxv+SduiQRg7SQ5WQb60kvfFwXyXCdfDXzMQzqKZlu139mNE/CRiaH orzc4QrOfhrPlqgNmWM6l0wBYaMMTvW8tZsIk= X-Google-DKIM-Signature: v=1; a=rsa-sha256; c=relaxed/relaxed; d=1e100.net; s=20230601; t=1763668444; x=1764273244; h=cc:to:from:subject:message-id:date:x-gm-gg:x-gm-message-state:from :to:cc:subject:date:message-id:reply-to; bh=0A5GM2+skOGnSJfsmZkVUsr/L/Y95qrOwSVXmOGAMoI=; b=NpwAGNX2NsQm5fuP4WFqE8SAT0H0lIIgtjC/POkVQfoOyaOBtJp/0FIPJtS6jddiFq TyVHDW6v1TB6cr4iuo0Ej1rSsbnHGZPkW/aKwyfauwr306krhHTlgVE1itntEHDLhbC2 Ljpy2XfL0xYKZaIbgnacq1z6mj1L/iD6R10wDhpcxnFXvCGuWlkqkblWsemiGI3IUWzQ TGK8LYmbkyvpqkBi2D52Px7E9rxob+axxm8XejvSOH/Fl9CB28R5YldGW7Vw+X6AKSA2 XJibMParQ7J8wyKDih2osknLcCr2f0no+dpHvf1yq3yqjopkanw8QEExDRNglDco0loH YMKA== X-Gm-Message-State: AOJu0YzBIJ6ouHhxj5I/Fm/1QQgka5A//AxEtpZF6hJQe7TnPfkeTHqJ 0UUte3iMOnjQtGTtTI2ZIBL9eABD7hK5tjpwk5jPUDkqI4nZGSvbjMOc6ujkudvL0yw7NU8o5aB +JVbkv9+1O4CIh+apxkb+NbbacqwN/XKmTK3zOtOwJTlQWPpmQcMF X-Gm-Gg: ASbGnctINqAjmKMov8qqbBgLjneYL/LSpMRm1sLniZeen9+LOKMGMze9fm6cKkwUNCy l+QOo3/IKwAOU8OA/Zt7oRM3TpCnmyUr3pozTTOmyA3u87BOm6JjVqEwDv0meuybRBlDTAKMS3n yG43j7AHmNz7zi5ECMKxaC67ox6eyZArh+Tfi7hNFN/tYg8qTsnc8BfLLEmBxjwTab5ZDQb91oI a9kewT3BJQ3FOv3hZ3mQj5P7R7lAOwv/EmlyHL7/FS0vKzwSwYPXe8wFsljc3evthRdYqO32I99 Jj4K/oBxudkK7uZeRn/NM89F6+rFDKSIIeHNUB6LlHHfB61gsy/Jee8UQSOmB0l4LVdRRVK+Aki vii8qvD8fNkEXL4QQp4o= X-Google-Smtp-Source: AGHT+IHm0vGy4E2FvZxofmfYBXhtR0evRa5cwyLqCNaWy88+Md58+6XgURgI3lLPt3UGTr4fsUha5WrIO3/r X-Received: by 2002:a05:6214:448f:b0:86b:9167:b0e9 with SMTP id 6a1803df08f44-88471735ebemr49087566d6.4.1763668443731; Thu, 20 Nov 2025 11:54:03 -0800 (PST) Received: from postal.iol.unh.edu (postal.iol.unh.edu. [2606:4100:3880:1234::84]) by smtp-relay.gmail.com with ESMTPS id af79cd13be357-8b32957f0c4sm30153085a.4.2025.11.20.11.54.03 (version=TLS1_2 cipher=ECDHE-ECDSA-AES128-GCM-SHA256 bits=128/128); Thu, 20 Nov 2025 11:54:03 -0800 (PST) X-Relaying-Domain: iol.unh.edu Date: Thu, 20 Nov 2025 11:54:03 -0800 (PST) Message-ID: <691f71db.050a0220.1bff87.edc0SMTPIN_ADDED_MISSING@mx.google.com> Received: from [172.21.0.3] (unknown [172.18.0.240]) by postal.iol.unh.edu (Postfix) with ESMTP id 6CD78604D420; Thu, 20 Nov 2025 14:54:03 -0500 (EST) Subject: |FAILURE| [GIT MASTER] 62f583c49bf67dd4d6733ece14e55fe6839e66d1 From: dpdklab@iol.unh.edu To: Test Report Cc: dpdk-test-reports@iol.unh.edu, Xueming Li , Kevin Traynor , Luca Boccassi Content-Type: text/plain X-BeenThere: test-report@dpdk.org X-Mailman-Version: 2.1.29 Precedence: list List-Id: automatic DPDK test reports List-Unsubscribe: , List-Archive: List-Post: List-Help: List-Subscribe: , Errors-To: test-report-bounces@dpdk.org _Testing issues_ Branch: tags/v23.11 62f583c49bf67dd4d6733ece14e55fe6839e66d1 --> testing issues Upstream job id: Generic-VM-Unit-Test-DPDK#32703 Test environment and result as below: +-------------------------------+----------------+ | Environment | dpdk_unit_test | +===============================+================+ | Debian GNU/Linux 12 | PASS | +-------------------------------+----------------+ | Fedora Linux 40 | PASS | +-------------------------------+----------------+ | Fedora Linux 41 | PASS | +-------------------------------+----------------+ | Red Hat Enterprise Linux 9.5 | PASS | +-------------------------------+----------------+ | CentOS Stream 9 | PASS | +-------------------------------+----------------+ | Ubuntu 22.04 | PASS | +-------------------------------+----------------+ | CentOS Stream 10 | PASS | +-------------------------------+----------------+ | Fedora Linux 42 | WARN | +-------------------------------+----------------+ | Red Hat Enterprise Linux 8.10 | PASS | +-------------------------------+----------------+ | Ubuntu 20.04 | PASS | +-------------------------------+----------------+ | Ubuntu 24.04 | PASS | +-------------------------------+----------------+ | Windows Server 2022 | FAIL | +-------------------------------+----------------+ ==== Unit test summary for Windows Server 2022 (dpdk_unit_test): ==== Failed to get the unit test results. Displaying the unit test results is not supported for some environments, such as our aarch32 testing, where meson is not used to run the tests. Download the logs available on our CI site. ==== End log output ==== Debian GNU/Linux 12 Kernel: 5.15 Compiler: gcc gcc (Debian 12.2.0-14+deb12u1) 12.2.0 Fedora Linux 40 Kernel: 5.15 Compiler: clang gcc (GCC) 14.2.1 20240912 (Red Hat 14.2.1-3) Fedora Linux 41 Kernel: 5.15 Compiler: clang gcc (GCC) 14.3.1 20250523 (Red Hat 14.3.1-1) Red Hat Enterprise Linux 9.5 Kernel: 5.15 Compiler: gcc gcc (GCC) 11.5.0 20240719 (Red Hat 11.5.0-2) CentOS Stream 9 Kernel: 5.15 Compiler: gcc gcc (GCC) 11.5.0 20240719 (Red Hat 11.5.0-11) Ubuntu 22.04 Kernel: 5.15 Compiler: gcc gcc (Ubuntu 11.4.0-1ubuntu1~22.04) 11.4.0 CentOS Stream 10 Kernel: 5.15 Compiler: gcc gcc (GCC) 14.2.1 20250110 (Red Hat 14.2.1-8) Fedora Linux 42 Kernel: 5.15 Compiler: clang gcc (GCC) 15.2.1 20250808 (Red Hat 15.2.1-1) Red Hat Enterprise Linux 8.10 Kernel: 5.15 Compiler: gcc gcc (GCC) 8.5.0 20210514 (Red Hat 8.5.0-22) Ubuntu 20.04 Kernel: 5.15 Compiler: gcc gcc (Ubuntu 9.4.0-1ubuntu1~20.04.2) 9.4.0 Ubuntu 24.04 Kernel: 5.15 Compiler: gcc gcc (Ubuntu 13.3.0-6ubuntu2~24.04) 13.3.0 Windows Server 2022 Kernel: 10.0.20348.2031 Compiler: clang 15.0.7, gcc 14.1.0 (MinGW), and MSVC VS 19.39.33521 To view detailed results, visit: https://lab.dpdk.org/results/dashboard/tarballs/35661/ UNH-IOL DPDK Community Lab To manage your email subscriptions, visit: https://lab.dpdk.org/results/dashboard/preferences/subscriptions/