From mboxrd@z Thu Jan 1 00:00:00 1970 Return-Path: Received: from mails.dpdk.org (mails.dpdk.org [217.70.189.124]) by inbox.dpdk.org (Postfix) with ESMTP id F32F848B5D for ; Thu, 20 Nov 2025 20:59:56 +0100 (CET) Received: from mails.dpdk.org (localhost [127.0.0.1]) by mails.dpdk.org (Postfix) with ESMTP id EC9F940267; Thu, 20 Nov 2025 20:59:56 +0100 (CET) Received: from mail-io1-f97.google.com (mail-io1-f97.google.com [209.85.166.97]) by mails.dpdk.org (Postfix) with ESMTP id B40EE40267 for ; Thu, 20 Nov 2025 20:59:55 +0100 (CET) Received: by mail-io1-f97.google.com with SMTP id ca18e2360f4ac-949325df6c8so56181839f.1 for ; Thu, 20 Nov 2025 11:59:55 -0800 (PST) DKIM-Signature: v=1; a=rsa-sha256; c=relaxed/relaxed; d=iol.unh.edu; s=unh-iol; t=1763668795; x=1764273595; darn=dpdk.org; h=cc:to:from:subject:message-id:date:from:to:cc:subject:date :message-id:reply-to; bh=qX1pn6s8WCAGS5c/Sn8JIQZcM7FUTPR2tyPzTMtDMdM=; b=XeyDLpR88gOTD83uiAfkyZG5HiOn0Cl6rRXBUGbsSP3V44p87CJujN5bd7037vE+NK 1l0DK2beccJzbdlYYvQs5yzwz+HyQXohrUc/B3atgODGjjk0X6R8RCJiGv53TEH2Qcd8 5V7gOD3GGHZukQG1pJsgp8Bu4fHiWbDazeUnw= X-Google-DKIM-Signature: v=1; a=rsa-sha256; c=relaxed/relaxed; d=1e100.net; s=20230601; t=1763668795; x=1764273595; h=cc:to:from:subject:message-id:date:x-gm-gg:x-gm-message-state:from :to:cc:subject:date:message-id:reply-to; bh=qX1pn6s8WCAGS5c/Sn8JIQZcM7FUTPR2tyPzTMtDMdM=; b=DHLAUPL3ps6RkBqCk4DvAJbvaHjvRzSZPjMTVAA69UZNxKNYO0lSkY1gAOHLZwQqPR giu/X5DmoNtzhMzNda6UZ+g6z+rGDh83EVlOmquW2NfpVzrUMwp2wS2LCYzmQYHMJFEe 5KDEqcPLejKIHVxIN6+9Q48MxfU0clx9wJBMCxlscevxXlnNNFK2ABjr3PtULJWBRCxM HncdFoUsw79JPDugyJgthzpQVggRKRRlMYeTJRZbOIKwFYMlkDsDBmITdUvba9VEKSJq 0Pso94aJXy4+9AcD0mdCD1QeKs12l6TmAY+ikrdNNwdYU0KdVnuhrJLJ5imwOJucV0Hm Zs8w== X-Gm-Message-State: AOJu0YyfosbZKKEHJlGaqrbxBJMkW8PANlhhvBdDEpEaDiqg2JNyhAAZ LDa46o1wG5LjeARjXFW0whtnuZQTuCh/o67oZymgKeJ+Ntc0lo66IvByyPFojo72ljHz7iVYxEa npoR9+lgjESc/pRf2Z/zYvHJ82ZiiQrbO06YX X-Gm-Gg: ASbGnctV46zWsFMA/2y/IFiR26Syjsqbqxz7obVTKsm2OOkCeJnfe3Wn4m+MvrFU+Kx J7CxghGPVs4c3AJIkC61x4EdeBk6GTOxvQdIt5h8DfKXu3T/iKvmzKpSPvy4z3tEuJTeLsF+tJC LpeqSZLJD9FQj9z69gwX4zSCYgqiBGNuLmODFiaqR2w5ik3dZGqRIXpn0k53oy7P4NfAO7GwWus rYg/KeQJuMFsKlFSyr36qiUNPIZGnWiP/2xIjoTHuIf+d46xIrZ639I4KZQP0jshmMnkMp8wyyT c/emgE3teECVGhNTMzJAoo0SBVHQ1vGu40wD5PNnirCGFz4a417IOBKzofQZ7C1PpEPbzsTmxHK oo7wiIfFNiyzEPSIeWCguxTAj4Zsi/EueffYJXsQLZA== X-Google-Smtp-Source: AGHT+IEF9KNKhqcAiIROeuTJoh7b+Rb1PiLyDLh6HhGuXcg+eFnioSGhnTIVvAs/ClFC2p1k8DIvtCc2xnHv X-Received: by 2002:a05:6638:2113:b0:5b7:349b:eca2 with SMTP id 8926c6da1cb9f-5b953fd3c8amr4053999173.3.1763668795003; Thu, 20 Nov 2025 11:59:55 -0800 (PST) Received: from postal.iol.unh.edu (postal.iol.unh.edu. [132.177.123.84]) by smtp-relay.gmail.com with ESMTPS id 8926c6da1cb9f-5b954b2d231sm295287173.35.2025.11.20.11.59.54 (version=TLS1_2 cipher=ECDHE-ECDSA-AES128-GCM-SHA256 bits=128/128); Thu, 20 Nov 2025 11:59:54 -0800 (PST) X-Relaying-Domain: iol.unh.edu Date: Thu, 20 Nov 2025 11:59:54 -0800 (PST) Message-ID: <691f733a.050a0220.1850f3.e75bSMTPIN_ADDED_MISSING@mx.google.com> Received: from [172.21.0.4] (unknown [172.18.0.240]) by postal.iol.unh.edu (Postfix) with ESMTP id 826C6604D420; Thu, 20 Nov 2025 14:59:54 -0500 (EST) Subject: |FAILURE| [GIT MASTER] 62f583c49bf67dd4d6733ece14e55fe6839e66d1 From: dpdklab@iol.unh.edu To: Test Report Cc: dpdk-test-reports@iol.unh.edu, Xueming Li , Kevin Traynor , Luca Boccassi Content-Type: text/plain X-BeenThere: test-report@dpdk.org X-Mailman-Version: 2.1.29 Precedence: list List-Id: automatic DPDK test reports List-Unsubscribe: , List-Archive: List-Post: List-Help: List-Subscribe: , Errors-To: test-report-bounces@dpdk.org _Testing issues_ Branch: tags/v23.11 62f583c49bf67dd4d6733ece14e55fe6839e66d1 --> testing issues Upstream job id: Windows-Compile-DPDK-Native#32536 Test environment and result as below: +-------------------------------+--------------------+------------------+-------------------+-------------------------+----------------------+ | Environment | dpdk_meson_compile | dpdk_compile_ovs | dpdk_msvc_compile | dpdk_llvm_clang_compile | dpdk_mingw64_compile | +===============================+====================+==================+===================+=========================+======================+ | FreeBSD 14.2 | PASS | SKIPPED | SKIPPED | SKIPPED | SKIPPED | +-------------------------------+--------------------+------------------+-------------------+-------------------------+----------------------+ | Red Hat Enterprise Linux 8.10 | PASS | SKIPPED | SKIPPED | SKIPPED | SKIPPED | +-------------------------------+--------------------+------------------+-------------------+-------------------------+----------------------+ | Debian GNU/Linux 12 | PASS | SKIPPED | SKIPPED | SKIPPED | SKIPPED | +-------------------------------+--------------------+------------------+-------------------+-------------------------+----------------------+ | Fedora Linux 42 | PASS | PASS | SKIPPED | SKIPPED | SKIPPED | +-------------------------------+--------------------+------------------+-------------------+-------------------------+----------------------+ | Ubuntu 20.04 | PASS | SKIPPED | SKIPPED | SKIPPED | SKIPPED | +-------------------------------+--------------------+------------------+-------------------+-------------------------+----------------------+ | Ubuntu 22.04 | PASS | SKIPPED | SKIPPED | SKIPPED | SKIPPED | +-------------------------------+--------------------+------------------+-------------------+-------------------------+----------------------+ | CentOS Stream 9 | PASS | SKIPPED | SKIPPED | SKIPPED | SKIPPED | +-------------------------------+--------------------+------------------+-------------------+-------------------------+----------------------+ | Alpine Linux 3.22.0 | PASS | SKIPPED | SKIPPED | SKIPPED | SKIPPED | +-------------------------------+--------------------+------------------+-------------------+-------------------------+----------------------+ | Ubuntu 24.04 | PASS | PASS | SKIPPED | SKIPPED | SKIPPED | +-------------------------------+--------------------+------------------+-------------------+-------------------------+----------------------+ | CentOS Stream 10 | PASS | SKIPPED | SKIPPED | SKIPPED | SKIPPED | +-------------------------------+--------------------+------------------+-------------------+-------------------------+----------------------+ | openSUSE Leap 15.6 | PASS | SKIPPED | SKIPPED | SKIPPED | SKIPPED | +-------------------------------+--------------------+------------------+-------------------+-------------------------+----------------------+ | Red Hat Enterprise Linux 9.5 | PASS | SKIPPED | SKIPPED | SKIPPED | SKIPPED | +-------------------------------+--------------------+------------------+-------------------+-------------------------+----------------------+ | Windows Server 2022 | SKIPPED | SKIPPED | PASS | SKIPPED | PASS | +-------------------------------+--------------------+------------------+-------------------+-------------------------+----------------------+ | Windows Server 2025 | SKIPPED | SKIPPED | SKIPPED | PASS | SKIPPED | +-------------------------------+--------------------+------------------+-------------------+-------------------------+----------------------+ FreeBSD 14.2 Kernel: 14.2-RELEASE Compiler: clang 18.1.6 Red Hat Enterprise Linux 8.10 Kernel: 5.15 Compiler: gcc gcc (GCC) 8.5.0 20210514 (Red Hat 8.5.0-22) Debian GNU/Linux 12 Kernel: 5.15 Compiler: gcc gcc (Debian 12.2.0-14+deb12u1) 12.2.0 Fedora Linux 42 Kernel: 5.15 Compiler: gcc gcc (GCC) 15.2.1 20250808 (Red Hat 15.2.1-1) Ubuntu 20.04 Kernel: 5.15 Compiler: gcc gcc (Ubuntu 9.4.0-1ubuntu1~20.04.2) 9.4.0 Ubuntu 22.04 Kernel: 5.15 Compiler: gcc gcc (Ubuntu 11.4.0-1ubuntu1~22.04) 11.4.0 CentOS Stream 9 Kernel: 5.15 Compiler: gcc gcc (GCC) 11.5.0 20240719 (Red Hat 11.5.0-11) Alpine Linux 3.22.0 Kernel: 5.15 Compiler: gcc gcc (Alpine 14.2.0) 14.2.0 Ubuntu 24.04 Kernel: 5.15 Compiler: gcc gcc (Ubuntu 13.3.0-6ubuntu2~24.04) 13.3.0 CentOS Stream 10 Kernel: 5.15 Compiler: gcc gcc (GCC) 14.2.1 20250110 (Red Hat 14.2.1-8) openSUSE Leap 15.6 Kernel: 5.15 Compiler: gcc gcc (SUSE Linux) 7.5.0 Red Hat Enterprise Linux 9.5 Kernel: 5.15 Compiler: gcc gcc (GCC) 11.5.0 20240719 (Red Hat 11.5.0-2) Windows Server 2022 Kernel: 10.0.20348.2031 Compiler: clang 15.0.7, gcc 14.1.0 (MinGW), and MSVC VS 19.39.33521 Windows Server 2025 Kernel: 10.0.26100 Compiler: clang 15.0.7, gcc 14.1.0 (MinGW), and MSVC VS 19.39.33521 To view detailed results, visit: https://lab.dpdk.org/results/dashboard/tarballs/35661/ UNH-IOL DPDK Community Lab To manage your email subscriptions, visit: https://lab.dpdk.org/results/dashboard/preferences/subscriptions/