automatic DPDK test reports
 help / color / mirror / Atom feed
From: dpdklab@iol.unh.edu
To: Test Report <test-report@dpdk.org>
Cc: dpdk-test-reports@iol.unh.edu
Subject: |WARNING| pw158940-158947 [PATCH] [v4,8/8] test: re-enable format-tr
Date: Thu, 20 Nov 2025 12:08:21 -0800 (PST)	[thread overview]
Message-ID: <691f7535.050a0220.35ba16.f756SMTPIN_ADDED_MISSING@mx.google.com> (raw)
In-Reply-To: <20251120165713.120238-9-stephen@networkplumber.org>

Test-Label: iol-sample-apps-testing
Test-Status: WARNING
http://dpdk.org/patch/158947

_Testing issues_

Submitter: Stephen Hemminger <stephen@networkplumber.org>
Date: Thursday, November 20 2025 16:55:36 
DPDK git baseline: Repo:dpdk
  Branch: master
  CommitID:ef98b88455bf4a7c8b7aa3106a761c9e9270d6a3

158940-158947 --> testing issues

Upstream job id: Template-DTS-Pipeline#255860

Test environment and result as below:

+--------------+----------------------+----------------------+
| Environment  | dpdk_fips_validation | compressdev_zlib_pmd |
+==============+======================+======================+
| Ubuntu 20.04 | WARN                 | SKIPPED              |
+--------------+----------------------+----------------------+
| Ubuntu 22.04 | SKIPPED              | PASS                 |
+--------------+----------------------+----------------------+

==== 20 line log output for Ubuntu 20.04 (dpdk_fips_validation): ====
|        ~~~~~~~~~~~~~~~~~~~~~~~~~~~~~~~~~~~~~
cc1: all warnings being treated as errors
[3457/3635] Compiling C object app/dpdk-test.p/test_test_distributor_perf.c.o
[3458/3635] Compiling C object app/dpdk-test.p/test_test_event_vector_adapter.c.o
[3459/3635] Compiling C object app/dpdk-test.p/test_test_ethdev_link.c.o
[3460/3635] Compiling C object app/dpdk-test.p/test_test_ethdev_api.c.o
[3461/3635] Compiling C object app/dpdk-test.p/test_test_cryptodev_blockcipher.c.o
[3462/3635] Compiling C object app/dpdk-test.p/test_test_event_eth_rx_adapter.c.o
[3463/3635] Compiling C object app/dpdk-test.p/test_test_event_eth_tx_adapter.c.o
[3464/3635] Compiling C object app/dpdk-test.p/test_test_distributor.c.o
[3465/3635] Compiling C object app/dpdk-test.p/test_test_fbarray.c.o
[3466/3635] Compiling C object app/dpdk-test.p/test_test_event_dma_adapter.c.o
[3467/3635] Compiling C object app/dpdk-test.p/test_test_cryptodev_asym.c.o
[3468/3635] Compiling C object app/dpdk-test.p/test_test_dmadev.c.o
[3469/3635] Compiling C object app/dpdk-test.p/test_test_event_crypto_adapter.c.o
[3470/3635] Compiling C object app/dpdk-test.p/test_test_event_ring.c.o
[3471/3635] Compiling C object drivers/libtmp_rte_crypto_cnxk.a.p/crypto_cnxk_cn10k_cryptodev_ops.c.o
[3472/3635] Compiling C object app/dpdk-test.p/test_test_event_timer_adapter.c.o
[3473/3635] Compiling C object app/dpdk-test.p/test_test_cryptodev.c.o
ninja: build stopped: subcommand failed.
==== End log output ====

Ubuntu 20.04
	Kernel: 5.15
	Compiler: gcc gcc (Ubuntu 9.4.0-1ubuntu1~20.04.2) 9.4.0

Ubuntu 22.04
	Kernel: 5.15
	Compiler: gcc gcc (Ubuntu 11.4.0-1ubuntu1~22.04.2) 11.4.0

To view detailed results, visit:
https://lab.dpdk.org/results/dashboard/patchsets/34647/

UNH-IOL DPDK Community Lab

To manage your email subscriptions, visit: 
https://lab.dpdk.org/results/dashboard/preferences/subscriptions/

  parent reply	other threads:[~2025-11-20 20:08 UTC|newest]

Thread overview: 29+ messages / expand[flat|nested]  mbox.gz  Atom feed  top
     [not found] <20251120165713.120238-9-stephen@networkplumber.org>
2025-11-20 16:23 ` |SUCCESS| pw158940-158947 [PATCH v4 8/8] test: re-enable format-truncation warnings qemudev
2025-11-20 16:28 ` qemudev
2025-11-20 16:58 ` |SUCCESS| pw158947 " checkpatch
2025-11-20 19:25 ` |FAILURE| pw158940-158947 [PATCH] [v4,8/8] test: re-enable format-tr dpdklab
2025-11-20 19:30 ` |SUCCESS| " dpdklab
2025-11-20 19:33 ` |FAILURE| " dpdklab
2025-11-20 19:35 ` |PENDING| " dpdklab
2025-11-20 19:36 ` |SUCCESS| " dpdklab
2025-11-20 19:41 ` |WARNING| " dpdklab
2025-11-20 19:41 ` |FAILURE| " dpdklab
2025-11-20 19:41 ` dpdklab
2025-11-20 19:41 ` dpdklab
2025-11-20 19:46 ` |SUCCESS| " dpdklab
2025-11-20 19:48 ` dpdklab
2025-11-20 19:48 ` dpdklab
2025-11-20 19:49 ` |PENDING| " dpdklab
2025-11-20 19:49 ` |SUCCESS| " dpdklab
2025-11-20 19:50 ` |PENDING| " dpdklab
2025-11-20 20:03 ` |FAILURE| " dpdklab
2025-11-20 20:04 ` dpdklab
2025-11-20 20:07 ` |SUCCESS| " dpdklab
2025-11-20 20:08 ` dpdklab [this message]
2025-11-20 20:23 ` |WARNING| " dpdklab
2025-11-20 21:11 ` |FAILURE| " dpdklab
2025-11-20 22:15 ` dpdklab
2025-11-20 22:23 ` dpdklab
2025-11-20 22:48 ` dpdklab
2025-11-20 23:04 ` |WARNING| " dpdklab
2025-11-20 23:07 ` |FAILURE| " dpdklab

Reply instructions:

You may reply publicly to this message via plain-text email
using any one of the following methods:

* Save the following mbox file, import it into your mail client,
  and reply-to-all from there: mbox

  Avoid top-posting and favor interleaved quoting:
  https://en.wikipedia.org/wiki/Posting_style#Interleaved_style

* Reply using the --to, --cc, and --in-reply-to
  switches of git-send-email(1):

  git send-email \
    --in-reply-to=691f7535.050a0220.35ba16.f756SMTPIN_ADDED_MISSING@mx.google.com \
    --to=dpdklab@iol.unh.edu \
    --cc=dpdk-test-reports@iol.unh.edu \
    --cc=test-report@dpdk.org \
    /path/to/YOUR_REPLY

  https://kernel.org/pub/software/scm/git/docs/git-send-email.html

* If your mail client supports setting the In-Reply-To header
  via mailto: links, try the mailto: link
Be sure your reply has a Subject: header at the top and a blank line before the message body.
This is a public inbox, see mirroring instructions
for how to clone and mirror all data and code used for this inbox;
as well as URLs for NNTP newsgroup(s).