From mboxrd@z Thu Jan 1 00:00:00 1970 Return-Path: Received: from mails.dpdk.org (mails.dpdk.org [217.70.189.124]) by inbox.dpdk.org (Postfix) with ESMTP id 0831348B5D for ; Thu, 20 Nov 2025 21:10:06 +0100 (CET) Received: from mails.dpdk.org (localhost [127.0.0.1]) by mails.dpdk.org (Postfix) with ESMTP id E400440267; Thu, 20 Nov 2025 21:10:05 +0100 (CET) Received: from mail-qv1-f97.google.com (mail-qv1-f97.google.com [209.85.219.97]) by mails.dpdk.org (Postfix) with ESMTP id 3741040267 for ; Thu, 20 Nov 2025 21:10:05 +0100 (CET) Received: by mail-qv1-f97.google.com with SMTP id 6a1803df08f44-8845498be17so16666316d6.3 for ; Thu, 20 Nov 2025 12:10:05 -0800 (PST) DKIM-Signature: v=1; a=rsa-sha256; c=relaxed/relaxed; d=iol.unh.edu; s=unh-iol; t=1763669404; x=1764274204; darn=dpdk.org; h=cc:to:from:subject:message-id:date:from:to:cc:subject:date :message-id:reply-to; bh=Q/kwJm0ruqYKFvbk0BVkUxGjFT0hmrPPCWFO1gu9eHg=; b=Q2hOhEqc+qrb3Syf3zw8F36WqQEzpgu191t0VeI6potFMzuLahxQwU93PtycwxeDix 0xai38JrZXGWkWyH/tYHK0VVIFnArs8WuDfK9YiPK+tElC3zqeBbb5zNzZe5e0GX0BnW 1cMStSSF5RaGvpuCCwbp5sOv/H8g2aPon6hqU= X-Google-DKIM-Signature: v=1; a=rsa-sha256; c=relaxed/relaxed; d=1e100.net; s=20230601; t=1763669404; x=1764274204; h=cc:to:from:subject:message-id:date:x-gm-gg:x-gm-message-state:from :to:cc:subject:date:message-id:reply-to; bh=Q/kwJm0ruqYKFvbk0BVkUxGjFT0hmrPPCWFO1gu9eHg=; b=LYTOsy/wtT4CsEoTtCSC3Lge+olyhibEwOesI5GrNLHoX5uwzkKNMPKqiaG80kqV+s vttEkteKiVzYDiQYAGWEVEuFnRupTYvm0lw10PPLZA86fdQkONtjbKATxTr3xEA27bfH LrGBGhUswCL1VkYJU2mUiSm+KUI5XEPpCBMy8FxpWqzRMxfKYWy3ONEWm9PSqiF886/s Z1/rkY0HQRLdvmuc03dBH0Ig0vLi1ov0Ij581BTzot/KVzg/fJyQuW649oMvAsoLXQhN oM70AbpCIX8T6+sc9Qx3Jz31LcDHlJjDoVQo8bRpLwmGuU1B6ATB91McwdQI/c8jeRw0 wOaw== X-Gm-Message-State: AOJu0YxIZfNO/UnbrZuP1h9D91lMDclkMbnSYWPvBj+SYzJ9g9wV+spn 4/Y9kaf7kIVPYpK5qzuyl0D62qs0C5Awa5JVKxUqsu5uGAfuyaHTZdMq14VJv536NtVPzQIX9X6 56Lp69jboq9Qqi2S08AWF7YATgag076IWH2vn X-Gm-Gg: ASbGncuieaJyYI1e0W8Htg8B0YKmVbEKcALb7zCcAnPYdqerQBsf7jLXFLKHGyx8owk J6uGDOkKwo4skhnDOFYh1gtFGBlSPAaNQ+3AFPG8Yi+83HTp8nFtld9nfpf2dYwn0c6DWACsKFT XnKlyWaywyzW+50EH9k9HBUKAo3y0u49yEcztvkeMtBRyvgp3pQPFe3p/yrldFDgXvuV2eqKvxd egxQ9v5uHIYzLOMsOUXD33Wql20772UDOzINe0u45UCcOnNPN0+9Tae3Rv6D2pCF5dTzZPlLhgW WYUCT+EpuQpSAznEYSN6v7vgHc2fx+YVNWHEoNaAkUYtj4MJgBu8Cepn+Bd33vJ8TpKNW+4k445 PrjgN2BniSFv5Cju3r34BCxzBmb6SYlH4LIGlBlAfNg== X-Google-Smtp-Source: AGHT+IHgRaGwF8Fy1WSLAuPKGcYbbNYMYf2IRahwBgL6mX/BxqaGmZeEeGdHhBhhCRwUmrefD/BsiAmXbRnG X-Received: by 2002:a05:6214:20ad:b0:880:48f5:33ac with SMTP id 6a1803df08f44-8846e0258b5mr73469566d6.14.1763669404463; Thu, 20 Nov 2025 12:10:04 -0800 (PST) Received: from postal.iol.unh.edu (postal.iol.unh.edu. [132.177.123.84]) by smtp-relay.gmail.com with ESMTPS id 6a1803df08f44-8846e4937a4sm3701386d6.13.2025.11.20.12.10.04 (version=TLS1_2 cipher=ECDHE-ECDSA-AES128-GCM-SHA256 bits=128/128); Thu, 20 Nov 2025 12:10:04 -0800 (PST) X-Relaying-Domain: iol.unh.edu Date: Thu, 20 Nov 2025 12:10:04 -0800 (PST) Message-ID: <691f759c.050a0220.363190.3ac3SMTPIN_ADDED_MISSING@mx.google.com> Received: from [172.21.0.3] (unknown [172.18.0.240]) by postal.iol.unh.edu (Postfix) with ESMTP id 27C416051830; Thu, 20 Nov 2025 15:10:04 -0500 (EST) Subject: |FAILURE| [GIT MASTER] 62f583c49bf67dd4d6733ece14e55fe6839e66d1 From: dpdklab@iol.unh.edu To: Test Report Cc: dpdk-test-reports@iol.unh.edu, Xueming Li , Kevin Traynor , Luca Boccassi Content-Type: text/plain X-BeenThere: test-report@dpdk.org X-Mailman-Version: 2.1.29 Precedence: list List-Id: automatic DPDK test reports List-Unsubscribe: , List-Archive: List-Post: List-Help: List-Subscribe: , Errors-To: test-report-bounces@dpdk.org _Testing issues_ Branch: tags/v23.11 62f583c49bf67dd4d6733ece14e55fe6839e66d1 --> testing issues Upstream job id: Generic-VM-Unit-Test-DPDK#32704 Test environment and result as below: +-------------------------------+----------------+ | Environment | dpdk_unit_test | +===============================+================+ | Debian GNU/Linux 12 | PASS | +-------------------------------+----------------+ | Fedora Linux 40 | PASS | +-------------------------------+----------------+ | Fedora Linux 41 | PASS | +-------------------------------+----------------+ | Red Hat Enterprise Linux 9.5 | PASS | +-------------------------------+----------------+ | CentOS Stream 9 | PASS | +-------------------------------+----------------+ | Ubuntu 22.04 | PASS | +-------------------------------+----------------+ | CentOS Stream 10 | PASS | +-------------------------------+----------------+ | Fedora Linux 42 | WARN | +-------------------------------+----------------+ | Red Hat Enterprise Linux 8.10 | PASS | +-------------------------------+----------------+ | Ubuntu 20.04 | PASS | +-------------------------------+----------------+ | Ubuntu 24.04 | PASS | +-------------------------------+----------------+ | Windows Server 2022 | FAIL | +-------------------------------+----------------+ ==== Unit test summary for Windows Server 2022 (dpdk_unit_test): ==== Failed to get the unit test results. Displaying the unit test results is not supported for some environments, such as our aarch32 testing, where meson is not used to run the tests. Download the logs available on our CI site. ==== End log output ==== Debian GNU/Linux 12 Kernel: 5.15 Compiler: gcc gcc (Debian 12.2.0-14+deb12u1) 12.2.0 Fedora Linux 40 Kernel: 5.15 Compiler: clang gcc (GCC) 14.2.1 20240912 (Red Hat 14.2.1-3) Fedora Linux 41 Kernel: 5.15 Compiler: clang gcc (GCC) 14.3.1 20250523 (Red Hat 14.3.1-1) Red Hat Enterprise Linux 9.5 Kernel: 5.15 Compiler: gcc gcc (GCC) 11.5.0 20240719 (Red Hat 11.5.0-2) CentOS Stream 9 Kernel: 5.15 Compiler: gcc gcc (GCC) 11.5.0 20240719 (Red Hat 11.5.0-11) Ubuntu 22.04 Kernel: 5.15 Compiler: gcc gcc (Ubuntu 11.4.0-1ubuntu1~22.04) 11.4.0 CentOS Stream 10 Kernel: 5.15 Compiler: gcc gcc (GCC) 14.2.1 20250110 (Red Hat 14.2.1-8) Fedora Linux 42 Kernel: 5.15 Compiler: clang gcc (GCC) 15.2.1 20250808 (Red Hat 15.2.1-1) Red Hat Enterprise Linux 8.10 Kernel: 5.15 Compiler: gcc gcc (GCC) 8.5.0 20210514 (Red Hat 8.5.0-22) Ubuntu 20.04 Kernel: 5.15 Compiler: gcc gcc (Ubuntu 9.4.0-1ubuntu1~20.04.2) 9.4.0 Ubuntu 24.04 Kernel: 5.15 Compiler: gcc gcc (Ubuntu 13.3.0-6ubuntu2~24.04) 13.3.0 Windows Server 2022 Kernel: 10.0.20348.2031 Compiler: clang 15.0.7, gcc 14.1.0 (MinGW), and MSVC VS 19.39.33521 To view detailed results, visit: https://lab.dpdk.org/results/dashboard/tarballs/35661/ UNH-IOL DPDK Community Lab To manage your email subscriptions, visit: https://lab.dpdk.org/results/dashboard/preferences/subscriptions/