From mboxrd@z Thu Jan 1 00:00:00 1970 Return-Path: Received: from mails.dpdk.org (mails.dpdk.org [217.70.189.124]) by inbox.dpdk.org (Postfix) with ESMTP id 726B048B5E for ; Thu, 20 Nov 2025 23:23:57 +0100 (CET) Received: from mails.dpdk.org (localhost [127.0.0.1]) by mails.dpdk.org (Postfix) with ESMTP id 4B9E640267; Thu, 20 Nov 2025 23:23:57 +0100 (CET) Received: from mail-pl1-f227.google.com (mail-pl1-f227.google.com [209.85.214.227]) by mails.dpdk.org (Postfix) with ESMTP id 0D33340267 for ; Thu, 20 Nov 2025 23:23:56 +0100 (CET) Received: by mail-pl1-f227.google.com with SMTP id d9443c01a7336-29586626fbeso16644385ad.0 for ; Thu, 20 Nov 2025 14:23:55 -0800 (PST) DKIM-Signature: v=1; a=rsa-sha256; c=relaxed/relaxed; d=iol.unh.edu; s=unh-iol; t=1763677435; x=1764282235; darn=dpdk.org; h=references:in-reply-to:cc:to:from:subject:message-id:date:from:to :cc:subject:date:message-id:reply-to; bh=Z4iAk3FhsambE4zhsb9wDioPYNFPGWIJ7vmdBiORwsc=; b=Teg43pdOjQ71BRZlr9u7fDbmZYDFl9aL7pzkfhAoOKH8V2/SNAEPZV8zWlhtiQ9X6u HkPAsTLMAcY1HYl/PMMNhwJhxlZ7H15vaa79puPWgvx36S1eP727ifeyx7f8mySQUiYP 2XnLwVqkO1nmlzLN4B7wBkoLQrjPYnTmpaJgk= X-Google-DKIM-Signature: v=1; a=rsa-sha256; c=relaxed/relaxed; d=1e100.net; s=20230601; t=1763677435; x=1764282235; h=references:in-reply-to:cc:to:from:subject:message-id:date:x-gm-gg :x-gm-message-state:from:to:cc:subject:date:message-id:reply-to; bh=Z4iAk3FhsambE4zhsb9wDioPYNFPGWIJ7vmdBiORwsc=; b=tNbmjNziyIZn00wV5jVZL9HLAc+zk5dZYklj3lL8t5wpZnhIMtXjnAl+ITrG+VSvb4 G/uLJkQ++s9Uzw1XlXrc6pW39vKCP8quYfBY3ZhOxZ1GLJ6CHWO0wDZsnndylfgMvIR/ hLKbGGicy8fBPGK0ik4qVJeCmpPvfQyaMZpkB/P5lrA7QuqXjpni2JPSCoO4bflsxN4k zB+D2DsQYvWVRlCFW+195His26Nizmq7eAYrIxNsUWQFsEQyhBpanZxNER1YFIALwo6Q lH1DPo9GGN5pha1llEQ1RFMACmBqS0jYopotyIpeTlQlofKKKl2Uwd1zBNeelPvKnH7V KDpg== X-Gm-Message-State: AOJu0YwJ4hGoOzqclRQ25xtuXDZyx5nFHQeZcUH6P+E05DiKwcZfx8p8 2dx1tJ604vMG36Vph+jK0xf+QPvWnP9xNkzmOtB/W73NfaJ5pYA5q7f/ZlPhPY1xlLuorN2zhSn vE0GQHDl/Cpp01kYpf+ipqLFqXaasS8OZF5+t5D6FJr/kifmwL0y8yPY6VCa0 X-Gm-Gg: ASbGnctBms9Bpxmqn1kDQ/Z7wYT4+jOVZy2qPEdw1/YrzHACqJ3KxWl1zR0v2bsnib8 R7JsdlBWKlwCwZSunkEPmlCVZM9MKFm1maTn0GpvIBQdHENptOM31TB7h0IxquNmRtsjbuQBX/p E/TnJ0WwvLh7WDli5I3YoZ6fDJpBNez8EQ9fypgN9dtEYsoBIoGKZ5xs8B2DvSIi2TFEaYRq9Mg 3YmcMAh6jSXA/6Co+C6pEMHoODl430R4I7NNBDrvFKPvT6zC19JfNduuLrW2dz/eYEu0e0uIwHq wXwjV5zyy5K7ISukUggAZ5ljJvn6P2NKXeR9b2w3vw9TTPMoNB0Zn6OFezBLjqq17hZR35OBRuq N3KlOGZei94PDlKh5fHQ= X-Google-Smtp-Source: AGHT+IEk5G/OMwFXY7OFqyK2zTVDXULb49yqCecIMB18YUz1ru23zNGgI9pqrZih+MIx7tu7/EJXsfjw0Q3l X-Received: by 2002:a17:903:1ae6:b0:297:c71d:851c with SMTP id d9443c01a7336-29b6bf3bd5dmr3086135ad.36.1763677435079; Thu, 20 Nov 2025 14:23:55 -0800 (PST) Received: from postal.iol.unh.edu (postal.iol.unh.edu. [2606:4100:3880:1234::84]) by smtp-relay.gmail.com with ESMTPS id d9443c01a7336-29b5b24acbesm4025925ad.54.2025.11.20.14.23.54 (version=TLS1_2 cipher=ECDHE-ECDSA-AES128-GCM-SHA256 bits=128/128); Thu, 20 Nov 2025 14:23:55 -0800 (PST) X-Relaying-Domain: iol.unh.edu Date: Thu, 20 Nov 2025 14:23:55 -0800 (PST) Message-ID: <691f94fb.170a0220.331fe3.3c56SMTPIN_ADDED_MISSING@mx.google.com> Received: from [172.21.0.3] (unknown [172.18.0.240]) by postal.iol.unh.edu (Postfix) with ESMTP id 4667C6050A61; Thu, 20 Nov 2025 17:23:54 -0500 (EST) Subject: |FAILURE| pw158940-158947 [PATCH] [v4,8/8] test: re-enable format-tr From: dpdklab@iol.unh.edu To: Test Report Cc: dpdk-test-reports@iol.unh.edu, Stephen Hemminger In-Reply-To: <20251120165713.120238-9-stephen@networkplumber.org> References: <20251120165713.120238-9-stephen@networkplumber.org> Content-Type: text/plain X-BeenThere: test-report@dpdk.org X-Mailman-Version: 2.1.29 Precedence: list List-Id: automatic DPDK test reports List-Unsubscribe: , List-Archive: List-Post: List-Help: List-Subscribe: , Errors-To: test-report-bounces@dpdk.org Test-Label: iol-compile-amd64-testing Test-Status: FAILURE http://dpdk.org/patch/158947 _Testing issues_ Submitter: Stephen Hemminger Date: Thursday, November 20 2025 16:55:36 DPDK git baseline: Repo:dpdk Branch: master CommitID:ef98b88455bf4a7c8b7aa3106a761c9e9270d6a3 158940-158947 --> testing issues Upstream job id: Windows-Compile-DPDK-Native#32546 Test environment and result as below: +-------------------------------+--------------------+------------------+-------------------+-------------------------+----------------------+ | Environment | dpdk_meson_compile | dpdk_compile_ovs | dpdk_msvc_compile | dpdk_llvm_clang_compile | dpdk_mingw64_compile | +===============================+====================+==================+===================+=========================+======================+ | FreeBSD 14.2 | PASS | SKIPPED | SKIPPED | SKIPPED | SKIPPED | +-------------------------------+--------------------+------------------+-------------------+-------------------------+----------------------+ | Fedora Linux 42 | PASS | PASS | SKIPPED | SKIPPED | SKIPPED | +-------------------------------+--------------------+------------------+-------------------+-------------------------+----------------------+ | Red Hat Enterprise Linux 8.10 | FAIL | SKIPPED | SKIPPED | SKIPPED | SKIPPED | +-------------------------------+--------------------+------------------+-------------------+-------------------------+----------------------+ | Ubuntu 20.04 | FAIL | SKIPPED | SKIPPED | SKIPPED | SKIPPED | +-------------------------------+--------------------+------------------+-------------------+-------------------------+----------------------+ | Debian GNU/Linux 12 | PASS | SKIPPED | SKIPPED | SKIPPED | SKIPPED | +-------------------------------+--------------------+------------------+-------------------+-------------------------+----------------------+ | openSUSE Leap 15.6 | PASS | SKIPPED | SKIPPED | SKIPPED | SKIPPED | +-------------------------------+--------------------+------------------+-------------------+-------------------------+----------------------+ | Red Hat Enterprise Linux 9.5 | PASS | SKIPPED | SKIPPED | SKIPPED | SKIPPED | +-------------------------------+--------------------+------------------+-------------------+-------------------------+----------------------+ | Alpine Linux 3.22.0 | PASS | SKIPPED | SKIPPED | SKIPPED | SKIPPED | +-------------------------------+--------------------+------------------+-------------------+-------------------------+----------------------+ | CentOS Stream 10 | PASS | SKIPPED | SKIPPED | SKIPPED | SKIPPED | +-------------------------------+--------------------+------------------+-------------------+-------------------------+----------------------+ | Ubuntu 24.04 | PASS | PASS | SKIPPED | SKIPPED | SKIPPED | +-------------------------------+--------------------+------------------+-------------------+-------------------------+----------------------+ | CentOS Stream 9 | PASS | SKIPPED | SKIPPED | SKIPPED | SKIPPED | +-------------------------------+--------------------+------------------+-------------------+-------------------------+----------------------+ | Ubuntu 22.04 | PASS | SKIPPED | SKIPPED | SKIPPED | SKIPPED | +-------------------------------+--------------------+------------------+-------------------+-------------------------+----------------------+ | Windows Server 2022 | SKIPPED | SKIPPED | PASS | SKIPPED | PASS | +-------------------------------+--------------------+------------------+-------------------+-------------------------+----------------------+ | Windows Server 2025 | SKIPPED | SKIPPED | SKIPPED | PASS | SKIPPED | +-------------------------------+--------------------+------------------+-------------------+-------------------------+----------------------+ ==== 20 line log output for Ubuntu 20.04 (dpdk_meson_compile): ==== [3493/3637] Compiling C object app/dpdk-test.p/test_test_dispatcher.c.o [3494/3637] Compiling C object app/dpdk-test.p/test_test_dmadev.c.o [3495/3637] Compiling C object app/dpdk-test.p/test_test_efd.c.o [3496/3637] Compiling C object app/dpdk-test.p/test_test_dmadev_api.c.o [3497/3637] Compiling C object app/dpdk-test.p/test_test_eal_flags.c.o FAILED: app/dpdk-test.p/test_test_eal_flags.c.o ccache cc -Iapp/dpdk-test.p -Iapp -I../app -Ilib/cmdline -I../lib/cmdline -Ilib/eal/common -I../lib/eal/common -I. -I.. -Iconfig -I../config -Ilib/eal/include -I../lib/eal/include -Ilib/eal/linux/include -I../lib/eal/linux/include -Ilib/eal/x86/include -I../lib/eal/x86/include -I../kernel/linux -Ilib/eal -I../lib/eal -Ilib/kvargs -I../lib/kvargs -Ilib/log -I../lib/log -Ilib/metrics -I../lib/metrics -Ilib/telemetry -I../lib/telemetry -Ilib/argparse -I../lib/argparse -Ilib/net -I../lib/net -Ilib/mbuf -I../lib/mbuf -Ilib/mempool -I../lib/mempool -Ilib/ring -I../lib/ring -Idrivers/net/ring -I../drivers/net/ring -Ilib/ethdev -I../lib/ethdev -Ilib/meter -I../lib/meter -Idrivers/bus/pci -I../drivers/bus/pci -I../drivers/bus/pci/linux -Ilib/pci -I../lib/pci -Idrivers/bus/vdev -I../drivers/bus/vdev -Ilib/acl -I../lib/acl -Ilib/hash -I../lib/hash -Ilib/rcu -I../lib/rcu -Ilib/bitratestats -I../lib/bitratestats -Ilib/bpf -I../lib/bpf -Ilib/cfgfile -I../lib/cfgfile -Ilib/compressdev -I../lib/comp ressdev -Ilib/cryptodev -I../lib/cryptodev -Ilib/security -I../lib/security -Ilib/dispatcher -I../lib/dispatcher -Ilib/eventdev -I../lib/eventdev -Ilib/timer -I../lib/timer -Ilib/dmadev -I../lib/dmadev -Ilib/distributor -I../lib/distributor -Ilib/efd -I../lib/efd -Ilib/fib -I../lib/fib -Ilib/rib -I../lib/rib -Ilib/table -I../lib/table -Ilib/port -I../lib/port -Ilib/sched -I../lib/sched -Ilib/ip_frag -I../lib/ip_frag -Ilib/lpm -I../lib/lpm -Ilib/graph -I../lib/graph -Ilib/pcapng -I../lib/pcapng -Ilib/ipsec -I../lib/ipsec -Ilib/latencystats -I../lib/latencystats -Idrivers/net/bonding -I../drivers/net/bonding -Ilib/member -I../lib/member -Ilib/pdcp -I../lib/pdcp -Ilib/reorder -I../lib/reorder -Ilib/pdump -I../lib/pdump -Ilib/pmu -I../lib/pmu -Ilib/power -I../lib/power -Idrivers/power/acpi -I../drivers/power/acpi -Idrivers/power/kvm_vm -I../drivers/power/kvm_vm -Idrivers/power/intel_pstate -I../drivers/power/intel_pstate -Idrivers/power/amd_pstate -I../drivers/power/amd_pstate -Idrivers /power/cppc -I../drivers/power/cppc -Idrivers/power/intel_uncore -I../drivers/power/intel_uncore -Ilib/ptr_compress -I../lib/ptr_compress -Ilib/rawdev -I../lib/rawdev -Idrivers/raw/skeleton -I../drivers/raw/skeleton -Ilib/stack -I../lib/stack -Ilib/pipeline -I../lib/pipeline -Idrivers/crypto/scheduler -I../drivers/crypto/scheduler -Iapp/test/test_cfgfiles -fdiagnostics-color=always -pipe -D_FILE_OFFSET_BITS=64 -Wall -Winvalid-pch -Wextra -Werror -std=c11 -O3 -include rte_config.h -Wvla -Wcast-qual -Wdeprecated -Wformat -Wformat-nonliteral -Wformat-security -Wmissing-declarations -Wmissing-prototypes -Wnested-externs -Wold-style-definition -Wpointer-arith -Wsign-compare -Wstrict-prototypes -Wundef -Wwrite-strings -Wno-packed-not-aligned -Wno-missing-field-initializers -D_GNU_SOURCE -march=native -mrtm -DALLOW_EXPERIMENTAL_API -Wno-vla -fno-strict-aliasing -DALLOW_INTERNAL_API -MD -MQ app/dpdk-test.p/test_test_eal_flags.c.o -MF app/dpdk-test.p/test_test_eal_flags.c.o.d -o app/dpdk-tes t.p/test_test_eal_flags.c.o -c ../app/test/test_eal_flags.c ../app/test/test_eal_flags.c: In function 'process_hugefiles': ../app/test/test_eal_flags.c:228:13: error: '__builtin___snprintf_chk' output may be truncated before the last format character [-Werror=format-truncation=] 228 | "%s/%s", hugedir, dirent->d_name); | ^ In file included from /usr/include/stdio.h:867, from ../app/test/test_eal_flags.c:6: /usr/include/x86_64-linux-gnu/bits/stdio2.h:67:10: note: '__builtin___snprintf_chk' output between 2 and 4097 bytes into a destination of size 4096 67 | return __builtin___snprintf_chk (__s, __n, __USE_FORTIFY_LEVEL - 1, | ^~~~~~~~~~~~~~~~~~~~~~~~~~~~~~~~~~~~~~~~~~~~~~~~~~~~~~~~~~~~ 68 | __bos (__s), __fmt, __va_arg_pack ()); | ~~~~~~~~~~~~~~~~~~~~~~~~~~~~~~~~~~~~~ cc1: all warnings being treated as errors ninja: build stopped: subcommand failed. ==== End log output ==== FreeBSD 14.2 Kernel: 14.2-RELEASE Compiler: clang 18.1.6 Fedora Linux 42 Kernel: 5.15 Compiler: gcc gcc (GCC) 15.2.1 20250808 (Red Hat 15.2.1-1) Red Hat Enterprise Linux 8.10 Kernel: 5.15 Compiler: gcc gcc (GCC) 8.5.0 20210514 (Red Hat 8.5.0-22) Ubuntu 20.04 Kernel: 4.19 Compiler: gcc gcc (Ubuntu 9.4.0-1ubuntu1~20.04.2) 9.4.0 Debian GNU/Linux 12 Kernel: 5.15 Compiler: gcc gcc (Debian 12.2.0-14+deb12u1) 12.2.0 openSUSE Leap 15.6 Kernel: 5.15 Compiler: gcc gcc (SUSE Linux) 7.5.0 Red Hat Enterprise Linux 9.5 Kernel: 5.15 Compiler: gcc gcc (GCC) 11.5.0 20240719 (Red Hat 11.5.0-2) Alpine Linux 3.22.0 Kernel: 5.15 Compiler: gcc gcc (Alpine 14.2.0) 14.2.0 CentOS Stream 10 Kernel: 5.15 Compiler: gcc gcc (GCC) 14.2.1 20250110 (Red Hat 14.2.1-8) Ubuntu 24.04 Kernel: 5.15 Compiler: gcc gcc (Ubuntu 13.3.0-6ubuntu2~24.04) 13.3.0 CentOS Stream 9 Kernel: 5.15 Compiler: gcc gcc (GCC) 11.5.0 20240719 (Red Hat 11.5.0-11) Ubuntu 22.04 Kernel: 5.15 Compiler: gcc gcc (Ubuntu 11.4.0-1ubuntu1~22.04) 11.4.0 Windows Server 2022 Kernel: 10.0.20348.2031 Compiler: clang 15.0.7, gcc 14.1.0 (MinGW), and MSVC VS 19.39.33521 Windows Server 2025 Kernel: 10.0.26100 Compiler: clang 15.0.7, gcc 14.1.0 (MinGW), and MSVC VS 19.39.33521 To view detailed results, visit: https://lab.dpdk.org/results/dashboard/patchsets/34647/ UNH-IOL DPDK Community Lab To manage your email subscriptions, visit: https://lab.dpdk.org/results/dashboard/preferences/subscriptions/