From mboxrd@z Thu Jan 1 00:00:00 1970 Return-Path: Received: from mails.dpdk.org (mails.dpdk.org [217.70.189.124]) by inbox.dpdk.org (Postfix) with ESMTP id 7F8EB48B5E for ; Thu, 20 Nov 2025 23:48:47 +0100 (CET) Received: from mails.dpdk.org (localhost [127.0.0.1]) by mails.dpdk.org (Postfix) with ESMTP id 5E31640267; Thu, 20 Nov 2025 23:48:47 +0100 (CET) Received: from mail-pj1-f98.google.com (mail-pj1-f98.google.com [209.85.216.98]) by mails.dpdk.org (Postfix) with ESMTP id 8CCE540267 for ; Thu, 20 Nov 2025 23:48:45 +0100 (CET) Received: by mail-pj1-f98.google.com with SMTP id 98e67ed59e1d1-34374febdefso1451038a91.0 for ; Thu, 20 Nov 2025 14:48:45 -0800 (PST) DKIM-Signature: v=1; a=rsa-sha256; c=relaxed/relaxed; d=iol.unh.edu; s=unh-iol; t=1763678924; x=1764283724; darn=dpdk.org; h=references:in-reply-to:cc:to:from:subject:message-id:date:from:to :cc:subject:date:message-id:reply-to; bh=IF0VvDAxpTCDguotPim+oFIbK1w17uCx1Uop3sJUtM0=; b=bKksvAsv8kY67WUh+ql/sJ5htleh3ctVYBVg1nPw4Ny4ose77tA94fTPu80ZCX1ZS+ MJc6XhSbTsLBgYIZOFTiRlGrZVjUUJWrrW/AL2MDCsreM4TU5z4/GmwEeWYss/64Ozig bm36MlxzacK8Dsk6cJkt4GHNxTkc4+eCa0u5c= X-Google-DKIM-Signature: v=1; a=rsa-sha256; c=relaxed/relaxed; d=1e100.net; s=20230601; t=1763678924; x=1764283724; h=references:in-reply-to:cc:to:from:subject:message-id:date:x-gm-gg :x-gm-message-state:from:to:cc:subject:date:message-id:reply-to; bh=IF0VvDAxpTCDguotPim+oFIbK1w17uCx1Uop3sJUtM0=; b=pd6OYfff6dCYP4ggbjgfP1csyMTYkKb5XH+nnqsOlZKZLVqJVpP/M4rj4YUse3C36r Z5QlSw+bLMvUZhm79lLqCylVVxxM9ZRKX5Q6+zxO26BgvkW/30wlUHsr7wsGu77S8ZsK hfsxJB1hVcHXodQx0aLTesTJ/x7hBjes2BxLvqJWm3VbKWiZSDxAmaJqLvrAVQvy0NLH TQIWggH+JpJrodXVa//CbkXJQhvuywsThw3Nj9Mpv88PGw/oBVgeD0ZT/tedr2wn6/qK mz/4Yd5i5FcIMNwkKDJvgwOOM0IQdIsY3dccw5aBM0PcFlzYFV6mBQrPPry89bFRw5nx tVUQ== X-Gm-Message-State: AOJu0YyWPLgm4pmtHzlR867b2WMLGI00dpd1Ojxi03pEpWBpkTIEmSaB OcQ+erLhZaK9ImLSeyBnWifRerAV93t5yZJL/Kobl0bDLM3suPVPfTmNANdtMtw/6bKTwEwHkJQ S3enWKsEz9h+JUYSLfvwJwC9l2RomVWKBtAFApPDSx0gOEj+tPV15BDmRxMtK X-Gm-Gg: ASbGncvIjgcudRpkCxRZOdq8kcW5E8Uc5FhY97g1w1ysEHIHS3tas8ygXO5IGUTwlhW yfkQl9LqazXUmSxFLW2dkBNRurzRU4HEg0fRp6RgD91iOYvYUd3icIBneRhfBP8D0slsSM668n5 ALHTbV6JoXFe+52Rhxzu9kRzMrUGDm0kMzNEIspizHPZsUsIWFVeYCTCmLRD0Fh1Sg63J0k+7MQ 5xMrFRn4GL6FkQCh8Gwg8re7C3y/QIBxDRZhaDwwYZ2WG6YYwegIZgYUiXCuPtP6DvwnDwJKM/s /Z6PaLnb86S01l+kwaEhefsK/3BlUE6ZAKoW6qMxMRMrcTmAVmDsH1G8O0aSVrmyG0LJXJmiVnN GAvA4j30KfiSgqSWPuTo= X-Google-Smtp-Source: AGHT+IFd2/xOG95R7HZtGfRWW3XIX4SEspvioPYAgSk8Mg6TOfBR5Uo0V9U5UprP7O/LHHGBxSQqRwdvWsWL X-Received: by 2002:a17:90b:1b42:b0:32e:7270:9499 with SMTP id 98e67ed59e1d1-34733d72a36mr175757a91.0.1763678924603; Thu, 20 Nov 2025 14:48:44 -0800 (PST) Received: from postal.iol.unh.edu (postal.iol.unh.edu. [2606:4100:3880:1234::84]) by smtp-relay.gmail.com with ESMTPS id 98e67ed59e1d1-34727c2ad37sm282890a91.3.2025.11.20.14.48.44 (version=TLS1_2 cipher=ECDHE-ECDSA-AES128-GCM-SHA256 bits=128/128); Thu, 20 Nov 2025 14:48:44 -0800 (PST) X-Relaying-Domain: iol.unh.edu Date: Thu, 20 Nov 2025 14:48:44 -0800 (PST) Message-ID: <691f9acc.170a0220.10d88a.e1f0SMTPIN_ADDED_MISSING@mx.google.com> Received: from [172.21.0.2] (unknown [172.18.0.240]) by postal.iol.unh.edu (Postfix) with ESMTP id BEE3F6050A61; Thu, 20 Nov 2025 17:48:43 -0500 (EST) Subject: |FAILURE| pw158940-158947 [PATCH] [v4,8/8] test: re-enable format-tr From: dpdklab@iol.unh.edu To: Test Report Cc: dpdk-test-reports@iol.unh.edu, Stephen Hemminger In-Reply-To: <20251120165713.120238-9-stephen@networkplumber.org> References: <20251120165713.120238-9-stephen@networkplumber.org> Content-Type: text/plain X-BeenThere: test-report@dpdk.org X-Mailman-Version: 2.1.29 Precedence: list List-Id: automatic DPDK test reports List-Unsubscribe: , List-Archive: List-Post: List-Help: List-Subscribe: , Errors-To: test-report-bounces@dpdk.org Test-Label: iol-compile-arm64-testing Test-Status: FAILURE http://dpdk.org/patch/158947 _Testing issues_ Submitter: Stephen Hemminger Date: Thursday, November 20 2025 16:55:36 DPDK git baseline: Repo:dpdk Branch: master CommitID:ef98b88455bf4a7c8b7aa3106a761c9e9270d6a3 158940-158947 --> testing issues Upstream job id: Generic-DPDK-Compile-Meson#446332 Test environment and result as below: +------------------------------+--------------------+ | Environment | dpdk_meson_compile | +==============================+====================+ | Ubuntu 20.04 | PASS | +------------------------------+--------------------+ | Red Hat Enterprise Linux 9.5 | PASS | +------------------------------+--------------------+ | Fedora Linux 42 | PASS | +------------------------------+--------------------+ | Debian GNU/Linux 12 | PASS | +------------------------------+--------------------+ | CentOS Stream 9 | PASS | +------------------------------+--------------------+ | Ubuntu 22.04 | PASS | +------------------------------+--------------------+ | Ubuntu 24.04 | PASS | +------------------------------+--------------------+ | CentOS Stream 10 | PASS | +------------------------------+--------------------+ Ubuntu 20.04 Kernel: 5.15 Compiler: aarch64-linux-gnu-gcc gcc (Ubuntu 9.4.0-1ubuntu1~20.04.2) 9.4.0 Red Hat Enterprise Linux 9.5 Kernel: 5.4 Compiler: gcc gcc (GCC) 11.5.0 20240719 (Red Hat 11.5.0-2) Fedora Linux 42 Kernel: 5.4 Compiler: clang gcc (GCC) 15.2.1 20250808 (Red Hat 15.2.1-1) Debian GNU/Linux 12 Kernel: 5.4 Compiler: gcc gcc (Debian 12.2.0-14+deb12u1) 12.2.0 CentOS Stream 9 Kernel: 5.4 Compiler: gcc gcc (GCC) 11.5.0 20240719 (Red Hat 11.5.0-11) Ubuntu 22.04 Kernel: 5.4 Compiler: gcc gcc (Ubuntu 11.4.0-1ubuntu1~22.04) 11.4.0 Ubuntu 24.04 Kernel: 5.4 Compiler: gcc gcc (Ubuntu 13.3.0-6ubuntu2~24.04) 13.3.0 CentOS Stream 10 Kernel: 5.4 Compiler: gcc gcc (GCC) 14.2.1 20250110 (Red Hat 14.2.1-8) To view detailed results, visit: https://lab.dpdk.org/results/dashboard/patchsets/34647/ UNH-IOL DPDK Community Lab To manage your email subscriptions, visit: https://lab.dpdk.org/results/dashboard/preferences/subscriptions/