From mboxrd@z Thu Jan 1 00:00:00 1970 Return-Path: Received: from mails.dpdk.org (mails.dpdk.org [217.70.189.124]) by inbox.dpdk.org (Postfix) with ESMTP id BFF2B48B5E for ; Fri, 21 Nov 2025 00:04:32 +0100 (CET) Received: from mails.dpdk.org (localhost [127.0.0.1]) by mails.dpdk.org (Postfix) with ESMTP id 9AEA4400EF; Fri, 21 Nov 2025 00:04:32 +0100 (CET) Received: from mail-pj1-f97.google.com (mail-pj1-f97.google.com [209.85.216.97]) by mails.dpdk.org (Postfix) with ESMTP id D0B17400EF for ; Fri, 21 Nov 2025 00:04:30 +0100 (CET) Received: by mail-pj1-f97.google.com with SMTP id 98e67ed59e1d1-3418ac74bffso997180a91.1 for ; Thu, 20 Nov 2025 15:04:30 -0800 (PST) DKIM-Signature: v=1; a=rsa-sha256; c=relaxed/relaxed; d=iol.unh.edu; s=unh-iol; t=1763679870; x=1764284670; darn=dpdk.org; h=references:in-reply-to:cc:to:from:subject:message-id:date:from:to :cc:subject:date:message-id:reply-to; bh=vAyIEeoXlOugQ0FcKzIop3X9Ejf1rqi7YHCMlUI1ESw=; b=F1D4gYGQ6uy1I4ujrTKDVKJB/aEgTv422D61guX5d9/ItQ3ODuYPt4lbnVFQW/E1vd 2fBCH28g9MHivXVdlSF1fXqhcUHIVxmMLP+cwfyaq5Y7px9VIPIbO927+HS7rOaGKGgF uh5q8OgEALuT9t5DMm9sEUcj7vM195RhplHCE= X-Google-DKIM-Signature: v=1; a=rsa-sha256; c=relaxed/relaxed; d=1e100.net; s=20230601; t=1763679870; x=1764284670; h=references:in-reply-to:cc:to:from:subject:message-id:date:x-gm-gg :x-gm-message-state:from:to:cc:subject:date:message-id:reply-to; bh=vAyIEeoXlOugQ0FcKzIop3X9Ejf1rqi7YHCMlUI1ESw=; b=Cs+2xK7Mmeg8U/YDYFfML4FwsRlE/j3yCLIhTMQRed/41CW/YQHsuB3tT/SBswR8u8 Hku+p0Xs/xRPkYFo823wG0rKZixPT61mjBf57CAm66m7FWy8mdkwW1R97xTNIGELw2rR H8u0JsepBzbsS2DDpwLt4KZnCo8T/2JzVTTaTAkYecahMQHputPqdVqZC5TjoL3pjImi rL+MxHRhGaGw4tYo3LujVtkNOc/x2SZW5sxbMsMe/evjMommLbTp5ur5qXUkAOiJjq8A oPOa1yYRFGQpC5wcinhhQ51RQ9m+ZFlm5Kkrew4OxBzBg/V19O6WryzF65a2xhK3bT46 LvZQ== X-Gm-Message-State: AOJu0YxGC8iTjs3Bp9s3HyA3XsUPqNgUK0eRZhCzRQ/U/Y9W8wDd/mCB 4lPfYqvdG+J8ESuKo2sFbw18tzqigiYDUBrnvRU3zPJoLNwekf916U7hTqnNdxRE5jmDxeYhAOU A1unNFu/AuiV2LVdUh0eU2Alp0VFrjLvMYHoFIXOda2B2 X-Gm-Gg: ASbGncvuMr03Nl9UnoOIMfS1BEn8eY52cF/KG681QLrzdnTIleZuJ6vpigoDX9IhkAP gOi/52OBbPnkofZf2TE3RJ6qFnii9qT1bza6MisW/v8RtdAb4a35oxKJosPL1SbsfpRRQtL2bT4 RhoFOss/N4rC4hfijR+aaJH6WZa8VfCP/i9fSEJ4Uh9hrH0Gn7s2i4URk54KDRnmIu9Of7+Nd8v duYwSGA13TOxVXtKg/Wecn5KS5xKTmxpYlpvusBV8p1t4GDl5/rUTtLZBpyu2U0YXGOcasyKsAA Dz0utoK8ORrzHicslXo8EQR7la1cXFUr5NNezuaPiMRaVhDgKbEecMAYAU3M541+Ed3871g+fR8 ODok8E5KX2fC8+8dbEKWr74j0u2EPOhBqaLAbMIKhsA== X-Google-Smtp-Source: AGHT+IGXj+z0G/k1UgITXWvcaJvTP/LTasIeGiU+aHHxA08OHbuLekoyUJItbUXB8xdvOQ7u2GTkWu+o8IDL X-Received: by 2002:a17:90b:224e:b0:330:7ff5:2c58 with SMTP id 98e67ed59e1d1-34733e436fcmr169985a91.7.1763679869879; Thu, 20 Nov 2025 15:04:29 -0800 (PST) Received: from postal.iol.unh.edu (postal.iol.unh.edu. [132.177.123.84]) by smtp-relay.gmail.com with ESMTPS id 98e67ed59e1d1-34727c2adbesm316273a91.4.2025.11.20.15.04.29 (version=TLS1_2 cipher=ECDHE-ECDSA-AES128-GCM-SHA256 bits=128/128); Thu, 20 Nov 2025 15:04:29 -0800 (PST) X-Relaying-Domain: iol.unh.edu Date: Thu, 20 Nov 2025 15:04:29 -0800 (PST) Message-ID: <691f9e7d.170a0220.2ab097.0252SMTPIN_ADDED_MISSING@mx.google.com> Received: from [172.21.0.3] (unknown [172.18.0.240]) by postal.iol.unh.edu (Postfix) with ESMTP id 1918F6050A61; Thu, 20 Nov 2025 18:04:29 -0500 (EST) Subject: |WARNING| pw158940-158947 [PATCH] [v4,8/8] test: re-enable format-tr From: dpdklab@iol.unh.edu To: Test Report Cc: dpdk-test-reports@iol.unh.edu In-Reply-To: <20251120165713.120238-9-stephen@networkplumber.org> References: <20251120165713.120238-9-stephen@networkplumber.org> Content-Type: text/plain X-BeenThere: test-report@dpdk.org X-Mailman-Version: 2.1.29 Precedence: list List-Id: automatic DPDK test reports List-Unsubscribe: , List-Archive: List-Post: List-Help: List-Subscribe: , Errors-To: test-report-bounces@dpdk.org Test-Label: iol-unit-amd64-testing Test-Status: WARNING http://dpdk.org/patch/158947 _Testing issues_ Submitter: Stephen Hemminger Date: Thursday, November 20 2025 16:55:36 DPDK git baseline: Repo:dpdk Branch: master CommitID:ef98b88455bf4a7c8b7aa3106a761c9e9270d6a3 158940-158947 --> testing issues Upstream job id: Generic-VM-Unit-Test-DPDK#32713 Test environment and result as below: +-------------------------------+----------------+ | Environment | dpdk_unit_test | +===============================+================+ | Debian GNU/Linux 12 | PASS | +-------------------------------+----------------+ | Fedora Linux 41 | PASS | +-------------------------------+----------------+ | CentOS Stream 10 | PASS | +-------------------------------+----------------+ | Red Hat Enterprise Linux 8.10 | WARN | +-------------------------------+----------------+ | Ubuntu 22.04 | PASS | +-------------------------------+----------------+ | Fedora Linux 42 | PASS | +-------------------------------+----------------+ | Fedora Linux 40 | PASS | +-------------------------------+----------------+ | Red Hat Enterprise Linux 9.5 | PASS | +-------------------------------+----------------+ | Ubuntu 24.04 | PASS | +-------------------------------+----------------+ | CentOS Stream 9 | PASS | +-------------------------------+----------------+ | Ubuntu 20.04 | WARN | +-------------------------------+----------------+ | Windows Server 2022 | PASS | +-------------------------------+----------------+ ==== 20 line log output for Ubuntu 20.04 (dpdk_unit_test): ==== [3462/3605] Compiling C object app/dpdk-test.p/test_test_dmadev.c.o [3463/3605] Compiling C object app/dpdk-test.p/test_test_eal_flags.c.o FAILED: app/dpdk-test.p/test_test_eal_flags.c.o ccache cc -Iapp/dpdk-test.p -Iapp -I../app -Ilib/cmdline -I../lib/cmdline -Ilib/eal/common -I../lib/eal/common -I. -I.. -Iconfig -I../config -Ilib/eal/include -I../lib/eal/include -Ilib/eal/linux/include -I../lib/eal/linux/include -Ilib/eal/x86/include -I../lib/eal/x86/include -I../kernel/linux -Ilib/eal -I../lib/eal -Ilib/kvargs -I../lib/kvargs -Ilib/log -I../lib/log -Ilib/metrics -I../lib/metrics -Ilib/telemetry -I../lib/telemetry -Ilib/argparse -I../lib/argparse -Ilib/net -I../lib/net -Ilib/mbuf -I../lib/mbuf -Ilib/mempool -I../lib/mempool -Ilib/ring -I../lib/ring -Idrivers/net/ring -I../drivers/net/ring -Ilib/ethdev -I../lib/ethdev -Ilib/meter -I../lib/meter -Idrivers/bus/pci -I../drivers/bus/pci -I../drivers/bus/pci/linux -Ilib/pci -I../lib/pci -Idrivers/bus/vdev -I../drivers/bus/vdev -Ilib/acl -I../lib/acl -Ilib/hash -I../lib/hash -Ilib/rcu -I../lib/rcu -Ilib/bitratestats -I../lib/bitratestats -Ilib/bpf -I../lib/bpf -Ilib/cfgfile -I../lib/cfgfile -Ilib/compressdev -I../lib/comp ressdev -Ilib/cryptodev -I../lib/cryptodev -Ilib/security -I../lib/security -Ilib/dispatcher -I../lib/dispatcher -Ilib/eventdev -I../lib/eventdev -Ilib/timer -I../lib/timer -Ilib/dmadev -I../lib/dmadev -Ilib/distributor -I../lib/distributor -Ilib/efd -I../lib/efd -Ilib/fib -I../lib/fib -Ilib/rib -I../lib/rib -Ilib/table -I../lib/table -Ilib/port -I../lib/port -Ilib/sched -I../lib/sched -Ilib/ip_frag -I../lib/ip_frag -Ilib/lpm -I../lib/lpm -Ilib/graph -I../lib/graph -Ilib/pcapng -I../lib/pcapng -Ilib/ipsec -I../lib/ipsec -Ilib/latencystats -I../lib/latencystats -Idrivers/net/bonding -I../drivers/net/bonding -Ilib/member -I../lib/member -Ilib/pdcp -I../lib/pdcp -Ilib/reorder -I../lib/reorder -Ilib/pdump -I../lib/pdump -Ilib/pmu -I../lib/pmu -Ilib/power -I../lib/power -Idrivers/power/acpi -I../drivers/power/acpi -Idrivers/power/kvm_vm -I../drivers/power/kvm_vm -Idrivers/power/intel_pstate -I../drivers/power/intel_pstate -Idrivers/power/amd_pstate -I../drivers/power/amd_pstate -Idrivers /power/cppc -I../drivers/power/cppc -Idrivers/power/intel_uncore -I../drivers/power/intel_uncore -Ilib/ptr_compress -I../lib/ptr_compress -Ilib/rawdev -I../lib/rawdev -Idrivers/raw/skeleton -I../drivers/raw/skeleton -Ilib/stack -I../lib/stack -Ilib/pipeline -I../lib/pipeline -Idrivers/crypto/scheduler -I../drivers/crypto/scheduler -Iapp/test/test_cfgfiles -fdiagnostics-color=always -pipe -D_FILE_OFFSET_BITS=64 -Wall -Winvalid-pch -Wextra -Werror -std=c11 -O3 -include rte_config.h -Wvla -Wcast-qual -Wdeprecated -Wformat -Wformat-nonliteral -Wformat-security -Wmissing-declarations -Wmissing-prototypes -Wnested-externs -Wold-style-definition -Wpointer-arith -Wsign-compare -Wstrict-prototypes -Wundef -Wwrite-strings -Wno-packed-not-aligned -Wno-missing-field-initializers -D_GNU_SOURCE -march=native -mrtm -DALLOW_EXPERIMENTAL_API -Wno-vla -fno-strict-aliasing -DALLOW_INTERNAL_API -MD -MQ app/dpdk-test.p/test_test_eal_flags.c.o -MF app/dpdk-test.p/test_test_eal_flags.c.o.d -o app/dpdk-tes t.p/test_test_eal_flags.c.o -c ../app/test/test_eal_flags.c ../app/test/test_eal_flags.c: In function 'process_hugefiles': ../app/test/test_eal_flags.c:228:13: error: '__builtin___snprintf_chk' output may be truncated before the last format character [-Werror=format-truncation=] 228 | "%s/%s", hugedir, dirent->d_name); | ^ In file included from /usr/include/stdio.h:867, from ../app/test/test_eal_flags.c:6: /usr/include/x86_64-linux-gnu/bits/stdio2.h:67:10: note: '__builtin___snprintf_chk' output between 2 and 4097 bytes into a destination of size 4096 67 | return __builtin___snprintf_chk (__s, __n, __USE_FORTIFY_LEVEL - 1, | ^~~~~~~~~~~~~~~~~~~~~~~~~~~~~~~~~~~~~~~~~~~~~~~~~~~~~~~~~~~~ 68 | __bos (__s), __fmt, __va_arg_pack ()); | ~~~~~~~~~~~~~~~~~~~~~~~~~~~~~~~~~~~~~ cc1: all warnings being treated as errors [3464/3605] Compiling C object app/dpdk-test.p/test_test_efd_perf.c.o [3465/3605] Compiling C object app/dpdk-test.p/test_test_distributor.c.o [3466/3605] Compiling C object app/dpdk-test.p/test_test_cryptodev.c.o ninja: build stopped: subcommand failed. ==== End log output ==== Debian GNU/Linux 12 Kernel: 5.15 Compiler: gcc gcc (Debian 12.2.0-14+deb12u1) 12.2.0 Fedora Linux 41 Kernel: 5.15 Compiler: clang gcc (GCC) 14.3.1 20250523 (Red Hat 14.3.1-1) CentOS Stream 10 Kernel: 5.15 Compiler: gcc gcc (GCC) 14.2.1 20250110 (Red Hat 14.2.1-8) Red Hat Enterprise Linux 8.10 Kernel: 5.15 Compiler: gcc gcc (GCC) 8.5.0 20210514 (Red Hat 8.5.0-22) Ubuntu 22.04 Kernel: 5.15 Compiler: gcc gcc (Ubuntu 11.4.0-1ubuntu1~22.04) 11.4.0 Fedora Linux 42 Kernel: 5.15 Compiler: clang gcc (GCC) 15.2.1 20250808 (Red Hat 15.2.1-1) Fedora Linux 40 Kernel: 5.15 Compiler: gcc gcc (GCC) 14.2.1 20240912 (Red Hat 14.2.1-3) Red Hat Enterprise Linux 9.5 Kernel: 5.15 Compiler: gcc gcc (GCC) 11.5.0 20240719 (Red Hat 11.5.0-2) Ubuntu 24.04 Kernel: 5.15 Compiler: gcc gcc (Ubuntu 13.3.0-6ubuntu2~24.04) 13.3.0 CentOS Stream 9 Kernel: 5.15 Compiler: gcc gcc (GCC) 11.5.0 20240719 (Red Hat 11.5.0-11) Ubuntu 20.04 Kernel: 5.15 Compiler: gcc gcc (Ubuntu 9.4.0-1ubuntu1~20.04.2) 9.4.0 Windows Server 2022 Kernel: 10.0.20348.2031 Compiler: clang 15.0.7, gcc 14.1.0 (MinGW), and MSVC VS 19.39.33521 To view detailed results, visit: https://lab.dpdk.org/results/dashboard/patchsets/34647/ UNH-IOL DPDK Community Lab To manage your email subscriptions, visit: https://lab.dpdk.org/results/dashboard/preferences/subscriptions/