From: dpdklab@iol.unh.edu
To: Test Report <test-report@dpdk.org>
Cc: dpdk-test-reports@iol.unh.edu,
Stephen Hemminger <stephen@networkplumber.org>
Subject: |FAILURE| pw158940-158947 [PATCH] [v4,8/8] test: re-enable format-tr
Date: Thu, 20 Nov 2025 15:07:02 -0800 (PST) [thread overview]
Message-ID: <691f9f16.050a0220.25d207.1106SMTPIN_ADDED_MISSING@mx.google.com> (raw)
In-Reply-To: <20251120165713.120238-9-stephen@networkplumber.org>
Test-Label: iol-unit-amd64-testing
Test-Status: FAILURE
http://dpdk.org/patch/158947
_Testing issues_
Submitter: Stephen Hemminger <stephen@networkplumber.org>
Date: Thursday, November 20 2025 16:55:36
DPDK git baseline: Repo:dpdk
Branch: master
CommitID:ef98b88455bf4a7c8b7aa3106a761c9e9270d6a3
158940-158947 --> testing issues
Upstream job id: Generic-VM-Unit-Test-DPDK#32714
Test environment and result as below:
+-------------------------------+----------------+
| Environment | dpdk_unit_test |
+===============================+================+
| Debian GNU/Linux 12 | PASS |
+-------------------------------+----------------+
| Fedora Linux 41 | PASS |
+-------------------------------+----------------+
| CentOS Stream 10 | PASS |
+-------------------------------+----------------+
| Red Hat Enterprise Linux 8.10 | WARN |
+-------------------------------+----------------+
| Ubuntu 22.04 | PASS |
+-------------------------------+----------------+
| Fedora Linux 42 | PASS |
+-------------------------------+----------------+
| Fedora Linux 40 | PASS |
+-------------------------------+----------------+
| Red Hat Enterprise Linux 9.5 | PASS |
+-------------------------------+----------------+
| Ubuntu 24.04 | PASS |
+-------------------------------+----------------+
| CentOS Stream 9 | PASS |
+-------------------------------+----------------+
| Ubuntu 20.04 | FAIL |
+-------------------------------+----------------+
| Windows Server 2022 | PASS |
+-------------------------------+----------------+
==== Unit test summary for Ubuntu 20.04 (dpdk_unit_test): ====
Failed to get the unit test results.
Displaying the unit test results is not supported for some environments,
such as our aarch32 testing, where meson is not used to run the tests.
Download the logs available on our CI site.
==== End log output ====
Debian GNU/Linux 12
Kernel: 5.15
Compiler: gcc gcc (Debian 12.2.0-14+deb12u1) 12.2.0
Fedora Linux 41
Kernel: 5.15
Compiler: clang gcc (GCC) 14.3.1 20250523 (Red Hat 14.3.1-1)
CentOS Stream 10
Kernel: 5.15
Compiler: gcc gcc (GCC) 14.2.1 20250110 (Red Hat 14.2.1-8)
Red Hat Enterprise Linux 8.10
Kernel: 5.15
Compiler: gcc gcc (GCC) 8.5.0 20210514 (Red Hat 8.5.0-22)
Ubuntu 22.04
Kernel: 5.15
Compiler: gcc gcc (Ubuntu 11.4.0-1ubuntu1~22.04) 11.4.0
Fedora Linux 42
Kernel: 5.15
Compiler: clang gcc (GCC) 15.2.1 20250808 (Red Hat 15.2.1-1)
Fedora Linux 40
Kernel: 5.15
Compiler: gcc gcc (GCC) 14.2.1 20240912 (Red Hat 14.2.1-3)
Red Hat Enterprise Linux 9.5
Kernel: 5.15
Compiler: gcc gcc (GCC) 11.5.0 20240719 (Red Hat 11.5.0-2)
Ubuntu 24.04
Kernel: 5.15
Compiler: gcc gcc (Ubuntu 13.3.0-6ubuntu2~24.04) 13.3.0
CentOS Stream 9
Kernel: 5.15
Compiler: gcc gcc (GCC) 11.5.0 20240719 (Red Hat 11.5.0-11)
Ubuntu 20.04
Kernel: 5.15
Compiler: gcc gcc (Ubuntu 9.4.0-1ubuntu1~20.04.2) 9.4.0
Windows Server 2022
Kernel: 10.0.20348.2031
Compiler: clang 15.0.7, gcc 14.1.0 (MinGW), and MSVC VS 19.39.33521
To view detailed results, visit:
https://lab.dpdk.org/results/dashboard/patchsets/34647/
UNH-IOL DPDK Community Lab
To manage your email subscriptions, visit:
https://lab.dpdk.org/results/dashboard/preferences/subscriptions/
next prev parent reply other threads:[~2025-11-20 23:07 UTC|newest]
Thread overview: 30+ messages / expand[flat|nested] mbox.gz Atom feed top
[not found] <20251120165713.120238-9-stephen@networkplumber.org>
2025-11-20 16:23 ` |SUCCESS| pw158940-158947 [PATCH v4 8/8] test: re-enable format-truncation warnings qemudev
2025-11-20 16:28 ` qemudev
2025-11-20 16:58 ` |SUCCESS| pw158947 " checkpatch
2025-11-20 19:25 ` |FAILURE| pw158940-158947 [PATCH] [v4,8/8] test: re-enable format-tr dpdklab
2025-11-20 19:30 ` |SUCCESS| " dpdklab
2025-11-20 19:33 ` |FAILURE| " dpdklab
2025-11-20 19:35 ` |PENDING| " dpdklab
2025-11-20 19:36 ` |SUCCESS| " dpdklab
2025-11-20 19:41 ` |WARNING| " dpdklab
2025-11-20 19:41 ` |FAILURE| " dpdklab
2025-11-20 19:41 ` dpdklab
2025-11-20 19:41 ` dpdklab
2025-11-20 19:46 ` |SUCCESS| " dpdklab
2025-11-20 19:48 ` dpdklab
2025-11-20 19:48 ` dpdklab
2025-11-20 19:49 ` |PENDING| " dpdklab
2025-11-20 19:49 ` |SUCCESS| " dpdklab
2025-11-20 19:50 ` |PENDING| " dpdklab
2025-11-20 20:03 ` |FAILURE| " dpdklab
2025-11-20 20:04 ` dpdklab
2025-11-20 20:07 ` |SUCCESS| " dpdklab
2025-11-20 20:08 ` |WARNING| " dpdklab
2025-11-20 20:23 ` dpdklab
2025-11-20 21:11 ` |FAILURE| " dpdklab
2025-11-20 22:15 ` dpdklab
2025-11-20 22:23 ` dpdklab
2025-11-20 22:48 ` dpdklab
2025-11-20 23:04 ` |WARNING| " dpdklab
2025-11-20 23:07 ` dpdklab [this message]
2025-11-21 0:05 ` |FAILURE| " dpdklab
Reply instructions:
You may reply publicly to this message via plain-text email
using any one of the following methods:
* Save the following mbox file, import it into your mail client,
and reply-to-all from there: mbox
Avoid top-posting and favor interleaved quoting:
https://en.wikipedia.org/wiki/Posting_style#Interleaved_style
* Reply using the --to, --cc, and --in-reply-to
switches of git-send-email(1):
git send-email \
--in-reply-to=691f9f16.050a0220.25d207.1106SMTPIN_ADDED_MISSING@mx.google.com \
--to=dpdklab@iol.unh.edu \
--cc=dpdk-test-reports@iol.unh.edu \
--cc=stephen@networkplumber.org \
--cc=test-report@dpdk.org \
/path/to/YOUR_REPLY
https://kernel.org/pub/software/scm/git/docs/git-send-email.html
* If your mail client supports setting the In-Reply-To header
via mailto: links, try the mailto: link
Be sure your reply has a Subject: header at the top and a blank line
before the message body.
This is a public inbox, see mirroring instructions
for how to clone and mirror all data and code used for this inbox;
as well as URLs for NNTP newsgroup(s).