From mboxrd@z Thu Jan 1 00:00:00 1970 Return-Path: Received: from mails.dpdk.org (mails.dpdk.org [217.70.189.124]) by inbox.dpdk.org (Postfix) with ESMTP id F1FEB48B5E for ; Fri, 21 Nov 2025 00:07:03 +0100 (CET) Received: from mails.dpdk.org (localhost [127.0.0.1]) by mails.dpdk.org (Postfix) with ESMTP id D40DB400EF; Fri, 21 Nov 2025 00:07:03 +0100 (CET) Received: from mail-io1-f99.google.com (mail-io1-f99.google.com [209.85.166.99]) by mails.dpdk.org (Postfix) with ESMTP id F396E400EF for ; Fri, 21 Nov 2025 00:07:02 +0100 (CET) Received: by mail-io1-f99.google.com with SMTP id ca18e2360f4ac-949022f1c85so54311039f.0 for ; Thu, 20 Nov 2025 15:07:02 -0800 (PST) DKIM-Signature: v=1; a=rsa-sha256; c=relaxed/relaxed; d=iol.unh.edu; s=unh-iol; t=1763680022; x=1764284822; darn=dpdk.org; h=references:in-reply-to:cc:to:from:subject:message-id:date:from:to :cc:subject:date:message-id:reply-to; bh=TA8EzMfnvzKtBaND2dF/BOgTIqsi8vm/qdvVvVzI8Gk=; b=H4g8Cv5NeIXVQXtnW+wlFrzyMY08iLXAZ56Vsr9HzJg4O5N4oWSxFQr880muwYuczI nG6FlMKlsCUtJNvHtKIK7Q2xff+FtVwrD/vCCJ1Yxh+GP+Sm953DCObsxtvLFPQiF+Wt yltlwtli7Xe29F5eOcGhKe47EFnTWPWtyFN4s= X-Google-DKIM-Signature: v=1; a=rsa-sha256; c=relaxed/relaxed; d=1e100.net; s=20230601; t=1763680022; x=1764284822; h=references:in-reply-to:cc:to:from:subject:message-id:date:x-gm-gg :x-gm-message-state:from:to:cc:subject:date:message-id:reply-to; bh=TA8EzMfnvzKtBaND2dF/BOgTIqsi8vm/qdvVvVzI8Gk=; b=E9DGN9mIYXWRyc6uF4IVDwAAIqCAFLbr4Q28NSldA9cIyDmO7GrWUuL+z0Pm24Wh5d cJeSb0CSIFPChHV0LjxBwT7oy214QQh2fkDJ6gpUre8+Wibc2yznVWp1L8BJCXtlF7dQ XhYVvz2qApL5KF2I+P1FxSh5NN2i6K/Ve98/nZVPb0BHmS8qVQg19lZ7PzaGdpY1koQx ByQ1lvXuKRZcSf+N9OB4ICZplh5U3DBOLX1KUSmOd4TOoPSaCxZSPQ7vGCIjyHPcfdr+ gD1vcOfOpDcHA96pW2glc849PAyYRM1On/pntPlXGj8QE2jLQ8gYVRShjq6wbdUP4mbW Q9oA== X-Gm-Message-State: AOJu0YwBh/vid2WjfwDx62PLe6Sols/8MMJstAvlgJmUvFmOgfzVqUzu TS9Gqn2OL45yTH59wdBxLxRYVRku8cA2eZdAZCG03PR62ZT4lESS0o0iRAJAe7EINxOYW6nW2Fo Tlz7Aabww23JKpVvecbZwCtCUTY8mO3gJ2c+X7Qyajq9Duquey2ANgM3qEGiq X-Gm-Gg: ASbGncvEoQoHOO0IMmfH9jTPIIHMSHVKkHiF8xjyKl1Gx3bw675kmSy8HrP+3JhiT/N HzBujVOe4pUaJ1pURleTOKiqF5N+37YZzgwBM6c8xZHo8Amzq7abGxBKsK/APdhrozLkjs0fpuO WwIGrmzxMSQTPtdgTypXoUyNDcsvRp4ec/mY3HWXfCrzrV1cWic4ObqOM2BpK6cUXrO0ZaJMe0Q GHPetIdDeTSrk8sd/dqAoGU+A4uxzGnrPp/DEPT/tmuEj2J5xMRn91gpW4c5ZhoEjq1Cyo7wSJL LugSPGZZda+uy+ntMVUdEbb90bxGvGJgLsKenmCuVa/8kT9KOkysdj1Cf9OUwCexGQe9rKZb910 tGUR4vtmpY5ZDWt5hCx8= X-Google-Smtp-Source: AGHT+IGpOJ08YFcf9qnt40yKm2JC5QdOSWogK4nCsaqi/fgUF6bX2K8H68nrkiJqkc0K6FCeAo1T5azDl1WP X-Received: by 2002:a05:6638:65c4:b0:5b7:bb99:921a with SMTP id 8926c6da1cb9f-5b953d610damr3259934173.0.1763680022247; Thu, 20 Nov 2025 15:07:02 -0800 (PST) Received: from postal.iol.unh.edu (postal.iol.unh.edu. [2606:4100:3880:1234::84]) by smtp-relay.gmail.com with ESMTPS id 8926c6da1cb9f-5b954b16f1bsm337567173.25.2025.11.20.15.07.02 (version=TLS1_2 cipher=ECDHE-ECDSA-AES128-GCM-SHA256 bits=128/128); Thu, 20 Nov 2025 15:07:02 -0800 (PST) X-Relaying-Domain: iol.unh.edu Date: Thu, 20 Nov 2025 15:07:02 -0800 (PST) Message-ID: <691f9f16.050a0220.25d207.1106SMTPIN_ADDED_MISSING@mx.google.com> Received: from [172.21.0.2] (unknown [172.18.0.240]) by postal.iol.unh.edu (Postfix) with ESMTP id CA5586050A61; Thu, 20 Nov 2025 18:07:01 -0500 (EST) Subject: |FAILURE| pw158940-158947 [PATCH] [v4,8/8] test: re-enable format-tr From: dpdklab@iol.unh.edu To: Test Report Cc: dpdk-test-reports@iol.unh.edu, Stephen Hemminger In-Reply-To: <20251120165713.120238-9-stephen@networkplumber.org> References: <20251120165713.120238-9-stephen@networkplumber.org> Content-Type: text/plain X-BeenThere: test-report@dpdk.org X-Mailman-Version: 2.1.29 Precedence: list List-Id: automatic DPDK test reports List-Unsubscribe: , List-Archive: List-Post: List-Help: List-Subscribe: , Errors-To: test-report-bounces@dpdk.org Test-Label: iol-unit-amd64-testing Test-Status: FAILURE http://dpdk.org/patch/158947 _Testing issues_ Submitter: Stephen Hemminger Date: Thursday, November 20 2025 16:55:36 DPDK git baseline: Repo:dpdk Branch: master CommitID:ef98b88455bf4a7c8b7aa3106a761c9e9270d6a3 158940-158947 --> testing issues Upstream job id: Generic-VM-Unit-Test-DPDK#32714 Test environment and result as below: +-------------------------------+----------------+ | Environment | dpdk_unit_test | +===============================+================+ | Debian GNU/Linux 12 | PASS | +-------------------------------+----------------+ | Fedora Linux 41 | PASS | +-------------------------------+----------------+ | CentOS Stream 10 | PASS | +-------------------------------+----------------+ | Red Hat Enterprise Linux 8.10 | WARN | +-------------------------------+----------------+ | Ubuntu 22.04 | PASS | +-------------------------------+----------------+ | Fedora Linux 42 | PASS | +-------------------------------+----------------+ | Fedora Linux 40 | PASS | +-------------------------------+----------------+ | Red Hat Enterprise Linux 9.5 | PASS | +-------------------------------+----------------+ | Ubuntu 24.04 | PASS | +-------------------------------+----------------+ | CentOS Stream 9 | PASS | +-------------------------------+----------------+ | Ubuntu 20.04 | FAIL | +-------------------------------+----------------+ | Windows Server 2022 | PASS | +-------------------------------+----------------+ ==== Unit test summary for Ubuntu 20.04 (dpdk_unit_test): ==== Failed to get the unit test results. Displaying the unit test results is not supported for some environments, such as our aarch32 testing, where meson is not used to run the tests. Download the logs available on our CI site. ==== End log output ==== Debian GNU/Linux 12 Kernel: 5.15 Compiler: gcc gcc (Debian 12.2.0-14+deb12u1) 12.2.0 Fedora Linux 41 Kernel: 5.15 Compiler: clang gcc (GCC) 14.3.1 20250523 (Red Hat 14.3.1-1) CentOS Stream 10 Kernel: 5.15 Compiler: gcc gcc (GCC) 14.2.1 20250110 (Red Hat 14.2.1-8) Red Hat Enterprise Linux 8.10 Kernel: 5.15 Compiler: gcc gcc (GCC) 8.5.0 20210514 (Red Hat 8.5.0-22) Ubuntu 22.04 Kernel: 5.15 Compiler: gcc gcc (Ubuntu 11.4.0-1ubuntu1~22.04) 11.4.0 Fedora Linux 42 Kernel: 5.15 Compiler: clang gcc (GCC) 15.2.1 20250808 (Red Hat 15.2.1-1) Fedora Linux 40 Kernel: 5.15 Compiler: gcc gcc (GCC) 14.2.1 20240912 (Red Hat 14.2.1-3) Red Hat Enterprise Linux 9.5 Kernel: 5.15 Compiler: gcc gcc (GCC) 11.5.0 20240719 (Red Hat 11.5.0-2) Ubuntu 24.04 Kernel: 5.15 Compiler: gcc gcc (Ubuntu 13.3.0-6ubuntu2~24.04) 13.3.0 CentOS Stream 9 Kernel: 5.15 Compiler: gcc gcc (GCC) 11.5.0 20240719 (Red Hat 11.5.0-11) Ubuntu 20.04 Kernel: 5.15 Compiler: gcc gcc (Ubuntu 9.4.0-1ubuntu1~20.04.2) 9.4.0 Windows Server 2022 Kernel: 10.0.20348.2031 Compiler: clang 15.0.7, gcc 14.1.0 (MinGW), and MSVC VS 19.39.33521 To view detailed results, visit: https://lab.dpdk.org/results/dashboard/patchsets/34647/ UNH-IOL DPDK Community Lab To manage your email subscriptions, visit: https://lab.dpdk.org/results/dashboard/preferences/subscriptions/