From mboxrd@z Thu Jan 1 00:00:00 1970 Return-Path: Received: from mails.dpdk.org (mails.dpdk.org [217.70.189.124]) by inbox.dpdk.org (Postfix) with ESMTP id 0401748B61 for ; Fri, 21 Nov 2025 02:36:50 +0100 (CET) Received: from mails.dpdk.org (localhost [127.0.0.1]) by mails.dpdk.org (Postfix) with ESMTP id DBAD0400EF; Fri, 21 Nov 2025 02:36:50 +0100 (CET) Received: from mail-oa1-f100.google.com (mail-oa1-f100.google.com [209.85.160.100]) by mails.dpdk.org (Postfix) with ESMTP id 96032400EF for ; Fri, 21 Nov 2025 02:36:49 +0100 (CET) Received: by mail-oa1-f100.google.com with SMTP id 586e51a60fabf-3d70c5bb455so559593fac.1 for ; Thu, 20 Nov 2025 17:36:49 -0800 (PST) DKIM-Signature: v=1; a=rsa-sha256; c=relaxed/relaxed; d=iol.unh.edu; s=unh-iol; t=1763689008; x=1764293808; darn=dpdk.org; h=references:in-reply-to:cc:to:from:subject:message-id:date:from:to :cc:subject:date:message-id:reply-to; bh=KtxPIrXEOryxCbstEbUtFyw3P3qEzCDOwfURIECgAfs=; b=c3gHX8lo6FgkNBVscq5b0OUpAR9PsNwS3BW98u1ioahQYRu9NVTIUBsi1defOXroVP UNjyE0ePHe5/xgiTY1qdBD4aQioZpZNhw4fBD6jBZH/znnR9GlCVjtG2EkHsmR+SEcNK pGwoMqLhkzr1+r+1bKcHGv5qj9E7UZm6SN3oc= X-Google-DKIM-Signature: v=1; a=rsa-sha256; c=relaxed/relaxed; d=1e100.net; s=20230601; t=1763689008; x=1764293808; h=references:in-reply-to:cc:to:from:subject:message-id:date:x-gm-gg :x-gm-message-state:from:to:cc:subject:date:message-id:reply-to; bh=KtxPIrXEOryxCbstEbUtFyw3P3qEzCDOwfURIECgAfs=; b=YzqhesyKIaABEMU5ipw5oGEJaKZUD42LRAjbiyr+dbLEEHnFXb0aeAiDYOZaZMEYED sQzQvx7lamB1Tu65q+g9VYc0SgHxfwSL6AwReXp3mT/xLofspxSjYTTCDDF77WJd49Fj xkDMTtJym1U8EbnAYS4Xm0vpNG8nt0U8x9OATZlh2VbaTjTZBkIN2+ud2gIw5Llsa9zF h94ZCIqtUwDdZ6IIuPzdcfJyHJTvW4Cel6z21fKAclGV6sI3GJAA+sMK+RgQS9kv6xQI CRNk0jgfbPQeelU2wYHjZWYbe7MKupnVo6GuMQ0n1ZE2TJdEkV6mYaAf/u535ukbbMHT s2xA== X-Gm-Message-State: AOJu0YxQr7FjG1+mWwq4aJCI+r4une+bjEkftwFFYEr95Wopmu66Ikqv 9Ih7h7rPNsHYjoXK+3reIf8gxuS9aQmOER6aaF4hMZI7eVb4iAGxbUk5cjHmSotqn0vriBp2TuD GA3E5u/oMKlrFpsLTiFS/k7ACCeyAa/VOoISjZgLC89Ai X-Gm-Gg: ASbGncudbV6AmPYfPPM9vtO3d/nEG3MBltz51uSowRnSu73TTrm14zKvZNIVoWRu5Uq e/TrIuo8538SvkDTK2LdP/DR/iOeMiCYwEjWeFTVwR1GUChbEjpFaEZeTqdW0/6qy1Ep05vRXaJ 3TM2uIHNG6H55QW7m/bhuxbNLlPKtg6c0aud5PVLh2ZGkRD0vumDEbmptqACj1AhQAdnXMRfdKK K+4n3EpVhnGFOigvCHj8gIHgvXgWg1aOeHuo7qMkgeeHL5C8DzPkroxUmQt2MmughBTKYKDZIA0 EVMaOEZR5TE2XC1pd5ncKFBzhtKKOKW8Fxox5qDICDWjOezbNsgkZIWXdCXZjSwieZsQ8CGt1eY YqPHXtOa8azOnAV5t4IZQmwM0PYIXAe9DNpPUcLXAtA== X-Google-Smtp-Source: AGHT+IHwUSXz0hGGSwtCoxihiMB68l9J2TpAMWrUqn873IyqL15lPkSkSuDgevvkfIBuNM8+Pxc0u5O46ChN X-Received: by 2002:a05:6808:1a19:b0:44d:af21:bf34 with SMTP id 5614622812f47-4511294e751mr344355b6e.2.1763689008582; Thu, 20 Nov 2025 17:36:48 -0800 (PST) Received: from postal.iol.unh.edu (postal.iol.unh.edu. [132.177.123.84]) by smtp-relay.gmail.com with ESMTPS id 586e51a60fabf-3ec9dc787besm379487fac.16.2025.11.20.17.36.48 (version=TLS1_2 cipher=ECDHE-ECDSA-AES128-GCM-SHA256 bits=128/128); Thu, 20 Nov 2025 17:36:48 -0800 (PST) X-Relaying-Domain: iol.unh.edu Date: Thu, 20 Nov 2025 17:36:48 -0800 (PST) Message-ID: <691fc230.050a0220.b7ea8.2c0eSMTPIN_ADDED_MISSING@mx.google.com> Received: from [172.21.0.2] (unknown [172.18.0.240]) by postal.iol.unh.edu (Postfix) with ESMTP id 10D5B60003E8; Thu, 20 Nov 2025 20:36:48 -0500 (EST) Subject: |WARNING| pw158940-158947 [PATCH] [v4,8/8] test: re-enable format-tr From: dpdklab@iol.unh.edu To: Test Report Cc: dpdk-test-reports@iol.unh.edu In-Reply-To: <20251120165713.120238-9-stephen@networkplumber.org> References: <20251120165713.120238-9-stephen@networkplumber.org> Content-Type: text/plain X-BeenThere: test-report@dpdk.org X-Mailman-Version: 2.1.29 Precedence: list List-Id: automatic DPDK test reports List-Unsubscribe: , List-Archive: List-Post: List-Help: List-Subscribe: , Errors-To: test-report-bounces@dpdk.org Test-Label: iol-unit-arm64-testing Test-Status: WARNING http://dpdk.org/patch/158947 _Testing issues_ Submitter: Stephen Hemminger Date: Thursday, November 20 2025 16:55:36 DPDK git baseline: Repo:dpdk Branch: master CommitID:ef98b88455bf4a7c8b7aa3106a761c9e9270d6a3 158940-158947 --> testing issues Upstream job id: Generic-Unit-Test-DPDK#394724 Test environment and result as below: +------------------------------+----------------+------------------------------+--------------+---------------------------+ | Environment | dpdk_unit_test | cryptodev_sw_snow3g_autotest | lpm_autotest | cryptodev_sw_zuc_autotest | +==============================+================+==============================+==============+===========================+ | Fedora Linux 40 | PASS | SKIPPED | SKIPPED | SKIPPED | +------------------------------+----------------+------------------------------+--------------+---------------------------+ | Ubuntu 22.04 | PASS | SKIPPED | SKIPPED | SKIPPED | +------------------------------+----------------+------------------------------+--------------+---------------------------+ | Fedora Linux 41 | PASS | SKIPPED | SKIPPED | SKIPPED | +------------------------------+----------------+------------------------------+--------------+---------------------------+ | CentOS Stream 9 | PASS | SKIPPED | SKIPPED | SKIPPED | +------------------------------+----------------+------------------------------+--------------+---------------------------+ | Fedora Linux 42 | PASS | SKIPPED | SKIPPED | SKIPPED | +------------------------------+----------------+------------------------------+--------------+---------------------------+ | Ubuntu 24.04 | PASS | SKIPPED | SKIPPED | SKIPPED | +------------------------------+----------------+------------------------------+--------------+---------------------------+ | Debian GNU/Linux 12 | PASS | SKIPPED | SKIPPED | SKIPPED | +------------------------------+----------------+------------------------------+--------------+---------------------------+ | CentOS Stream 10 | PASS | SKIPPED | SKIPPED | SKIPPED | +------------------------------+----------------+------------------------------+--------------+---------------------------+ | Red Hat Enterprise Linux 9.5 | PASS | SKIPPED | SKIPPED | SKIPPED | +------------------------------+----------------+------------------------------+--------------+---------------------------+ | Ubuntu 20.04 | WARN | SKIPPED | PASS | SKIPPED | +------------------------------+----------------+------------------------------+--------------+---------------------------+ | Debian 12 (arm) | SKIPPED | PASS | SKIPPED | PASS | +------------------------------+----------------+------------------------------+--------------+---------------------------+ ==== 20 line log output for Ubuntu 20.04 (dpdk_unit_test): ==== [3664/3808] Compiling C object app/dpdk-test.p/test_test_eal_fs.c.o [3665/3808] Compiling C object app/dpdk-test.p/test_test_eal_flags.c.o FAILED: app/dpdk-test.p/test_test_eal_flags.c.o ccache cc -Iapp/dpdk-test.p -Iapp -I../app -Ilib/cmdline -I../lib/cmdline -Ilib/eal/common -I../lib/eal/common -I. -I.. -Iconfig -I../config -Ilib/eal/include -I../lib/eal/include -Ilib/eal/linux/include -I../lib/eal/linux/include -Ilib/eal/arm/include -I../lib/eal/arm/include -I../kernel/linux -Ilib/eal -I../lib/eal -Ilib/kvargs -I../lib/kvargs -Ilib/log -I../lib/log -Ilib/metrics -I../lib/metrics -Ilib/telemetry -I../lib/telemetry -Ilib/argparse -I../lib/argparse -Ilib/net -I../lib/net -Ilib/mbuf -I../lib/mbuf -Ilib/mempool -I../lib/mempool -Ilib/ring -I../lib/ring -Idrivers/net/ring -I../drivers/net/ring -Ilib/ethdev -I../lib/ethdev -Ilib/meter -I../lib/meter -Idrivers/bus/pci -I../drivers/bus/pci -I../drivers/bus/pci/linux -Ilib/pci -I../lib/pci -Idrivers/bus/vdev -I../drivers/bus/vdev -Ilib/acl -I../lib/acl -Ilib/hash -I../lib/hash -Ilib/rcu -I../lib/rcu -Ilib/bitratestats -I../lib/bitratestats -Ilib/bpf -I../lib/bpf -Ilib/cfgfile -I../lib/cfgfile -Ilib/compressdev -I../lib/comp ressdev -Ilib/cryptodev -I../lib/cryptodev -Ilib/security -I../lib/security -Ilib/dispatcher -I../lib/dispatcher -Ilib/eventdev -I../lib/eventdev -Ilib/timer -I../lib/timer -Ilib/dmadev -I../lib/dmadev -Ilib/distributor -I../lib/distributor -Ilib/efd -I../lib/efd -Ilib/fib -I../lib/fib -Ilib/rib -I../lib/rib -Ilib/table -I../lib/table -Ilib/port -I../lib/port -Ilib/sched -I../lib/sched -Ilib/ip_frag -I../lib/ip_frag -Ilib/lpm -I../lib/lpm -Ilib/graph -I../lib/graph -Ilib/pcapng -I../lib/pcapng -Ilib/ipsec -I../lib/ipsec -Ilib/latencystats -I../lib/latencystats -Idrivers/net/bonding -I../drivers/net/bonding -Ilib/member -I../lib/member -Ilib/pdcp -I../lib/pdcp -Ilib/reorder -I../lib/reorder -Ilib/pdump -I../lib/pdump -Ilib/pmu -I../lib/pmu -Ilib/power -I../lib/power -Idrivers/power/acpi -I../drivers/power/acpi -Idrivers/power/kvm_vm -I../drivers/power/kvm_vm -Idrivers/power/intel_pstate -I../drivers/power/intel_pstate -Idrivers/power/amd_pstate -I../drivers/power/amd_pstate -Idrivers /power/cppc -I../drivers/power/cppc -Idrivers/power/intel_uncore -I../drivers/power/intel_uncore -Ilib/ptr_compress -I../lib/ptr_compress -Ilib/rawdev -I../lib/rawdev -Idrivers/raw/skeleton -I../drivers/raw/skeleton -Ilib/stack -I../lib/stack -Ilib/pipeline -I../lib/pipeline -Idrivers/crypto/scheduler -I../drivers/crypto/scheduler -Iapp/test/test_cfgfiles -fdiagnostics-color=always -pipe -D_FILE_OFFSET_BITS=64 -Wall -Winvalid-pch -Wextra -Werror -std=c11 -O3 -include rte_config.h -Wvla -Wcast-qual -Wdeprecated -Wformat -Wformat-nonliteral -Wformat-security -Wmissing-declarations -Wmissing-prototypes -Wnested-externs -Wold-style-definition -Wpointer-arith -Wsign-compare -Wstrict-prototypes -Wundef -Wwrite-strings -Wno-packed-not-aligned -Wno-missing-field-initializers -D_GNU_SOURCE -march=armv8.1-a+crc+crypto -DALLOW_EXPERIMENTAL_API -Wno-vla -fno-strict-aliasing -DALLOW_INTERNAL_API -MD -MQ app/dpdk-test.p/test_test_eal_flags.c.o -MF app/dpdk-test.p/test_test_eal_flags.c.o.d -o app/ dpdk-test.p/test_test_eal_flags.c.o -c ../app/test/test_eal_flags.c ../app/test/test_eal_flags.c: In function 'process_hugefiles': ../app/test/test_eal_flags.c:228:13: error: '__builtin___snprintf_chk' output may be truncated before the last format character [-Werror=format-truncation=] 228 | "%s/%s", hugedir, dirent->d_name); | ^ In file included from /usr/include/stdio.h:867, from ../app/test/test_eal_flags.c:6: /usr/include/aarch64-linux-gnu/bits/stdio2.h:67:10: note: '__builtin___snprintf_chk' output between 2 and 4097 bytes into a destination of size 4096 67 | return __builtin___snprintf_chk (__s, __n, __USE_FORTIFY_LEVEL - 1, | ^~~~~~~~~~~~~~~~~~~~~~~~~~~~~~~~~~~~~~~~~~~~~~~~~~~~~~~~~~~~ 68 | __bos (__s), __fmt, __va_arg_pack ()); | ~~~~~~~~~~~~~~~~~~~~~~~~~~~~~~~~~~~~~ cc1: all warnings being treated as errors [3666/3808] Compiling C object app/dpdk-test.p/test_test_dmadev.c.o [3667/3808] Compiling C object app/dpdk-test.p/test_test_ethdev_api.c.o [3668/3808] Compiling C object app/dpdk-test.p/test_test_cryptodev.c.o ninja: build stopped: subcommand failed. ==== End log output ==== Fedora Linux 40 Kernel: 5.4 Compiler: clang gcc (GCC) 14.2.1 20240912 (Red Hat 14.2.1-3) Ubuntu 22.04 Kernel: 5.15 Compiler: gcc gcc (Ubuntu 11.4.0-1ubuntu1~22.04.2) 11.4.0 Fedora Linux 41 Kernel: 5.4 Compiler: clang gcc (GCC) 14.3.1 20250523 (Red Hat 14.3.1-1) CentOS Stream 9 Kernel: 5.4 Compiler: gcc gcc (GCC) 11.5.0 20240719 (Red Hat 11.5.0-11) Fedora Linux 42 Kernel: 5.4 Compiler: gcc gcc (GCC) 15.2.1 20250808 (Red Hat 15.2.1-1) Ubuntu 24.04 Kernel: 5.4 Compiler: gcc gcc (Ubuntu 13.3.0-6ubuntu2~24.04) 13.3.0 Debian GNU/Linux 12 Kernel: 5.4 Compiler: gcc gcc (Debian 12.2.0-14+deb12u1) 12.2.0 CentOS Stream 10 Kernel: 5.4 Compiler: gcc gcc (GCC) 14.2.1 20250110 (Red Hat 14.2.1-8) Red Hat Enterprise Linux 9.5 Kernel: 5.4 Compiler: gcc gcc (GCC) 11.5.0 20240719 (Red Hat 11.5.0-2) Ubuntu 20.04 Kernel: 5.4 Compiler: gcc gcc (Ubuntu 9.4.0-1ubuntu1~20.04.2) 9.4.0 Debian 12 (arm) Kernel: Depends on container host Compiler: gcc (Debian 12.2.0-14) 12.2.0 To view detailed results, visit: https://lab.dpdk.org/results/dashboard/patchsets/34647/ UNH-IOL DPDK Community Lab To manage your email subscriptions, visit: https://lab.dpdk.org/results/dashboard/preferences/subscriptions/