From mboxrd@z Thu Jan 1 00:00:00 1970 Return-Path: Received: from mails.dpdk.org (mails.dpdk.org [217.70.189.124]) by inbox.dpdk.org (Postfix) with ESMTP id 67E2B48B64 for ; Fri, 21 Nov 2025 06:33:21 +0100 (CET) Received: from mails.dpdk.org (localhost [127.0.0.1]) by mails.dpdk.org (Postfix) with ESMTP id 3DB42400EF; Fri, 21 Nov 2025 06:33:21 +0100 (CET) Received: from mail-qt1-f226.google.com (mail-qt1-f226.google.com [209.85.160.226]) by mails.dpdk.org (Postfix) with ESMTP id E4194400EF for ; Fri, 21 Nov 2025 06:33:19 +0100 (CET) Received: by mail-qt1-f226.google.com with SMTP id d75a77b69052e-4edf1be4434so12848791cf.1 for ; Thu, 20 Nov 2025 21:33:19 -0800 (PST) DKIM-Signature: v=1; a=rsa-sha256; c=relaxed/relaxed; d=iol.unh.edu; s=unh-iol; t=1763703199; x=1764307999; darn=dpdk.org; h=cc:to:from:subject:message-id:date:from:to:cc:subject:date :message-id:reply-to; bh=CqIjErWdLDGi7zodoDXiZQBDgn3M9ho4eFUHCUH2+Qc=; b=SSXIZXFp7OmPGSWwWFa88ASUxvbzWDo/xyEHIE2/jGNh0YmUhko9D0Rv8yuBVOMnUM KoPkg19Wka86mk/xhyciZtRf5OOCQ5RjEmSajpmn6Uvfj6kGspcqWcuS/UCHW0Yijd/S Zuo/jbSgaWKauqaKhWY42rq+2Nq4IKfLA8JG0= X-Google-DKIM-Signature: v=1; a=rsa-sha256; c=relaxed/relaxed; d=1e100.net; s=20230601; t=1763703199; x=1764307999; h=cc:to:from:subject:message-id:date:x-gm-gg:x-gm-message-state:from :to:cc:subject:date:message-id:reply-to; bh=CqIjErWdLDGi7zodoDXiZQBDgn3M9ho4eFUHCUH2+Qc=; b=pzt9pDQaXYuyKPHpF+sGttlcyiTkH7UITf+Yx2cNxU9gWXPu/yNpfgEHJo4bvCfKTw vuPjwSsoIpEL9aYIOr2qzIzXipSBM7jeaDYF9Qq8nyQmehbdXWoQ2ZkxnO4ViNvWqjRz xWNWulQNASXxAq5cZPfbhNu3HCrfbbywL+rNWf5O4nAtO9zK3i6DIpaylb0UcbHyYfoO QBFGphdi8217GGp4kT9TtyT79UZyhkqE/4ahmwiV1C+3tyfQy/lDOTX9QJBYAcGtkx6z zUWS6IKuxoVo7WDYJv9IpM+YHwJGt3mWm19CYJ4vXOQFLfXHfjesYXCkavKFgk05vRoY QhUA== X-Gm-Message-State: AOJu0Yz1h5Tq/VU8zbkXAvZZR+D3om4O5qPHrUSFMFPXZgjyt2iyU72U XfPZ5hsimzWGWwqP0KMepyqIRrhVXs6FxmWqiBT8QcLqULPHx/gr9Nx6P81JKUJZ3fiENv7RAbK U6oUdUjwV8Sx7RzkIMCLFmtMALKnShqhhjEXr X-Gm-Gg: ASbGncuD7hfqDRAsC7KH21vV/OuuTAD+tBRMBI9kWVgALQgxUVBivLRjGXuJ5LNV8/O Zqn0V1JGflNIymDBjn99Gf9xiIzXWlLXsMIUqYBaXi5T9TMuDlxTq890r4YKgu1et3thoFFlIKd EgdBMfTax6sx+LACwBCtv109w1rOOuCDuX0qHSSSZxo9kyFunrUqMBw0xPsUbFaDv2yqsFr3PYo qrrN3pTD6aPQlvPAiY2GrX26Dg4cvyevHnwBBYRBvfr4mFpWyg+U4pZIsgryegqMOV24IBMJDJc ZDLbh7nHtydix6BupBcbzWyPQ2xODIsgolfw656ouv82JQcrfcEld2eQQtqIaWgsLCj7Nkl1cUZ Y00HiwvLAzx3EZQxLTLRwtEu1x17Lp4h4Xa6w2Y8D8g== X-Google-Smtp-Source: AGHT+IEM4ZdQUMcNezm5Bw8d/W7zZED12buVlK8CMkNLzsniGerhF+J0H8Z0mnYxGc7rKdIslokHRtrRhKNt X-Received: by 2002:a05:622a:3d2:b0:4eb:a8f4:270d with SMTP id d75a77b69052e-4ee58922dc2mr13265901cf.65.1763703199175; Thu, 20 Nov 2025 21:33:19 -0800 (PST) Received: from postal.iol.unh.edu (postal.iol.unh.edu. [132.177.123.84]) by smtp-relay.gmail.com with ESMTPS id 6a1803df08f44-8846e479967sm4868896d6.10.2025.11.20.21.33.19 (version=TLS1_2 cipher=ECDHE-ECDSA-AES128-GCM-SHA256 bits=128/128); Thu, 20 Nov 2025 21:33:19 -0800 (PST) X-Relaying-Domain: iol.unh.edu Date: Thu, 20 Nov 2025 21:33:19 -0800 (PST) Message-ID: <691ff99f.050a0220.39f9ea.8a6eSMTPIN_ADDED_MISSING@mx.google.com> Received: from [172.21.0.3] (unknown [172.18.0.240]) by postal.iol.unh.edu (Postfix) with ESMTP id C23C86051830; Fri, 21 Nov 2025 00:33:18 -0500 (EST) Subject: |FAILURE| [GIT MASTER] 62f583c49bf67dd4d6733ece14e55fe6839e66d1 From: dpdklab@iol.unh.edu To: Test Report Cc: dpdk-test-reports@iol.unh.edu, Xueming Li , Kevin Traynor , Luca Boccassi Content-Type: text/plain X-BeenThere: test-report@dpdk.org X-Mailman-Version: 2.1.29 Precedence: list List-Id: automatic DPDK test reports List-Unsubscribe: , List-Archive: List-Post: List-Help: List-Subscribe: , Errors-To: test-report-bounces@dpdk.org _Testing issues_ Branch: tags/v23.11 62f583c49bf67dd4d6733ece14e55fe6839e66d1 --> testing issues Upstream job id: Generic-Unit-Test-DPDK#394743 Test environment and result as below: +------------------------------+------------------------------+---------------------------+--------------+----------------+ | Environment | cryptodev_sw_snow3g_autotest | cryptodev_sw_zuc_autotest | lpm_autotest | dpdk_unit_test | +==============================+==============================+===========================+==============+================+ | Debian 12 (arm) | PEND | PEND | SKIPPED | SKIPPED | +------------------------------+------------------------------+---------------------------+--------------+----------------+ | Ubuntu 20.04 | SKIPPED | SKIPPED | FAIL | PEND | +------------------------------+------------------------------+---------------------------+--------------+----------------+ | CentOS Stream 9 | SKIPPED | SKIPPED | SKIPPED | PASS | +------------------------------+------------------------------+---------------------------+--------------+----------------+ | Debian GNU/Linux 12 | SKIPPED | SKIPPED | SKIPPED | PASS | +------------------------------+------------------------------+---------------------------+--------------+----------------+ | CentOS Stream 10 | SKIPPED | SKIPPED | SKIPPED | PEND | +------------------------------+------------------------------+---------------------------+--------------+----------------+ | Fedora Linux 42 | SKIPPED | SKIPPED | SKIPPED | PEND | +------------------------------+------------------------------+---------------------------+--------------+----------------+ | Fedora Linux 41 | SKIPPED | SKIPPED | SKIPPED | PEND | +------------------------------+------------------------------+---------------------------+--------------+----------------+ | Fedora Linux 40 | SKIPPED | SKIPPED | SKIPPED | PEND | +------------------------------+------------------------------+---------------------------+--------------+----------------+ | Ubuntu 22.04 | SKIPPED | SKIPPED | SKIPPED | PEND | +------------------------------+------------------------------+---------------------------+--------------+----------------+ | Red Hat Enterprise Linux 9.5 | SKIPPED | SKIPPED | SKIPPED | PEND | +------------------------------+------------------------------+---------------------------+--------------+----------------+ | Ubuntu 24.04 | SKIPPED | SKIPPED | SKIPPED | PEND | +------------------------------+------------------------------+---------------------------+--------------+----------------+ ==== 20 line log output for Ubuntu 20.04 (lpm_autotest): ==== [397/416] Compiling C object 'app/a172ced@@dpdk-test@exe/test_test_stack_perf.c.o'. [398/416] Compiling C object 'app/a172ced@@dpdk-test@exe/test_test_string_fns.c.o'. [399/416] Compiling C object 'app/a172ced@@dpdk-test@exe/test_test_tailq.c.o'. [400/416] Compiling C object 'app/a172ced@@dpdk-test@exe/test_test_telemetry_data.c.o'. [401/416] Compiling C object 'app/a172ced@@dpdk-test@exe/test_test_telemetry_json.c.o'. [402/416] Compiling C object 'app/a172ced@@dpdk-test@exe/test_test_thash.c.o'. [403/416] Compiling C object 'app/a172ced@@dpdk-test@exe/test_test_threads.c.o'. [404/416] Compiling C object 'app/a172ced@@dpdk-test@exe/test_test_thash_perf.c.o'. [405/416] Compiling C object 'app/a172ced@@dpdk-test@exe/test_test_ticketlock.c.o'. [406/416] Compiling C object 'app/a172ced@@dpdk-test@exe/test_test_timer.c.o'. [407/416] Compiling C object 'app/a172ced@@dpdk-test@exe/test_test_timer_perf.c.o'. [408/416] Compiling C object 'app/a172ced@@dpdk-test@exe/test_test_timer_racecond.c.o'. [409/416] Compiling C object 'app/a172ced@@dpdk-test@exe/test_test_timer_secondary.c.o'. [410/416] Compiling C object 'app/a172ced@@dpdk-test@exe/test_test_trace.c.o'. [411/416] Compiling C object 'app/a172ced@@dpdk-test@exe/test_test_trace_register.c.o'. [412/416] Compiling C object 'app/a172ced@@dpdk-test@exe/test_test_vdev.c.o'. [413/416] Compiling C object 'app/a172ced@@dpdk-test@exe/test_test_version.c.o'. [414/416] Compiling C object 'app/a172ced@@dpdk-test@exe/test_test_ring.c.o'. [415/416] Compiling C object 'app/a172ced@@dpdk-test@exe/test_test_trace_perf.c.o'. [416/416] Linking target app/dpdk-test. ==== End log output ==== Debian 12 (arm) Kernel: Depends on container host Compiler: gcc (Debian 12.2.0-14) 12.2.0 Ubuntu 20.04 Kernel: 5.4 Compiler: gcc gcc (Ubuntu 9.4.0-1ubuntu1~20.04.2) 9.4.0 CentOS Stream 9 Kernel: 5.4 Compiler: gcc gcc (GCC) 11.5.0 20240719 (Red Hat 11.5.0-11) Debian GNU/Linux 12 Kernel: 5.4 Compiler: gcc gcc (Debian 12.2.0-14+deb12u1) 12.2.0 CentOS Stream 10 Kernel: 5.4 Compiler: gcc gcc (GCC) 14.2.1 20250110 (Red Hat 14.2.1-8) Fedora Linux 42 Kernel: 5.4 Compiler: clang gcc (GCC) 15.2.1 20250808 (Red Hat 15.2.1-1) Fedora Linux 41 Kernel: 5.4 Compiler: gcc gcc (GCC) 14.3.1 20250523 (Red Hat 14.3.1-1) Fedora Linux 40 Kernel: 5.4 Compiler: clang gcc (GCC) 14.2.1 20240912 (Red Hat 14.2.1-3) Ubuntu 22.04 Kernel: 5.4 Compiler: gcc gcc (Ubuntu 11.4.0-1ubuntu1~22.04) 11.4.0 Red Hat Enterprise Linux 9.5 Kernel: 5.4 Compiler: gcc gcc (GCC) 11.5.0 20240719 (Red Hat 11.5.0-2) Ubuntu 24.04 Kernel: 5.4 Compiler: gcc gcc (Ubuntu 13.3.0-6ubuntu2~24.04) 13.3.0 To view detailed results, visit: https://lab.dpdk.org/results/dashboard/tarballs/35667/ UNH-IOL DPDK Community Lab To manage your email subscriptions, visit: https://lab.dpdk.org/results/dashboard/preferences/subscriptions/