From mboxrd@z Thu Jan 1 00:00:00 1970 Return-Path: Received: from mails.dpdk.org (mails.dpdk.org [217.70.189.124]) by inbox.dpdk.org (Postfix) with ESMTP id AAB7E48B64 for ; Fri, 21 Nov 2025 07:10:17 +0100 (CET) Received: from mails.dpdk.org (localhost [127.0.0.1]) by mails.dpdk.org (Postfix) with ESMTP id 8C1CD400EF; Fri, 21 Nov 2025 07:10:17 +0100 (CET) Received: from mail-pl1-f225.google.com (mail-pl1-f225.google.com [209.85.214.225]) by mails.dpdk.org (Postfix) with ESMTP id BFADE400EF for ; Fri, 21 Nov 2025 07:10:15 +0100 (CET) Received: by mail-pl1-f225.google.com with SMTP id d9443c01a7336-29568d93e87so14781525ad.2 for ; Thu, 20 Nov 2025 22:10:15 -0800 (PST) DKIM-Signature: v=1; a=rsa-sha256; c=relaxed/relaxed; d=iol.unh.edu; s=unh-iol; t=1763705415; x=1764310215; darn=dpdk.org; h=cc:to:from:subject:message-id:date:from:to:cc:subject:date :message-id:reply-to; bh=D9YlqI8dwvJ870RIooF1XJprNfC0GBq6Kys6cEWbaKw=; b=A5p89n5BuljWo3J+rQD3nf8O0bpZVtTlaQL3/wcCTZReAHMbC5/LNnuhgaoXKK9mHv +3zrEWkfwIA5IDMH2BUyHCh5pyI+oar5py+aJrFNV0Oe11iNagEv2Dxg1VIxO+AOQdoi 9AyYsiRjf7UvTaYCotfAUpzvYe9BGwbxrd9gA= X-Google-DKIM-Signature: v=1; a=rsa-sha256; c=relaxed/relaxed; d=1e100.net; s=20230601; t=1763705415; x=1764310215; h=cc:to:from:subject:message-id:date:x-gm-gg:x-gm-message-state:from :to:cc:subject:date:message-id:reply-to; bh=D9YlqI8dwvJ870RIooF1XJprNfC0GBq6Kys6cEWbaKw=; b=ayAsMcDzTCbBJCvdcrAOnPjBWFa6KA2vZ4p6Z/20b/k9HUwmqUHgxMSxmy/DXAtlNR bvXasWHoxF+QB4RdOmZbs0xD/W+7F5OVXNSBJWxABIbnrFNlRrT5Bx68fFI//hMTARy7 i7T7gsQ0GcZmv8Dva6AS5FDK+bT+ky4WthABcnBvAhhj5xDW5iUhVVcGx1GsKumRgWaP 6DXerFyVaDwWAPm4+ZHcku2aEmkzOOHSMsGLPTp/C/JzxOXUTLKScTegwe2+ZDDbv0sB K+bajA+xlg4PQCZZcW7MJINDSjFirGVJrBz8NDY8Va7P+BAfssjCgQdxcBj0CL+KhHtS rYug== X-Gm-Message-State: AOJu0YyiYfSEHr279guntw3ELikWM9LohEPBJEwfQhottMQ6vTaTeOOC byKEtRj/tW/IREoHETA/irpVEE89f1hRWZqZ002JLcUymIFDK8+Ona+p6MB7BheYo1F7HfEFID5 jxbekxiOU08qUChmRfDJWWyruIcPByWVxXWDW X-Gm-Gg: ASbGncstubt6lAD8mP+E8mHbtKdfddEVlxMUL4NOmrPK5KpAJaAbNSeJwxdQ4hmtB4d hHEBCR48nz/wUfMWkFwGzYAlwi/stanHbau30YHVlEiShZybMWAYS+p8Yk4ZzS7zS99sYyE8DWt k+uq8aXz/APZ1CARVu9/+LenK66dip0z49tiuqiqrKM016Qo23EkVzS3yvYrDZPez12m1sHmJCz 8wmNq/fZIsrQbN+MA+weDCAfw4HXtaibU+KDpQw7MYCEmY3jqo6dT29x4FclR/pN0FIsJIFxo5l lM7eK0KaGcO3WTmu1KJA9U7/7jkBeZPzaRVw6UQhPPoNL9ph8w7CWXpw+u4J2HP6bwOPHHbKcCm 2WWqrFMeBEMjQ4xRJW/gsUKb3gMMOufxu+lTEctSUYw== X-Google-Smtp-Source: AGHT+IErUIJz4hAzowCkHATBGZNezwv+PkDTu9eYx9f7K7OuGXsyzqLVuETAwt+83E+0WMJ6bjGJccofshPQ X-Received: by 2002:a17:903:187:b0:295:557e:746d with SMTP id d9443c01a7336-29b6bf9b406mr19620325ad.57.1763705414774; Thu, 20 Nov 2025 22:10:14 -0800 (PST) Received: from postal.iol.unh.edu (postal.iol.unh.edu. [132.177.123.84]) by smtp-relay.gmail.com with ESMTPS id d9443c01a7336-29b5b1f4ca7sm5025995ad.34.2025.11.20.22.10.14 (version=TLS1_2 cipher=ECDHE-ECDSA-AES128-GCM-SHA256 bits=128/128); Thu, 20 Nov 2025 22:10:14 -0800 (PST) X-Relaying-Domain: iol.unh.edu Date: Thu, 20 Nov 2025 22:10:14 -0800 (PST) Message-ID: <69200246.170a0220.1645f0.90e4SMTPIN_ADDED_MISSING@mx.google.com> Received: from [172.21.0.3] (unknown [172.18.0.240]) by postal.iol.unh.edu (Postfix) with ESMTP id EDEE760003E8; Fri, 21 Nov 2025 01:10:13 -0500 (EST) Subject: |FAILURE| [GIT MASTER] 62f583c49bf67dd4d6733ece14e55fe6839e66d1 From: dpdklab@iol.unh.edu To: Test Report Cc: dpdk-test-reports@iol.unh.edu, Xueming Li , Kevin Traynor , Luca Boccassi Content-Type: text/plain X-BeenThere: test-report@dpdk.org X-Mailman-Version: 2.1.29 Precedence: list List-Id: automatic DPDK test reports List-Unsubscribe: , List-Archive: List-Post: List-Help: List-Subscribe: , Errors-To: test-report-bounces@dpdk.org _Testing issues_ Branch: tags/v23.11 62f583c49bf67dd4d6733ece14e55fe6839e66d1 --> testing issues Upstream job id: Generic-Unit-Test-DPDK#394762 Test environment and result as below: +-------------------------------+----------------+ | Environment | dpdk_unit_test | +===============================+================+ | CentOS Stream 9 | PASS | +-------------------------------+----------------+ | Debian GNU/Linux 12 | PASS | +-------------------------------+----------------+ | CentOS Stream 10 | PASS | +-------------------------------+----------------+ | Fedora Linux 40 | PASS | +-------------------------------+----------------+ | Red Hat Enterprise Linux 8.10 | PASS | +-------------------------------+----------------+ | Fedora Linux 42 | PASS | +-------------------------------+----------------+ | Ubuntu 22.04 | PASS | +-------------------------------+----------------+ | Fedora Linux 41 | PASS | +-------------------------------+----------------+ | Ubuntu 24.04 | PASS | +-------------------------------+----------------+ | Ubuntu 20.04 | PASS | +-------------------------------+----------------+ | Red Hat Enterprise Linux 9.5 | PASS | +-------------------------------+----------------+ | Windows Server 2022 | FAIL | +-------------------------------+----------------+ ==== Unit test summary for Windows Server 2022 (dpdk_unit_test): ==== Failed to get the unit test results. Displaying the unit test results is not supported for some environments, such as our aarch32 testing, where meson is not used to run the tests. Download the logs available on our CI site. ==== End log output ==== CentOS Stream 9 Kernel: 5.15 Compiler: gcc gcc (GCC) 11.5.0 20240719 (Red Hat 11.5.0-11) Debian GNU/Linux 12 Kernel: 5.15 Compiler: gcc gcc (Debian 12.2.0-14+deb12u1) 12.2.0 CentOS Stream 10 Kernel: 5.15 Compiler: gcc gcc (GCC) 14.2.1 20250110 (Red Hat 14.2.1-8) Fedora Linux 40 Kernel: 5.15 Compiler: gcc gcc (GCC) 14.2.1 20240912 (Red Hat 14.2.1-3) Red Hat Enterprise Linux 8.10 Kernel: 5.15 Compiler: gcc gcc (GCC) 8.5.0 20210514 (Red Hat 8.5.0-22) Fedora Linux 42 Kernel: 5.15 Compiler: gcc gcc (GCC) 15.2.1 20250808 (Red Hat 15.2.1-1) Ubuntu 22.04 Kernel: 5.15 Compiler: gcc gcc (Ubuntu 11.4.0-1ubuntu1~22.04) 11.4.0 Fedora Linux 41 Kernel: 5.15 Compiler: clang gcc (GCC) 14.3.1 20250523 (Red Hat 14.3.1-1) Ubuntu 24.04 Kernel: 5.15 Compiler: gcc gcc (Ubuntu 13.3.0-6ubuntu2~24.04) 13.3.0 Ubuntu 20.04 Kernel: 5.15 Compiler: gcc gcc (Ubuntu 9.4.0-1ubuntu1~20.04.2) 9.4.0 Red Hat Enterprise Linux 9.5 Kernel: 5.15 Compiler: gcc gcc (GCC) 11.5.0 20240719 (Red Hat 11.5.0-2) Windows Server 2022 Kernel: 10.0.20348.2031 Compiler: clang 15.0.7, gcc 14.1.0 (MinGW), and MSVC VS 19.39.33521 To view detailed results, visit: https://lab.dpdk.org/results/dashboard/tarballs/35667/ UNH-IOL DPDK Community Lab To manage your email subscriptions, visit: https://lab.dpdk.org/results/dashboard/preferences/subscriptions/