From mboxrd@z Thu Jan 1 00:00:00 1970 Return-Path: Received: from mails.dpdk.org (mails.dpdk.org [217.70.189.124]) by inbox.dpdk.org (Postfix) with ESMTP id D1E0048B64 for ; Fri, 21 Nov 2025 07:41:37 +0100 (CET) Received: from mails.dpdk.org (localhost [127.0.0.1]) by mails.dpdk.org (Postfix) with ESMTP id CCDBC400EF; Fri, 21 Nov 2025 07:41:37 +0100 (CET) Received: from mail-pl1-f227.google.com (mail-pl1-f227.google.com [209.85.214.227]) by mails.dpdk.org (Postfix) with ESMTP id 98DD0400EF for ; Fri, 21 Nov 2025 07:41:36 +0100 (CET) Received: by mail-pl1-f227.google.com with SMTP id d9443c01a7336-297ec50477aso7073545ad.1 for ; Thu, 20 Nov 2025 22:41:36 -0800 (PST) DKIM-Signature: v=1; a=rsa-sha256; c=relaxed/relaxed; d=iol.unh.edu; s=unh-iol; t=1763707296; x=1764312096; darn=dpdk.org; h=cc:to:from:subject:message-id:date:from:to:cc:subject:date :message-id:reply-to; bh=PIeMnavA02fzqJD8OTaCYYM3ki1tdxfF1i6RzhGHFUc=; b=AZq4inPZFtxsZDllQDl6LUnNqUiY0Zs+HI7dS+YCIL/UWx4rfe/1ktlvSE0Jlyn5Sx AEkmnk9gZNicZJYLbYbxcaigt+Gbc0UG5TNH7m6yaxdQSpAcS60Rh+JRj4O84WKXJA7/ J/Dl3i2xuxK1xwR2TUPwcDMDfIqlsCEGVpRoo= X-Google-DKIM-Signature: v=1; a=rsa-sha256; c=relaxed/relaxed; d=1e100.net; s=20230601; t=1763707296; x=1764312096; h=cc:to:from:subject:message-id:date:x-gm-gg:x-gm-message-state:from :to:cc:subject:date:message-id:reply-to; bh=PIeMnavA02fzqJD8OTaCYYM3ki1tdxfF1i6RzhGHFUc=; b=iTWMfeMwXpoX5pa+T6nUl3UEMukMit6+XiMobrHwhqQrSIs/bnzcZ0T6l8s1pS+DL3 3WMaEmPnIBJ9D65lGJ8yWI7UNHrOkJ8PmE1loAXZkbr8GNZTv67nZDS92Aomadz56Idm TLu07EjFq2TSpsLs1Tb2v1b+I0x6a32A7gmBDhDGbRXLKbYX8/tLIJHhdlNqxhS33lPR +wEDYtp3m5YB21bn/ywGZy73IBbExeaBKw5OkEOP+ZIVh/lCzuH5MGFZMali0+VZA14W ftmYicN+Yge6xGfN5HV9VdbfsZ1PzoYhFwQ3Qp0U4opITPeg/LI9GIu3cVzS32O1o1Zq 4J8A== X-Gm-Message-State: AOJu0YzAwh0Jd3ae+lGh3UNrSJiQ/zH9E5nN3tGBeHGnj02N9oySzlkZ 9TNVKKX8aZQzmqNPCP0YBn0iosvuJDNuoeAqqnW+P+LNR7q0p3Hw4ptv4rhFFF1G9cnBpi03nBL LxpBoXgXq9QapgHNjQCCgmraW2K0MOa0M7ABVu3Rk3WGlW6Z8L0Is X-Gm-Gg: ASbGnctkTMnRGw1a1dKyKzve13+XFPxPsKUFkTyl81binAuI44JaSAvdZkShhiQg0U+ QsO1dM8uIFypzP7teGWPW6uqow+gVM7INLzV57uv90M5znSrSF4SsoidjXrxC9IgRnNZQM4b8K4 wILTqP+YyinaL5+An3l9ESvLePlUpi7+SA7POmc3vqz6dp7M3C2zOtJxbx5oiK9zCwiSORRnU7o vPTiYAY3RPEWXiO83VoxZRiRLEtB3sOaF++zfffcrmPO2c8djsZKmrEwBZORdKxMQFDO5X5ObE7 /ZFsDtrMj5UxyXWKSf0IwHQFt/UITf3ewb1Jq+SDF6kEBdHJzWekd7gL5ziEzjQLT0GxkXZ+azW TkXuCudS8eYkDWsEV61I= X-Google-Smtp-Source: AGHT+IH6MBID560ZPiMu4a7Lhlr3I+5McvYjBN4cOwooobzx13G3fIqEnQZ1TmZSv/lPCdpDbtH+70RqBglm X-Received: by 2002:a17:902:f608:b0:295:5da6:5ff7 with SMTP id d9443c01a7336-29b6bfa8cdemr20032345ad.15.1763707295704; Thu, 20 Nov 2025 22:41:35 -0800 (PST) Received: from postal.iol.unh.edu (postal.iol.unh.edu. [2606:4100:3880:1234::84]) by smtp-relay.gmail.com with ESMTPS id d9443c01a7336-29b5b1075f3sm5567015ad.12.2025.11.20.22.41.35 (version=TLS1_2 cipher=ECDHE-ECDSA-AES128-GCM-SHA256 bits=128/128); Thu, 20 Nov 2025 22:41:35 -0800 (PST) X-Relaying-Domain: iol.unh.edu Date: Thu, 20 Nov 2025 22:41:35 -0800 (PST) Message-ID: <6920099f.170a0220.2fe81a.d972SMTPIN_ADDED_MISSING@mx.google.com> Received: from [172.21.0.2] (unknown [172.18.0.240]) by postal.iol.unh.edu (Postfix) with ESMTP id E31686051830; Fri, 21 Nov 2025 01:41:34 -0500 (EST) Subject: |FAILURE| [GIT MASTER] 62f583c49bf67dd4d6733ece14e55fe6839e66d1 From: dpdklab@iol.unh.edu To: Test Report Cc: dpdk-test-reports@iol.unh.edu, Xueming Li , Kevin Traynor , Luca Boccassi Content-Type: text/plain X-BeenThere: test-report@dpdk.org X-Mailman-Version: 2.1.29 Precedence: list List-Id: automatic DPDK test reports List-Unsubscribe: , List-Archive: List-Post: List-Help: List-Subscribe: , Errors-To: test-report-bounces@dpdk.org _Testing issues_ Branch: tags/v23.11 62f583c49bf67dd4d6733ece14e55fe6839e66d1 --> testing issues Upstream job id: Generic-DPDK-Compile-Meson#446359 Test environment and result as below: +-------------------------------+--------------------+-------------------------+------------------+-------------------+----------------------+ | Environment | dpdk_meson_compile | dpdk_llvm_clang_compile | dpdk_compile_ovs | dpdk_msvc_compile | dpdk_mingw64_compile | +===============================+====================+=========================+==================+===================+======================+ | Ubuntu 20.04 | PASS | SKIPPED | SKIPPED | SKIPPED | SKIPPED | +-------------------------------+--------------------+-------------------------+------------------+-------------------+----------------------+ | FreeBSD 14.2 | PASS | SKIPPED | SKIPPED | SKIPPED | SKIPPED | +-------------------------------+--------------------+-------------------------+------------------+-------------------+----------------------+ | CentOS Stream 9 | PASS | SKIPPED | SKIPPED | SKIPPED | SKIPPED | +-------------------------------+--------------------+-------------------------+------------------+-------------------+----------------------+ | Fedora Linux 42 | PASS | SKIPPED | PASS | SKIPPED | SKIPPED | +-------------------------------+--------------------+-------------------------+------------------+-------------------+----------------------+ | openSUSE Leap 15.6 | PASS | SKIPPED | SKIPPED | SKIPPED | SKIPPED | +-------------------------------+--------------------+-------------------------+------------------+-------------------+----------------------+ | CentOS Stream 10 | PASS | SKIPPED | SKIPPED | SKIPPED | SKIPPED | +-------------------------------+--------------------+-------------------------+------------------+-------------------+----------------------+ | Red Hat Enterprise Linux 8.10 | PASS | SKIPPED | SKIPPED | SKIPPED | SKIPPED | +-------------------------------+--------------------+-------------------------+------------------+-------------------+----------------------+ | Red Hat Enterprise Linux 9.5 | PASS | SKIPPED | SKIPPED | SKIPPED | SKIPPED | +-------------------------------+--------------------+-------------------------+------------------+-------------------+----------------------+ | Debian GNU/Linux 12 | PASS | SKIPPED | SKIPPED | SKIPPED | SKIPPED | +-------------------------------+--------------------+-------------------------+------------------+-------------------+----------------------+ | Ubuntu 22.04 | PASS | SKIPPED | SKIPPED | SKIPPED | SKIPPED | +-------------------------------+--------------------+-------------------------+------------------+-------------------+----------------------+ | Ubuntu 24.04 | PASS | SKIPPED | PASS | SKIPPED | SKIPPED | +-------------------------------+--------------------+-------------------------+------------------+-------------------+----------------------+ | Alpine Linux 3.22.0 | PASS | SKIPPED | SKIPPED | SKIPPED | SKIPPED | +-------------------------------+--------------------+-------------------------+------------------+-------------------+----------------------+ | Windows Server 2025 | SKIPPED | PASS | SKIPPED | SKIPPED | SKIPPED | +-------------------------------+--------------------+-------------------------+------------------+-------------------+----------------------+ | Windows Server 2022 | SKIPPED | SKIPPED | SKIPPED | PASS | PASS | +-------------------------------+--------------------+-------------------------+------------------+-------------------+----------------------+ Ubuntu 20.04 Kernel: 4.19 Compiler: gcc gcc (Ubuntu 9.4.0-1ubuntu1~20.04.2) 9.4.0 FreeBSD 14.2 Kernel: 14.2-RELEASE Compiler: clang 18.1.6 CentOS Stream 9 Kernel: 5.15 Compiler: gcc gcc (GCC) 11.5.0 20240719 (Red Hat 11.5.0-11) Fedora Linux 42 Kernel: 5.15 Compiler: gcc gcc (GCC) 15.2.1 20250808 (Red Hat 15.2.1-1) openSUSE Leap 15.6 Kernel: 5.15 Compiler: gcc gcc (SUSE Linux) 7.5.0 CentOS Stream 10 Kernel: 5.15 Compiler: gcc gcc (GCC) 14.2.1 20250110 (Red Hat 14.2.1-8) Red Hat Enterprise Linux 8.10 Kernel: 5.15 Compiler: gcc gcc (GCC) 8.5.0 20210514 (Red Hat 8.5.0-22) Red Hat Enterprise Linux 9.5 Kernel: 5.15 Compiler: gcc gcc (GCC) 11.5.0 20240719 (Red Hat 11.5.0-2) Debian GNU/Linux 12 Kernel: 5.15 Compiler: gcc gcc (Debian 12.2.0-14+deb12u1) 12.2.0 Ubuntu 22.04 Kernel: 5.15 Compiler: gcc gcc (Ubuntu 11.4.0-1ubuntu1~22.04) 11.4.0 Ubuntu 24.04 Kernel: 5.15 Compiler: gcc gcc (Ubuntu 13.3.0-6ubuntu2~24.04) 13.3.0 Alpine Linux 3.22.0 Kernel: 5.15 Compiler: gcc gcc (Alpine 14.2.0) 14.2.0 Windows Server 2025 Kernel: 10.0.26100 Compiler: clang 15.0.7, gcc 14.1.0 (MinGW), and MSVC VS 19.39.33521 Windows Server 2022 Kernel: 10.0.20348.2031 Compiler: clang 15.0.7, gcc 14.1.0 (MinGW), and MSVC VS 19.39.33521 To view detailed results, visit: https://lab.dpdk.org/results/dashboard/tarballs/35667/ UNH-IOL DPDK Community Lab To manage your email subscriptions, visit: https://lab.dpdk.org/results/dashboard/preferences/subscriptions/