From mboxrd@z Thu Jan 1 00:00:00 1970 Return-Path: Received: from mails.dpdk.org (mails.dpdk.org [217.70.189.124]) by inbox.dpdk.org (Postfix) with ESMTP id 45E1D48B66 for ; Fri, 21 Nov 2025 09:41:34 +0100 (CET) Received: from mails.dpdk.org (localhost [127.0.0.1]) by mails.dpdk.org (Postfix) with ESMTP id 240CC400EF; Fri, 21 Nov 2025 09:41:34 +0100 (CET) Received: from mail-qk1-f226.google.com (mail-qk1-f226.google.com [209.85.222.226]) by mails.dpdk.org (Postfix) with ESMTP id 8D605400EF for ; Fri, 21 Nov 2025 09:41:32 +0100 (CET) Received: by mail-qk1-f226.google.com with SMTP id af79cd13be357-8b2ec756de0so176654685a.3 for ; Fri, 21 Nov 2025 00:41:32 -0800 (PST) DKIM-Signature: v=1; a=rsa-sha256; c=relaxed/relaxed; d=iol.unh.edu; s=unh-iol; t=1763714492; x=1764319292; darn=dpdk.org; h=cc:to:from:subject:message-id:date:from:to:cc:subject:date :message-id:reply-to; bh=CMLY6MhEwGAxvgfoE35A7HTTZTn4XK0KJ5e3BXRNL/Q=; b=HkcfR3MQayzVx359DHEC9Z688QJ2LvAjS2+xwSHbSrntJ9hza84O4QhiSF716fMM3v neJmAmx1aLkmLDlpy5NUkd6AJonSTeJrG7djujKmXIBGWIZMBunpguECjEB2nTUnHiwk ZXLWz4T04+Nc2B5MfjdMhSzOXb3gbLh4UpLHA= X-Google-DKIM-Signature: v=1; a=rsa-sha256; c=relaxed/relaxed; d=1e100.net; s=20230601; t=1763714492; x=1764319292; h=cc:to:from:subject:message-id:date:x-gm-gg:x-gm-message-state:from :to:cc:subject:date:message-id:reply-to; bh=CMLY6MhEwGAxvgfoE35A7HTTZTn4XK0KJ5e3BXRNL/Q=; b=Fifotn2Vx0HbTKNrFVyWUAS1aPjW45e2AozucTHp9TlUxM9w1n0OAxeo4qbufm08pQ g08XioqMJOp3ZDu2WxnVUBkXwB379rowOBvsY7MDcXp2NDNebiO3PzuwuB+m2f52/xts rYUSYdCk5GWF5Q4kWKAON57+QnjmhL9OTkTZNZPCMjX5QguK7zxBWet93aVZLoAxQ4ST /ogku5gwZWU/kMSuc8WWQ0heS6t1duwoKDjXon6KZkfKabpyFoGj7dHyEy7lsUZ9GYrE qHgEVYz8bHH7zqni4B7tsqiaWOv4MH5iFlJsdVj92eACvuTYxFcauM3IskeHHNW4UWK+ AqUg== X-Gm-Message-State: AOJu0Yy30xKwFK1xSVGWOFHRPVQXvGz83ihj0GhBYWpchoQC5/h7bafz vwYt/9DrY9tVrgs8wsA/ju1G4G85IulQYJMLqSMM5fxcsCjxLvVdroTbElVmgL7erp955JaQvY8 GuB5uoEyV6Aa7TvY7vpgvSgWWtNvUzzLBSQOSxnpT3O+Z/VSJ4vGG X-Gm-Gg: ASbGncsR1bGTserY44YkiGZysOKER9vyvjMjIp4rnSHXhXs6YrL+K3gMD2IOj2UYW1h AJiLMCaJ5fpt3w6a868AIB47e/vAzwvKBENRIHUHyvyfeCZxavuQ2OkM8fGF3kQQenCdE73J7ig HhBfx5ikMsDwJbOiKEMmA+RtVLjVOpiPgGSeGO0Vp60xeC1Pkj8OxL/l3z0ckcnHipaCAHE4jVS BD3xaIi1Fx5yZ7t9Tvz3dYYmgghyn6YXQ3ioMEuur/6DtaUGkv2F3qS4sxaunkhfO/Z47vpOWyf HCML7YFVitEcYvBOu6b0zh22YbKXT5B5zXEFIRZ4cGsc+v8N3bvOhyAHNBFel8UtflhiNdsvqBU TvwbjIgtNdEgKD9HxRkE= X-Google-Smtp-Source: AGHT+IGKvyFnVzKAwrlpDQ+ci+hqa9T/79oEfvnugG1x0TxAz6WnBRus3bMahUCZJdwAqYCgf30SLbICMmNY X-Received: by 2002:a05:620a:1905:b0:8b2:eaf3:5cd8 with SMTP id af79cd13be357-8b33d1fe61bmr133217985a.29.1763714491602; Fri, 21 Nov 2025 00:41:31 -0800 (PST) Received: from postal.iol.unh.edu (postal.iol.unh.edu. [2606:4100:3880:1234::84]) by smtp-relay.gmail.com with ESMTPS id af79cd13be357-8b3293255cbsm45565085a.2.2025.11.21.00.41.31 (version=TLS1_2 cipher=ECDHE-ECDSA-AES128-GCM-SHA256 bits=128/128); Fri, 21 Nov 2025 00:41:31 -0800 (PST) X-Relaying-Domain: iol.unh.edu Date: Fri, 21 Nov 2025 00:41:31 -0800 (PST) Message-ID: <692025bb.050a0220.211cf9.6052SMTPIN_ADDED_MISSING@mx.google.com> Received: from [172.21.0.3] (unknown [172.18.0.240]) by postal.iol.unh.edu (Postfix) with ESMTP id 44EAB6051830; Fri, 21 Nov 2025 03:41:31 -0500 (EST) Subject: |FAILURE| [GIT MASTER] 62f583c49bf67dd4d6733ece14e55fe6839e66d1 From: dpdklab@iol.unh.edu To: Test Report Cc: dpdk-test-reports@iol.unh.edu, Xueming Li , Kevin Traynor , Luca Boccassi Content-Type: text/plain X-BeenThere: test-report@dpdk.org X-Mailman-Version: 2.1.29 Precedence: list List-Id: automatic DPDK test reports List-Unsubscribe: , List-Archive: List-Post: List-Help: List-Subscribe: , Errors-To: test-report-bounces@dpdk.org _Testing issues_ Branch: tags/v23.11 62f583c49bf67dd4d6733ece14e55fe6839e66d1 --> testing issues Upstream job id: Generic-DPDK-Compile-Meson#446375 Test environment and result as below: +------------------------------+--------------------+ | Environment | dpdk_meson_compile | +==============================+====================+ | Ubuntu 20.04 | PASS | +------------------------------+--------------------+ | Red Hat Enterprise Linux 9.5 | PASS | +------------------------------+--------------------+ | Fedora Linux 42 | PASS | +------------------------------+--------------------+ | Debian GNU/Linux 12 | PASS | +------------------------------+--------------------+ | CentOS Stream 9 | PASS | +------------------------------+--------------------+ | Ubuntu 24.04 | PASS | +------------------------------+--------------------+ | Ubuntu 22.04 | PASS | +------------------------------+--------------------+ | CentOS Stream 10 | PASS | +------------------------------+--------------------+ Ubuntu 20.04 Kernel: 5.15 Compiler: aarch64-linux-gnu-gcc gcc (Ubuntu 9.4.0-1ubuntu1~20.04.2) 9.4.0 Red Hat Enterprise Linux 9.5 Kernel: 5.4 Compiler: gcc gcc (GCC) 11.5.0 20240719 (Red Hat 11.5.0-2) Fedora Linux 42 Kernel: 5.4 Compiler: gcc gcc (GCC) 15.2.1 20250808 (Red Hat 15.2.1-1) Debian GNU/Linux 12 Kernel: 5.4 Compiler: gcc gcc (Debian 12.2.0-14+deb12u1) 12.2.0 CentOS Stream 9 Kernel: 5.4 Compiler: gcc gcc (GCC) 11.5.0 20240719 (Red Hat 11.5.0-11) Ubuntu 24.04 Kernel: 5.4 Compiler: gcc gcc (Ubuntu 13.3.0-6ubuntu2~24.04) 13.3.0 Ubuntu 22.04 Kernel: 5.4 Compiler: gcc gcc (Ubuntu 11.4.0-1ubuntu1~22.04) 11.4.0 CentOS Stream 10 Kernel: 5.4 Compiler: gcc gcc (GCC) 14.2.1 20250110 (Red Hat 14.2.1-8) To view detailed results, visit: https://lab.dpdk.org/results/dashboard/tarballs/35667/ UNH-IOL DPDK Community Lab To manage your email subscriptions, visit: https://lab.dpdk.org/results/dashboard/preferences/subscriptions/