* |SUCCESS| pw158972-158979 [PATCH v5 8/8] test: re-enable format-truncation warnings
[not found] <20251121170947.134502-9-stephen@networkplumber.org>
@ 2025-11-21 16:35 ` qemudev
2025-11-21 16:40 ` qemudev
` (23 subsequent siblings)
24 siblings, 0 replies; 25+ messages in thread
From: qemudev @ 2025-11-21 16:35 UTC (permalink / raw)
To: test-report
Test-Label: loongarch-compilation
Test-Status: SUCCESS
http://dpdk.org/patch/158979
_Compilation OK_
Submitter: Stephen Hemminger <stephen@networkplumber.org>
Date: Fri, 21 Nov 2025 09:08:20 -0800
DPDK git baseline: Repo:dpdk
Branch: main
CommitID: ef98b88455bf4a7c8b7aa3106a761c9e9270d6a3
158972-158979 --> meson & ninja build successfully
Test environment and result as below:
+---------------------+----------------+
| Environment | compilation |
+---------------------+----------------+
| Loongnix-Server 8.3 | PASS |
+---------------------+----------------+
Loongnix-Server 8.3
Kernel: 4.19.190+
Compiler: gcc 8.3
^ permalink raw reply [flat|nested] 25+ messages in thread
* |SUCCESS| pw158972-158979 [PATCH v5 8/8] test: re-enable format-truncation warnings
[not found] <20251121170947.134502-9-stephen@networkplumber.org>
2025-11-21 16:35 ` |SUCCESS| pw158972-158979 [PATCH v5 8/8] test: re-enable format-truncation warnings qemudev
@ 2025-11-21 16:40 ` qemudev
2025-11-21 17:10 ` |SUCCESS| pw158979 " checkpatch
` (22 subsequent siblings)
24 siblings, 0 replies; 25+ messages in thread
From: qemudev @ 2025-11-21 16:40 UTC (permalink / raw)
To: test-report
Test-Label: loongarch-unit-testing
Test-Status: SUCCESS
http://dpdk.org/patch/158979
_Unit Testing PASS_
Submitter: Stephen Hemminger <stephen@networkplumber.org>
Date: Fri, 21 Nov 2025 09:08:20 -0800
DPDK git baseline: Repo:dpdk
Branch: main
CommitID: ef98b88455bf4a7c8b7aa3106a761c9e9270d6a3
158972-158979 --> testing pass
Test environment and result as below:
+---------------------+----------------+
| Environment | dpdk_unit_test |
+---------------------+----------------+
| Loongnix-Server 8.3 | PASS |
+---------------------+----------------+
Loongnix-Server 8.3
Kernel: 4.19.190+
Compiler: gcc 8.3
Test result details:
1/110 DPDK:fast-tests / acl_autotest OK 3.37s
2/110 DPDK:fast-tests / alarm_autotest OK 1.66s
3/110 DPDK:fast-tests / argparse_autotest OK 0.65s
4/110 DPDK:fast-tests / atomic_autotest OK 6.92s
5/110 DPDK:fast-tests / bitcount_autotest OK 0.64s
6/110 DPDK:fast-tests / bitmap_autotest OK 0.62s
7/110 DPDK:fast-tests / bitops_autotest OK 2.13s
8/110 DPDK:fast-tests / bitratestats_autotest OK 0.62s
9/110 DPDK:fast-tests / bitset_autotest OK 3.33s
10/110 DPDK:fast-tests / bpf_autotest OK 0.62s
11/110 DPDK:fast-tests / bpf_elf_autotest SKIP 0.62s exit status 77
12/110 DPDK:fast-tests / bpf_convert_autotest OK 0.62s
13/110 DPDK:fast-tests / byteorder_autotest OK 0.62s
14/110 DPDK:fast-tests / cfgfile_autotest OK 0.62s
15/110 DPDK:fast-tests / cksum_autotest OK 0.62s
16/110 DPDK:fast-tests / cmdline_autotest OK 0.62s
17/110 DPDK:fast-tests / common_autotest OK 1.50s
18/110 DPDK:fast-tests / compressdev_autotest SKIP 0.08s exit status 77
19/110 DPDK:fast-tests / cpuflags_autotest OK 0.62s
20/110 DPDK:fast-tests / crc_autotest OK 0.63s
21/110 DPDK:fast-tests / user_delay_us OK 0.64s
22/110 DPDK:fast-tests / debug_autotest OK 23.54s
23/110 DPDK:fast-tests / devargs_autotest OK 0.62s
24/110 DPDK:fast-tests / dispatcher_autotest OK 2.58s
25/110 DPDK:fast-tests / distributor_autotest OK 1.21s
26/110 DPDK:fast-tests / eal_flags_autotest OK 26.59s
27/110 DPDK:fast-tests / eal_fs_autotest OK 0.62s
28/110 DPDK:fast-tests / errno_autotest OK 0.61s
29/110 DPDK:fast-tests / ethdev_link_status OK 0.61s
30/110 DPDK:fast-tests / event_eth_tx_adapter_autotest OK 1.71s
31/110 DPDK:fast-tests / event_ring_autotest OK 0.62s
32/110 DPDK:fast-tests / eventdev_common_autotest OK 0.61s
33/110 DPDK:fast-tests / eventdev_selftest_sw OK 7.48s
34/110 DPDK:fast-tests / fbarray_autotest OK 0.62s
35/110 DPDK:fast-tests / fib_autotest OK 1.45s
36/110 DPDK:fast-tests / fib6_autotest OK 1.43s
37/110 DPDK:fast-tests / func_reentrancy_autotest OK 2.18s
38/110 DPDK:fast-tests / graph_autotest OK 0.62s
39/110 DPDK:fast-tests / node_list_dump OK 0.61s
40/110 DPDK:fast-tests / graph_feature_arc_autotest OK 0.62s
41/110 DPDK:fast-tests / hash_autotest OK 1.23s
42/110 DPDK:fast-tests / hash_readwrite_func_autotest OK 0.13s
43/110 DPDK:fast-tests / interrupt_autotest OK 1.92s
44/110 DPDK:fast-tests / ipfrag_autotest OK 0.09s
45/110 DPDK:fast-tests / ipsec_autotest SKIP 0.62s exit status 77
46/110 DPDK:fast-tests / kvargs_autotest OK 0.61s
47/110 DPDK:fast-tests / latencystats_autotest OK 0.62s
48/110 DPDK:fast-tests / lcore_var_autotest OK 0.73s
49/110 DPDK:fast-tests / lcores_autotest OK 5.42s
50/110 DPDK:fast-tests / logs_autotest OK 0.61s
51/110 DPDK:fast-tests / lpm_autotest OK 2.66s
52/110 DPDK:fast-tests / lpm6_autotest OK 5.72s
53/110 DPDK:fast-tests / malloc_autotest OK 61.50s
54/110 DPDK:fast-tests / mbuf_autotest OK 4.89s
55/110 DPDK:fast-tests / mcslock_autotest OK 3.88s
56/110 DPDK:fast-tests / member_autotest OK 1.63s
57/110 DPDK:fast-tests / memcpy_autotest OK 6.95s
58/110 DPDK:fast-tests / memory_autotest OK 0.09s
59/110 DPDK:fast-tests / mempool_autotest OK 0.44s
60/110 DPDK:fast-tests / memzone_autotest OK 0.31s
61/110 DPDK:fast-tests / meter_autotest OK 0.44s
62/110 DPDK:fast-tests / metrics_autotest OK 0.44s
63/110 DPDK:fast-tests / multiprocess_autotest OK 0.22s
64/110 DPDK:fast-tests / net_ether_autotest OK 1.09s
65/110 DPDK:fast-tests / net_ipv6_autotest OK 0.44s
66/110 DPDK:fast-tests / pcapng_autotest OK 6.54s
67/110 DPDK:fast-tests / pdcp_autotest SKIP 0.07s exit status 77
68/110 DPDK:fast-tests / pdump_autotest OK 0.62s
69/110 DPDK:fast-tests / per_lcore_autotest OK 0.54s
70/110 DPDK:fast-tests / pflock_autotest OK 1.27s
71/110 DPDK:fast-tests / pie_autotest OK 0.65s
72/110 DPDK:fast-tests / ring_pmd_autotest OK 0.64s
73/110 DPDK:fast-tests / power_autotest OK 0.64s
74/110 DPDK:fast-tests / power_cpufreq_autotest SKIP 0.07s exit status 77
75/110 DPDK:fast-tests / power_intel_uncore_autotest SKIP 0.31s exit status 77
76/110 DPDK:fast-tests / power_kvm_vm_autotest SKIP 0.07s exit status 77
77/110 DPDK:fast-tests / prefetch_autotest OK 0.31s
78/110 DPDK:fast-tests / ptr_compress_autotest OK 0.31s
79/110 DPDK:fast-tests / rawdev_autotest OK 0.31s
80/110 DPDK:fast-tests / rcu_qsbr_autotest OK 0.83s
81/110 DPDK:fast-tests / reorder_autotest OK 0.37s
82/110 DPDK:fast-tests / rib_autotest OK 8.96s
83/110 DPDK:fast-tests / rib6_autotest OK 8.96s
84/110 DPDK:fast-tests / ring_autotest OK 0.34s
85/110 DPDK:fast-tests / rwlock_test1_autotest OK 1.08s
86/110 DPDK:fast-tests / rwlock_rda_autotest OK 5.31s
87/110 DPDK:fast-tests / rwlock_rds_wrm_autotest OK 5.31s
88/110 DPDK:fast-tests / rwlock_rde_wro_autotest OK 5.31s
89/110 DPDK:fast-tests / sched_autotest OK 0.31s
90/110 DPDK:fast-tests / security_autotest OK 0.07s
91/110 DPDK:fast-tests / seqlock_autotest OK 2.63s
92/110 DPDK:fast-tests / service_autotest OK 3.32s
93/110 DPDK:fast-tests / soring_autotest OK 0.63s
94/110 DPDK:fast-tests / spinlock_autotest OK 0.70s
95/110 DPDK:fast-tests / stack_autotest OK 0.88s
96/110 DPDK:fast-tests / stack_lf_autotest SKIP 0.07s exit status 77
97/110 DPDK:fast-tests / string_autotest OK 0.62s
98/110 DPDK:fast-tests / table_autotest OK 7.93s
99/110 DPDK:fast-tests / tailq_autotest OK 0.62s
100/110 DPDK:fast-tests / telemetry_data_autotest OK 0.63s
101/110 DPDK:fast-tests / telemetry_json_autotest OK 0.62s
102/110 DPDK:fast-tests / thash_autotest OK 0.63s
103/110 DPDK:fast-tests / threads_autotest OK 0.79s
104/110 DPDK:fast-tests / ticketlock_autotest OK 0.76s
105/110 DPDK:fast-tests / timer_autotest OK 3.91s
106/110 DPDK:fast-tests / trace_autotest OK 0.62s
107/110 DPDK:fast-tests / trace_autotest_with_traces OK 0.59s
108/110 DPDK:fast-tests / vdev_autotest OK 0.62s
109/110 DPDK:fast-tests / version_autotest OK 0.62s
110/110 DPDK:fast-tests / telemetry_all OK 20.02s
Ok: 102
Expected Fail: 0
Fail: 0
Unexpected Pass: 0
Skipped: 8
Timeout: 0
^ permalink raw reply [flat|nested] 25+ messages in thread
* |SUCCESS| pw158979 [PATCH v5 8/8] test: re-enable format-truncation warnings
[not found] <20251121170947.134502-9-stephen@networkplumber.org>
2025-11-21 16:35 ` |SUCCESS| pw158972-158979 [PATCH v5 8/8] test: re-enable format-truncation warnings qemudev
2025-11-21 16:40 ` qemudev
@ 2025-11-21 17:10 ` checkpatch
2025-11-21 20:22 ` |FAILURE| pw158972-158979 [PATCH] [v5,8/8] test: re-enable format-tr dpdklab
` (21 subsequent siblings)
24 siblings, 0 replies; 25+ messages in thread
From: checkpatch @ 2025-11-21 17:10 UTC (permalink / raw)
To: test-report
Test-Label: checkpatch
Test-Status: SUCCESS
http://dpdk.org/patch/158979
_coding style OK_
^ permalink raw reply [flat|nested] 25+ messages in thread
* |FAILURE| pw158972-158979 [PATCH] [v5,8/8] test: re-enable format-tr
[not found] <20251121170947.134502-9-stephen@networkplumber.org>
` (2 preceding siblings ...)
2025-11-21 17:10 ` |SUCCESS| pw158979 " checkpatch
@ 2025-11-21 20:22 ` dpdklab
2025-11-21 20:22 ` |PENDING| " dpdklab
` (20 subsequent siblings)
24 siblings, 0 replies; 25+ messages in thread
From: dpdklab @ 2025-11-21 20:22 UTC (permalink / raw)
To: Test Report; +Cc: dpdk-test-reports, Stephen Hemminger
Test-Label: iol-compile-amd64-testing
Test-Status: FAILURE
http://dpdk.org/patch/158979
_Testing issues_
Submitter: Stephen Hemminger <stephen@networkplumber.org>
Date: Friday, November 21 2025 17:08:27
DPDK git baseline: Repo:dpdk
Branch: master
CommitID:ef98b88455bf4a7c8b7aa3106a761c9e9270d6a3
158972-158979 --> testing issues
Upstream job id: Generic-VM-DPDK-Compile-Meson#39924
Test environment and result as below:
+-------------------------------+--------------------+------------------+-------------------------+-------------------+
| Environment | dpdk_meson_compile | dpdk_compile_ovs | dpdk_llvm_clang_compile | dpdk_msvc_compile |
+===============================+====================+==================+=========================+===================+
| CentOS Stream 9 | PEND | SKIPPED | SKIPPED | SKIPPED |
+-------------------------------+--------------------+------------------+-------------------------+-------------------+
| Debian GNU/Linux 12 | PEND | SKIPPED | SKIPPED | SKIPPED |
+-------------------------------+--------------------+------------------+-------------------------+-------------------+
| Fedora Linux 42 | PEND | PEND | SKIPPED | SKIPPED |
+-------------------------------+--------------------+------------------+-------------------------+-------------------+
| openSUSE Leap 15.6 | PEND | SKIPPED | SKIPPED | SKIPPED |
+-------------------------------+--------------------+------------------+-------------------------+-------------------+
| Red Hat Enterprise Linux 8.10 | PEND | SKIPPED | SKIPPED | SKIPPED |
+-------------------------------+--------------------+------------------+-------------------------+-------------------+
| CentOS Stream 10 | PEND | SKIPPED | SKIPPED | SKIPPED |
+-------------------------------+--------------------+------------------+-------------------------+-------------------+
| Ubuntu 20.04 | PEND | SKIPPED | SKIPPED | SKIPPED |
+-------------------------------+--------------------+------------------+-------------------------+-------------------+
| Red Hat Enterprise Linux 9.5 | PEND | SKIPPED | SKIPPED | SKIPPED |
+-------------------------------+--------------------+------------------+-------------------------+-------------------+
| FreeBSD 14.2 | PEND | SKIPPED | SKIPPED | SKIPPED |
+-------------------------------+--------------------+------------------+-------------------------+-------------------+
| Ubuntu 22.04 | PEND | SKIPPED | SKIPPED | SKIPPED |
+-------------------------------+--------------------+------------------+-------------------------+-------------------+
| Ubuntu 24.04 | PEND | PEND | SKIPPED | SKIPPED |
+-------------------------------+--------------------+------------------+-------------------------+-------------------+
| Alpine Linux 3.22.0 | PEND | SKIPPED | SKIPPED | SKIPPED |
+-------------------------------+--------------------+------------------+-------------------------+-------------------+
| Windows Server 2025 | SKIPPED | SKIPPED | PEND | SKIPPED |
+-------------------------------+--------------------+------------------+-------------------------+-------------------+
| Windows Server 2022 | SKIPPED | SKIPPED | SKIPPED | PEND |
+-------------------------------+--------------------+------------------+-------------------------+-------------------+
CentOS Stream 9
Kernel: 5.15
Compiler: gcc gcc (GCC) 11.5.0 20240719 (Red Hat 11.5.0-11)
Debian GNU/Linux 12
Kernel: 5.15
Compiler: gcc gcc (Debian 12.2.0-14+deb12u1) 12.2.0
Fedora Linux 42
Kernel: 5.15
Compiler: clang gcc (GCC) 15.2.1 20250808 (Red Hat 15.2.1-1)
openSUSE Leap 15.6
Kernel: 5.15
Compiler: gcc gcc (SUSE Linux) 7.5.0
Red Hat Enterprise Linux 8.10
Kernel: 5.15
Compiler: gcc gcc (GCC) 8.5.0 20210514 (Red Hat 8.5.0-22)
CentOS Stream 10
Kernel: 5.15
Compiler: gcc gcc (GCC) 14.2.1 20250110 (Red Hat 14.2.1-8)
Ubuntu 20.04
Kernel: 4.19
Compiler: gcc gcc (Ubuntu 9.4.0-1ubuntu1~20.04.2) 9.4.0
Red Hat Enterprise Linux 9.5
Kernel: 5.15
Compiler: gcc gcc (GCC) 11.5.0 20240719 (Red Hat 11.5.0-2)
FreeBSD 14.2
Kernel: 14.2-RELEASE
Compiler: clang 18.1.6
Ubuntu 22.04
Kernel: 5.15
Compiler: gcc gcc (Ubuntu 11.4.0-1ubuntu1~22.04) 11.4.0
Ubuntu 24.04
Kernel: 5.15
Compiler: gcc gcc (Ubuntu 13.3.0-6ubuntu2~24.04) 13.3.0
Alpine Linux 3.22.0
Kernel: 5.15
Compiler: gcc gcc (Alpine 14.2.0) 14.2.0
Windows Server 2025
Kernel: 10.0.26100
Compiler: clang 15.0.7, gcc 14.1.0 (MinGW), and MSVC VS 19.39.33521
Windows Server 2022
Kernel: 10.0.20348.2031
Compiler: clang 15.0.7, gcc 14.1.0 (MinGW), and MSVC VS 19.39.33521
To view detailed results, visit:
https://lab.dpdk.org/results/dashboard/patchsets/34654/
UNH-IOL DPDK Community Lab
To manage your email subscriptions, visit:
https://lab.dpdk.org/results/dashboard/preferences/subscriptions/
^ permalink raw reply [flat|nested] 25+ messages in thread
* |PENDING| pw158972-158979 [PATCH] [v5,8/8] test: re-enable format-tr
[not found] <20251121170947.134502-9-stephen@networkplumber.org>
` (3 preceding siblings ...)
2025-11-21 20:22 ` |FAILURE| pw158972-158979 [PATCH] [v5,8/8] test: re-enable format-tr dpdklab
@ 2025-11-21 20:22 ` dpdklab
2025-11-21 20:23 ` |FAILURE| " dpdklab
` (19 subsequent siblings)
24 siblings, 0 replies; 25+ messages in thread
From: dpdklab @ 2025-11-21 20:22 UTC (permalink / raw)
To: Test Report; +Cc: dpdk-test-reports
Test-Label: iol-unit-amd64-testing
Test-Status: PENDING
http://dpdk.org/patch/158979
_Testing pending_
Submitter: Stephen Hemminger <stephen@networkplumber.org>
Date: Friday, November 21 2025 17:08:27
DPDK git baseline: Repo:dpdk
Branch: master
CommitID:ef98b88455bf4a7c8b7aa3106a761c9e9270d6a3
158972-158979 --> testing pending
Upstream job id: Generic-Unit-Test-DPDK#395023
Test environment and result as below:
+-------------------------------+----------------+
| Environment | dpdk_unit_test |
+===============================+================+
| CentOS Stream 9 | PEND |
+-------------------------------+----------------+
| Fedora Linux 42 | PEND |
+-------------------------------+----------------+
| Ubuntu 22.04 | PASS |
+-------------------------------+----------------+
| Red Hat Enterprise Linux 8.10 | PEND |
+-------------------------------+----------------+
| CentOS Stream 10 | PEND |
+-------------------------------+----------------+
| Red Hat Enterprise Linux 9.5 | PEND |
+-------------------------------+----------------+
| Fedora Linux 40 | PEND |
+-------------------------------+----------------+
| Debian GNU/Linux 12 | PEND |
+-------------------------------+----------------+
| Fedora Linux 41 | PEND |
+-------------------------------+----------------+
| Ubuntu 24.04 | PEND |
+-------------------------------+----------------+
| Ubuntu 20.04 | PEND |
+-------------------------------+----------------+
| Windows Server 2022 | PEND |
+-------------------------------+----------------+
CentOS Stream 9
Kernel: 5.15
Compiler: gcc gcc (GCC) 11.5.0 20240719 (Red Hat 11.5.0-11)
Fedora Linux 42
Kernel: 5.15
Compiler: gcc gcc (GCC) 15.2.1 20250808 (Red Hat 15.2.1-1)
Ubuntu 22.04
Kernel: 5.15
Compiler: gcc gcc (Ubuntu 11.4.0-1ubuntu1~22.04) 11.4.0
Red Hat Enterprise Linux 8.10
Kernel: 5.15
Compiler: gcc gcc (GCC) 8.5.0 20210514 (Red Hat 8.5.0-22)
CentOS Stream 10
Kernel: 5.15
Compiler: gcc gcc (GCC) 14.2.1 20250110 (Red Hat 14.2.1-8)
Red Hat Enterprise Linux 9.5
Kernel: 5.15
Compiler: gcc gcc (GCC) 11.5.0 20240719 (Red Hat 11.5.0-2)
Fedora Linux 40
Kernel: 5.15
Compiler: clang gcc (GCC) 14.2.1 20240912 (Red Hat 14.2.1-3)
Debian GNU/Linux 12
Kernel: 5.15
Compiler: gcc gcc (Debian 12.2.0-14+deb12u1) 12.2.0
Fedora Linux 41
Kernel: 5.15
Compiler: clang gcc (GCC) 14.3.1 20250523 (Red Hat 14.3.1-1)
Ubuntu 24.04
Kernel: 5.15
Compiler: gcc gcc (Ubuntu 13.3.0-6ubuntu2~24.04) 13.3.0
Ubuntu 20.04
Kernel: 5.15
Compiler: gcc gcc (Ubuntu 9.4.0-1ubuntu1~20.04.2) 9.4.0
Windows Server 2022
Kernel: 10.0.20348.2031
Compiler: clang 15.0.7, gcc 14.1.0 (MinGW), and MSVC VS 19.39.33521
To view detailed results, visit:
https://lab.dpdk.org/results/dashboard/patchsets/34654/
UNH-IOL DPDK Community Lab
To manage your email subscriptions, visit:
https://lab.dpdk.org/results/dashboard/preferences/subscriptions/
^ permalink raw reply [flat|nested] 25+ messages in thread
* |FAILURE| pw158972-158979 [PATCH] [v5,8/8] test: re-enable format-tr
[not found] <20251121170947.134502-9-stephen@networkplumber.org>
` (4 preceding siblings ...)
2025-11-21 20:22 ` |PENDING| " dpdklab
@ 2025-11-21 20:23 ` dpdklab
2025-11-21 20:24 ` dpdklab
` (18 subsequent siblings)
24 siblings, 0 replies; 25+ messages in thread
From: dpdklab @ 2025-11-21 20:23 UTC (permalink / raw)
To: Test Report; +Cc: dpdk-test-reports, Stephen Hemminger
Test-Label: iol-unit-amd64-testing
Test-Status: FAILURE
http://dpdk.org/patch/158979
_Testing issues_
Submitter: Stephen Hemminger <stephen@networkplumber.org>
Date: Friday, November 21 2025 17:08:27
DPDK git baseline: Repo:dpdk
Branch: master
CommitID:ef98b88455bf4a7c8b7aa3106a761c9e9270d6a3
158972-158979 --> testing issues
Upstream job id: Generic-Unit-Test-DPDK#395018
Test environment and result as below:
+-------------------------------+----------------+
| Environment | dpdk_unit_test |
+===============================+================+
| CentOS Stream 9 | PEND |
+-------------------------------+----------------+
| Fedora Linux 42 | PEND |
+-------------------------------+----------------+
| Ubuntu 22.04 | PASS |
+-------------------------------+----------------+
| Red Hat Enterprise Linux 8.10 | WARN |
+-------------------------------+----------------+
| CentOS Stream 10 | PEND |
+-------------------------------+----------------+
| Red Hat Enterprise Linux 9.5 | PEND |
+-------------------------------+----------------+
| Fedora Linux 40 | PEND |
+-------------------------------+----------------+
| Debian GNU/Linux 12 | PEND |
+-------------------------------+----------------+
| Fedora Linux 41 | PEND |
+-------------------------------+----------------+
| Ubuntu 24.04 | PEND |
+-------------------------------+----------------+
| Ubuntu 20.04 | PEND |
+-------------------------------+----------------+
| Windows Server 2022 | PEND |
+-------------------------------+----------------+
==== 20 line log output for Red Hat Enterprise Linux 8.10 (dpdk_unit_test): ====
[3524/3619] Compiling C object app/dpdk-test.p/test_test_malloc.c.o
[3525/3619] Compiling C object app/dpdk-test.p/test_test_link_bonding_mode4.c.o
[3526/3619] Compiling C object app/dpdk-test.p/test_test_lpm6_perf.c.o
[3527/3619] Compiling C object app/dpdk-test.p/test_test_metrics.c.o
[3528/3619] Compiling C object app/dpdk-test.p/test_test_lpm_perf.c.o
[3529/3619] Compiling C object app/dpdk-test.p/test_test_mp_secondary.c.o
FAILED: app/dpdk-test.p/test_test_mp_secondary.c.o
ccache cc -Iapp/dpdk-test.p -Iapp -I../app -Ilib/cmdline -I../lib/cmdline -Ilib/eal/common -I../lib/eal/common -I. -I.. -Iconfig -I../config -Ilib/eal/include -I../lib/eal/include -Ilib/eal/linux/include -I../lib/eal/linux/include -Ilib/eal/x86/include -I../lib/eal/x86/include -I../kernel/linux -Ilib/eal -I../lib/eal -Ilib/kvargs -I../lib/kvargs -Ilib/log -I../lib/log -Ilib/metrics -I../lib/metrics -Ilib/telemetry -I../lib/telemetry -Ilib/argparse -I../lib/argparse -Ilib/net -I../lib/net -Ilib/mbuf -I../lib/mbuf -Ilib/mempool -I../lib/mempool -Ilib/ring -I../lib/ring -Idrivers/net/ring -I../drivers/net/ring -Ilib/ethdev -I../lib/ethdev -Ilib/meter -I../lib/meter -Idrivers/bus/pci -I../drivers/bus/pci -I../drivers/bus/pci/linux -Ilib/pci -I../lib/pci -Idrivers/bus/vdev -I../drivers/bus/vdev -Ilib/acl -I../lib/acl -Ilib/hash -I../lib/hash -Ilib/rcu -I../lib/rcu -Ilib/bitratestats -I../lib/bitratestats -Ilib/bpf -I../lib/bpf -Ilib/cfgfile -I../lib/cfgfile -Ilib/compressdev -I../lib/comp
ressdev -Ilib/cryptodev -I../lib/cryptodev -Ilib/security -I../lib/security -Ilib/dispatcher -I../lib/dispatcher -Ilib/eventdev -I../lib/eventdev -Ilib/timer -I../lib/timer -Ilib/dmadev -I../lib/dmadev -Ilib/distributor -I../lib/distributor -Ilib/efd -I../lib/efd -Ilib/fib -I../lib/fib -Ilib/rib -I../lib/rib -Ilib/table -I../lib/table -Ilib/port -I../lib/port -Ilib/sched -I../lib/sched -Ilib/ip_frag -I../lib/ip_frag -Ilib/lpm -I../lib/lpm -Ilib/graph -I../lib/graph -Ilib/pcapng -I../lib/pcapng -Ilib/ipsec -I../lib/ipsec -Ilib/latencystats -I../lib/latencystats -Idrivers/net/bonding -I../drivers/net/bonding -Ilib/member -I../lib/member -Ilib/pdcp -I../lib/pdcp -Ilib/reorder -I../lib/reorder -Ilib/pdump -I../lib/pdump -Ilib/pmu -I../lib/pmu -Ilib/power -I../lib/power -Idrivers/power/acpi -I../drivers/power/acpi -Idrivers/power/kvm_vm -I../drivers/power/kvm_vm -Idrivers/power/intel_pstate -I../drivers/power/intel_pstate -Idrivers/power/amd_pstate -I../drivers/power/amd_pstate -Idrivers
/power/cppc -I../drivers/power/cppc -Idrivers/power/intel_uncore -I../drivers/power/intel_uncore -Ilib/ptr_compress -I../lib/ptr_compress -Ilib/rawdev -I../lib/rawdev -Idrivers/raw/skeleton -I../drivers/raw/skeleton -Ilib/stack -I../lib/stack -Ilib/pipeline -I../lib/pipeline -Idrivers/crypto/scheduler -I../drivers/crypto/scheduler -Iapp/test/test_cfgfiles -fdiagnostics-color=always -pipe -D_FILE_OFFSET_BITS=64 -Wall -Winvalid-pch -Wextra -Werror -std=c11 -O3 -include rte_config.h -Wvla -Wcast-qual -Wdeprecated -Wformat -Wformat-nonliteral -Wformat-security -Wmissing-declarations -Wmissing-prototypes -Wnested-externs -Wold-style-definition -Wpointer-arith -Wsign-compare -Wstrict-prototypes -Wundef -Wwrite-strings -Wno-packed-not-aligned -Wno-missing-field-initializers -D_GNU_SOURCE -march=native -mrtm -DALLOW_EXPERIMENTAL_API -Wno-vla -fno-strict-aliasing -DALLOW_INTERNAL_API -MD -MQ app/dpdk-test.p/test_test_mp_secondary.c.o -MF app/dpdk-test.p/test_test_mp_secondary.c.o.d -o app/dp
dk-test.p/test_test_mp_secondary.c.o -c ../app/test/test_mp_secondary.c
../app/test/test_mp_secondary.c: In function 'run_secondary_instances':
../app/test/test_mp_secondary.c:77:50: error: '%s' directive output may be truncated writing up to 4095 bytes into a region of size 4082 [-Werror=format-truncation=]
snprintf(prefix, sizeof(prefix), "--file-prefix=%s", tmp);
^~ ~~~
../app/test/test_mp_secondary.c:77:2: note: 'snprintf' output between 15 and 4110 bytes into a destination of size 4096
snprintf(prefix, sizeof(prefix), "--file-prefix=%s", tmp);
^~~~~~~~~~~~~~~~~~~~~~~~~~~~~~~~~~~~~~~~~~~~~~~~~~~~~~~~~
cc1: all warnings being treated as errors
[3530/3619] Compiling C object app/dpdk-test.p/test_test_memcpy.c.o
[3531/3619] Compiling C object app/dpdk-test.p/test_test_mbuf.c.o
[3532/3619] Compiling C object app/dpdk-test.p/test_test_memcpy_perf.c.o
ninja: build stopped: subcommand failed.
==== End log output ====
CentOS Stream 9
Kernel: 5.15
Compiler: gcc gcc (GCC) 11.5.0 20240719 (Red Hat 11.5.0-11)
Fedora Linux 42
Kernel: 5.15
Compiler: gcc gcc (GCC) 15.2.1 20250808 (Red Hat 15.2.1-1)
Ubuntu 22.04
Kernel: 5.15
Compiler: gcc gcc (Ubuntu 11.4.0-1ubuntu1~22.04) 11.4.0
Red Hat Enterprise Linux 8.10
Kernel: 5.15
Compiler: gcc gcc (GCC) 8.5.0 20210514 (Red Hat 8.5.0-22)
CentOS Stream 10
Kernel: 5.15
Compiler: gcc gcc (GCC) 14.2.1 20250110 (Red Hat 14.2.1-8)
Red Hat Enterprise Linux 9.5
Kernel: 5.15
Compiler: gcc gcc (GCC) 11.5.0 20240719 (Red Hat 11.5.0-2)
Fedora Linux 40
Kernel: 5.15
Compiler: clang gcc (GCC) 14.2.1 20240912 (Red Hat 14.2.1-3)
Debian GNU/Linux 12
Kernel: 5.15
Compiler: gcc gcc (Debian 12.2.0-14+deb12u1) 12.2.0
Fedora Linux 41
Kernel: 5.15
Compiler: clang gcc (GCC) 14.3.1 20250523 (Red Hat 14.3.1-1)
Ubuntu 24.04
Kernel: 5.15
Compiler: gcc gcc (Ubuntu 13.3.0-6ubuntu2~24.04) 13.3.0
Ubuntu 20.04
Kernel: 5.15
Compiler: gcc gcc (Ubuntu 9.4.0-1ubuntu1~20.04.2) 9.4.0
Windows Server 2022
Kernel: 10.0.20348.2031
Compiler: clang 15.0.7, gcc 14.1.0 (MinGW), and MSVC VS 19.39.33521
To view detailed results, visit:
https://lab.dpdk.org/results/dashboard/patchsets/34654/
UNH-IOL DPDK Community Lab
To manage your email subscriptions, visit:
https://lab.dpdk.org/results/dashboard/preferences/subscriptions/
^ permalink raw reply [flat|nested] 25+ messages in thread
* |FAILURE| pw158972-158979 [PATCH] [v5,8/8] test: re-enable format-tr
[not found] <20251121170947.134502-9-stephen@networkplumber.org>
` (5 preceding siblings ...)
2025-11-21 20:23 ` |FAILURE| " dpdklab
@ 2025-11-21 20:24 ` dpdklab
2025-11-21 20:26 ` dpdklab
` (17 subsequent siblings)
24 siblings, 0 replies; 25+ messages in thread
From: dpdklab @ 2025-11-21 20:24 UTC (permalink / raw)
To: Test Report; +Cc: dpdk-test-reports, Stephen Hemminger
Test-Label: iol-compile-amd64-testing
Test-Status: FAILURE
http://dpdk.org/patch/158979
_Testing issues_
Submitter: Stephen Hemminger <stephen@networkplumber.org>
Date: Friday, November 21 2025 17:08:27
DPDK git baseline: Repo:dpdk
Branch: master
CommitID:ef98b88455bf4a7c8b7aa3106a761c9e9270d6a3
158972-158979 --> testing issues
Upstream job id: Generic-VM-DPDK-Compile-Meson#39925
Test environment and result as below:
+-------------------------------+--------------------+------------------+-------------------------+-------------------+
| Environment | dpdk_meson_compile | dpdk_compile_ovs | dpdk_llvm_clang_compile | dpdk_msvc_compile |
+===============================+====================+==================+=========================+===================+
| CentOS Stream 9 | PEND | SKIPPED | SKIPPED | SKIPPED |
+-------------------------------+--------------------+------------------+-------------------------+-------------------+
| Debian GNU/Linux 12 | PEND | SKIPPED | SKIPPED | SKIPPED |
+-------------------------------+--------------------+------------------+-------------------------+-------------------+
| Fedora Linux 42 | PEND | PEND | SKIPPED | SKIPPED |
+-------------------------------+--------------------+------------------+-------------------------+-------------------+
| openSUSE Leap 15.6 | PEND | SKIPPED | SKIPPED | SKIPPED |
+-------------------------------+--------------------+------------------+-------------------------+-------------------+
| Red Hat Enterprise Linux 8.10 | PEND | SKIPPED | SKIPPED | SKIPPED |
+-------------------------------+--------------------+------------------+-------------------------+-------------------+
| CentOS Stream 10 | PEND | SKIPPED | SKIPPED | SKIPPED |
+-------------------------------+--------------------+------------------+-------------------------+-------------------+
| Ubuntu 20.04 | PEND | SKIPPED | SKIPPED | SKIPPED |
+-------------------------------+--------------------+------------------+-------------------------+-------------------+
| Red Hat Enterprise Linux 9.5 | PEND | SKIPPED | SKIPPED | SKIPPED |
+-------------------------------+--------------------+------------------+-------------------------+-------------------+
| FreeBSD 14.2 | PASS | SKIPPED | SKIPPED | SKIPPED |
+-------------------------------+--------------------+------------------+-------------------------+-------------------+
| Ubuntu 22.04 | PEND | SKIPPED | SKIPPED | SKIPPED |
+-------------------------------+--------------------+------------------+-------------------------+-------------------+
| Ubuntu 24.04 | PEND | PEND | SKIPPED | SKIPPED |
+-------------------------------+--------------------+------------------+-------------------------+-------------------+
| Alpine Linux 3.22.0 | PEND | SKIPPED | SKIPPED | SKIPPED |
+-------------------------------+--------------------+------------------+-------------------------+-------------------+
| Windows Server 2025 | SKIPPED | SKIPPED | PEND | SKIPPED |
+-------------------------------+--------------------+------------------+-------------------------+-------------------+
| Windows Server 2022 | SKIPPED | SKIPPED | SKIPPED | PEND |
+-------------------------------+--------------------+------------------+-------------------------+-------------------+
CentOS Stream 9
Kernel: 5.15
Compiler: gcc gcc (GCC) 11.5.0 20240719 (Red Hat 11.5.0-11)
Debian GNU/Linux 12
Kernel: 5.15
Compiler: gcc gcc (Debian 12.2.0-14+deb12u1) 12.2.0
Fedora Linux 42
Kernel: 5.15
Compiler: clang gcc (GCC) 15.2.1 20250808 (Red Hat 15.2.1-1)
openSUSE Leap 15.6
Kernel: 5.15
Compiler: gcc gcc (SUSE Linux) 7.5.0
Red Hat Enterprise Linux 8.10
Kernel: 5.15
Compiler: gcc gcc (GCC) 8.5.0 20210514 (Red Hat 8.5.0-22)
CentOS Stream 10
Kernel: 5.15
Compiler: gcc gcc (GCC) 14.2.1 20250110 (Red Hat 14.2.1-8)
Ubuntu 20.04
Kernel: 4.19
Compiler: gcc gcc (Ubuntu 9.4.0-1ubuntu1~20.04.2) 9.4.0
Red Hat Enterprise Linux 9.5
Kernel: 5.15
Compiler: gcc gcc (GCC) 11.5.0 20240719 (Red Hat 11.5.0-2)
FreeBSD 14.2
Kernel: 14.2-RELEASE
Compiler: clang 18.1.6
Ubuntu 22.04
Kernel: 5.15
Compiler: gcc gcc (Ubuntu 11.4.0-1ubuntu1~22.04) 11.4.0
Ubuntu 24.04
Kernel: 5.15
Compiler: gcc gcc (Ubuntu 13.3.0-6ubuntu2~24.04) 13.3.0
Alpine Linux 3.22.0
Kernel: 5.15
Compiler: gcc gcc (Alpine 14.2.0) 14.2.0
Windows Server 2025
Kernel: 10.0.26100
Compiler: clang 15.0.7, gcc 14.1.0 (MinGW), and MSVC VS 19.39.33521
Windows Server 2022
Kernel: 10.0.20348.2031
Compiler: clang 15.0.7, gcc 14.1.0 (MinGW), and MSVC VS 19.39.33521
To view detailed results, visit:
https://lab.dpdk.org/results/dashboard/patchsets/34654/
UNH-IOL DPDK Community Lab
To manage your email subscriptions, visit:
https://lab.dpdk.org/results/dashboard/preferences/subscriptions/
^ permalink raw reply [flat|nested] 25+ messages in thread
* |FAILURE| pw158972-158979 [PATCH] [v5,8/8] test: re-enable format-tr
[not found] <20251121170947.134502-9-stephen@networkplumber.org>
` (6 preceding siblings ...)
2025-11-21 20:24 ` dpdklab
@ 2025-11-21 20:26 ` dpdklab
2025-11-21 20:28 ` |SUCCESS| " dpdklab
` (16 subsequent siblings)
24 siblings, 0 replies; 25+ messages in thread
From: dpdklab @ 2025-11-21 20:26 UTC (permalink / raw)
To: Test Report; +Cc: dpdk-test-reports, Stephen Hemminger
Test-Label: iol-mellanox-Functional
Test-Status: FAILURE
http://dpdk.org/patch/158979
_Functional Testing issues_
Submitter: Stephen Hemminger <stephen@networkplumber.org>
Date: Friday, November 21 2025 17:08:27
DPDK git baseline: Repo:dpdk
Branch: master
CommitID:ef98b88455bf4a7c8b7aa3106a761c9e9270d6a3
158972-158979 --> functional testing issues
Upstream job id: Template-DPDK-DTS-Pipeline#3485
Test environment and result as below:
Ubuntu 24.04
Kernel: 6.8.0-55-generic
Compiler: gcc 13.3.0
NIC: Mellanox ConnectX-5 100000 Mbps
Aggregate Results by Test Suite
+---------------------------------+--------+
| Test Suite | Result |
+=================================+========+
| blocklist | PASS |
+---------------------------------+--------+
| promisc_support | PASS |
+---------------------------------+--------+
| uni_pkt | PASS |
+---------------------------------+--------+
| dynamic_config | PASS |
+---------------------------------+--------+
| mac_filter | PASS |
+---------------------------------+--------+
| hello_world | PASS |
+---------------------------------+--------+
| l2fwd | PASS |
+---------------------------------+--------+
| mtu | FAIL |
+---------------------------------+--------+
| port_restart_config_persistency | PASS |
+---------------------------------+--------+
| packet_capture | PASS |
+---------------------------------+--------+
| softnic | PASS |
+---------------------------------+--------+
| vlan | PASS |
+---------------------------------+--------+
To view detailed results, visit:
https://lab.dpdk.org/results/dashboard/patchsets/34654/
UNH-IOL DPDK Community Lab
To manage your email subscriptions, visit:
https://lab.dpdk.org/results/dashboard/preferences/subscriptions/
^ permalink raw reply [flat|nested] 25+ messages in thread
* |SUCCESS| pw158972-158979 [PATCH] [v5,8/8] test: re-enable format-tr
[not found] <20251121170947.134502-9-stephen@networkplumber.org>
` (7 preceding siblings ...)
2025-11-21 20:26 ` dpdklab
@ 2025-11-21 20:28 ` dpdklab
2025-11-21 20:29 ` |FAILURE| " dpdklab
` (15 subsequent siblings)
24 siblings, 0 replies; 25+ messages in thread
From: dpdklab @ 2025-11-21 20:28 UTC (permalink / raw)
To: Test Report; +Cc: dpdk-test-reports
Test-Label: iol-marvell-Functional
Test-Status: SUCCESS
http://dpdk.org/patch/158979
_Functional Testing PASS_
Submitter: Stephen Hemminger <stephen@networkplumber.org>
Date: Friday, November 21 2025 17:08:27
DPDK git baseline: Repo:dpdk
Branch: master
CommitID:ef98b88455bf4a7c8b7aa3106a761c9e9270d6a3
158972-158979 --> functional testing pass
Upstream job id: Template-DTS-Pipeline#255999
Test environment and result as below:
Ubuntu 20.04.6
Kernel: 5.4.105
Compiler: gcc 9.4
NIC: Marvell CN106XX 50000 Mbps
Target: arm64-native-linuxapp-gcc
Aggregate Results by Test Suite
+----------------+--------+
| Test Suite | Result |
+================+========+
| cmdline | PASS |
+----------------+--------+
| rxtx_callbacks | PASS |
+----------------+--------+
To view detailed results, visit:
https://lab.dpdk.org/results/dashboard/patchsets/34654/
UNH-IOL DPDK Community Lab
To manage your email subscriptions, visit:
https://lab.dpdk.org/results/dashboard/preferences/subscriptions/
^ permalink raw reply [flat|nested] 25+ messages in thread
* |FAILURE| pw158972-158979 [PATCH] [v5,8/8] test: re-enable format-tr
[not found] <20251121170947.134502-9-stephen@networkplumber.org>
` (8 preceding siblings ...)
2025-11-21 20:28 ` |SUCCESS| " dpdklab
@ 2025-11-21 20:29 ` dpdklab
2025-11-21 20:29 ` dpdklab
` (14 subsequent siblings)
24 siblings, 0 replies; 25+ messages in thread
From: dpdklab @ 2025-11-21 20:29 UTC (permalink / raw)
To: Test Report; +Cc: dpdk-test-reports, Stephen Hemminger
Test-Label: iol-compile-arm64-testing
Test-Status: FAILURE
http://dpdk.org/patch/158979
_Testing issues_
Submitter: Stephen Hemminger <stephen@networkplumber.org>
Date: Friday, November 21 2025 17:08:27
DPDK git baseline: Repo:dpdk
Branch: master
CommitID:ef98b88455bf4a7c8b7aa3106a761c9e9270d6a3
158972-158979 --> testing issues
Upstream job id: Generic-DPDK-Compile-Meson#446600
Test environment and result as below:
+------------------------------+--------------------+
| Environment | dpdk_meson_compile |
+==============================+====================+
| Red Hat Enterprise Linux 9.5 | PEND |
+------------------------------+--------------------+
| Ubuntu 24.04 | PEND |
+------------------------------+--------------------+
| Fedora Linux 42 | PEND |
+------------------------------+--------------------+
| Ubuntu 20.04 | PASS |
+------------------------------+--------------------+
| CentOS Stream 9 | PEND |
+------------------------------+--------------------+
| Debian GNU/Linux 12 | PEND |
+------------------------------+--------------------+
| CentOS Stream 10 | PEND |
+------------------------------+--------------------+
| Ubuntu 22.04 | PEND |
+------------------------------+--------------------+
Red Hat Enterprise Linux 9.5
Kernel: 5.4
Compiler: gcc gcc (GCC) 11.5.0 20240719 (Red Hat 11.5.0-2)
Ubuntu 24.04
Kernel: 5.4
Compiler: gcc gcc (Ubuntu 13.3.0-6ubuntu2~24.04) 13.3.0
Fedora Linux 42
Kernel: 5.4
Compiler: clang gcc (GCC) 15.2.1 20250808 (Red Hat 15.2.1-1)
Ubuntu 20.04
Kernel: 5.4
Compiler: gcc gcc (Ubuntu 9.4.0-1ubuntu1~20.04.2) 9.4.0
CentOS Stream 9
Kernel: 5.4
Compiler: gcc gcc (GCC) 11.5.0 20240719 (Red Hat 11.5.0-11)
Debian GNU/Linux 12
Kernel: 5.4
Compiler: gcc gcc (Debian 12.2.0-14+deb12u1) 12.2.0
CentOS Stream 10
Kernel: 5.4
Compiler: gcc gcc (GCC) 14.2.1 20250110 (Red Hat 14.2.1-8)
Ubuntu 22.04
Kernel: 5.4
Compiler: gcc gcc (Ubuntu 11.4.0-1ubuntu1~22.04) 11.4.0
To view detailed results, visit:
https://lab.dpdk.org/results/dashboard/patchsets/34654/
UNH-IOL DPDK Community Lab
To manage your email subscriptions, visit:
https://lab.dpdk.org/results/dashboard/preferences/subscriptions/
^ permalink raw reply [flat|nested] 25+ messages in thread
* |FAILURE| pw158972-158979 [PATCH] [v5,8/8] test: re-enable format-tr
[not found] <20251121170947.134502-9-stephen@networkplumber.org>
` (9 preceding siblings ...)
2025-11-21 20:29 ` |FAILURE| " dpdklab
@ 2025-11-21 20:29 ` dpdklab
2025-11-21 20:29 ` dpdklab
` (13 subsequent siblings)
24 siblings, 0 replies; 25+ messages in thread
From: dpdklab @ 2025-11-21 20:29 UTC (permalink / raw)
To: Test Report; +Cc: dpdk-test-reports, Stephen Hemminger
Test-Label: iol-compile-arm64-testing
Test-Status: FAILURE
http://dpdk.org/patch/158979
_Testing issues_
Submitter: Stephen Hemminger <stephen@networkplumber.org>
Date: Friday, November 21 2025 17:08:27
DPDK git baseline: Repo:dpdk
Branch: master
CommitID:ef98b88455bf4a7c8b7aa3106a761c9e9270d6a3
158972-158979 --> testing issues
Upstream job id: Generic-DPDK-Compile-Meson#446601
Test environment and result as below:
+------------------------------+--------------------+
| Environment | dpdk_meson_compile |
+==============================+====================+
| Red Hat Enterprise Linux 9.5 | PEND |
+------------------------------+--------------------+
| Ubuntu 24.04 | PEND |
+------------------------------+--------------------+
| Fedora Linux 42 | PEND |
+------------------------------+--------------------+
| Ubuntu 20.04 | PASS |
+------------------------------+--------------------+
| CentOS Stream 9 | PEND |
+------------------------------+--------------------+
| Debian GNU/Linux 12 | PEND |
+------------------------------+--------------------+
| CentOS Stream 10 | PEND |
+------------------------------+--------------------+
| Ubuntu 22.04 | PEND |
+------------------------------+--------------------+
Red Hat Enterprise Linux 9.5
Kernel: 5.4
Compiler: gcc gcc (GCC) 11.5.0 20240719 (Red Hat 11.5.0-2)
Ubuntu 24.04
Kernel: 5.4
Compiler: gcc gcc (Ubuntu 13.3.0-6ubuntu2~24.04) 13.3.0
Fedora Linux 42
Kernel: 5.4
Compiler: clang gcc (GCC) 15.2.1 20250808 (Red Hat 15.2.1-1)
Ubuntu 20.04
Kernel: 5.4
Compiler: gcc gcc (Ubuntu 9.4.0-1ubuntu1~20.04.2) 9.4.0
CentOS Stream 9
Kernel: 5.4
Compiler: gcc gcc (GCC) 11.5.0 20240719 (Red Hat 11.5.0-11)
Debian GNU/Linux 12
Kernel: 5.4
Compiler: gcc gcc (Debian 12.2.0-14+deb12u1) 12.2.0
CentOS Stream 10
Kernel: 5.4
Compiler: gcc gcc (GCC) 14.2.1 20250110 (Red Hat 14.2.1-8)
Ubuntu 22.04
Kernel: 5.4
Compiler: gcc gcc (Ubuntu 11.4.0-1ubuntu1~22.04) 11.4.0
To view detailed results, visit:
https://lab.dpdk.org/results/dashboard/patchsets/34654/
UNH-IOL DPDK Community Lab
To manage your email subscriptions, visit:
https://lab.dpdk.org/results/dashboard/preferences/subscriptions/
^ permalink raw reply [flat|nested] 25+ messages in thread
* |FAILURE| pw158972-158979 [PATCH] [v5,8/8] test: re-enable format-tr
[not found] <20251121170947.134502-9-stephen@networkplumber.org>
` (10 preceding siblings ...)
2025-11-21 20:29 ` dpdklab
@ 2025-11-21 20:29 ` dpdklab
2025-11-21 20:32 ` |PENDING| " dpdklab
` (12 subsequent siblings)
24 siblings, 0 replies; 25+ messages in thread
From: dpdklab @ 2025-11-21 20:29 UTC (permalink / raw)
To: Test Report; +Cc: dpdk-test-reports, Stephen Hemminger
Test-Label: iol-compile-arm64-testing
Test-Status: FAILURE
http://dpdk.org/patch/158979
_Testing issues_
Submitter: Stephen Hemminger <stephen@networkplumber.org>
Date: Friday, November 21 2025 17:08:27
DPDK git baseline: Repo:dpdk
Branch: master
CommitID:ef98b88455bf4a7c8b7aa3106a761c9e9270d6a3
158972-158979 --> testing issues
Upstream job id: Generic-DPDK-Compile-Meson#446589
Test environment and result as below:
+------------------------------+--------------------+
| Environment | dpdk_meson_compile |
+==============================+====================+
| Red Hat Enterprise Linux 9.5 | PEND |
+------------------------------+--------------------+
| Ubuntu 24.04 | PEND |
+------------------------------+--------------------+
| Fedora Linux 42 | PEND |
+------------------------------+--------------------+
| Ubuntu 20.04 | PASS |
+------------------------------+--------------------+
| CentOS Stream 9 | PEND |
+------------------------------+--------------------+
| Debian GNU/Linux 12 | PEND |
+------------------------------+--------------------+
| CentOS Stream 10 | PEND |
+------------------------------+--------------------+
| Ubuntu 22.04 | PEND |
+------------------------------+--------------------+
Red Hat Enterprise Linux 9.5
Kernel: 5.4
Compiler: gcc gcc (GCC) 11.5.0 20240719 (Red Hat 11.5.0-2)
Ubuntu 24.04
Kernel: 5.4
Compiler: gcc gcc (Ubuntu 13.3.0-6ubuntu2~24.04) 13.3.0
Fedora Linux 42
Kernel: 5.4
Compiler: clang gcc (GCC) 15.2.1 20250808 (Red Hat 15.2.1-1)
Ubuntu 20.04
Kernel: 5.4
Compiler: gcc gcc (Ubuntu 9.4.0-1ubuntu1~20.04.2) 9.4.0
CentOS Stream 9
Kernel: 5.4
Compiler: gcc gcc (GCC) 11.5.0 20240719 (Red Hat 11.5.0-11)
Debian GNU/Linux 12
Kernel: 5.4
Compiler: gcc gcc (Debian 12.2.0-14+deb12u1) 12.2.0
CentOS Stream 10
Kernel: 5.4
Compiler: gcc gcc (GCC) 14.2.1 20250110 (Red Hat 14.2.1-8)
Ubuntu 22.04
Kernel: 5.4
Compiler: gcc gcc (Ubuntu 11.4.0-1ubuntu1~22.04) 11.4.0
To view detailed results, visit:
https://lab.dpdk.org/results/dashboard/patchsets/34654/
UNH-IOL DPDK Community Lab
To manage your email subscriptions, visit:
https://lab.dpdk.org/results/dashboard/preferences/subscriptions/
^ permalink raw reply [flat|nested] 25+ messages in thread
* |PENDING| pw158972-158979 [PATCH] [v5,8/8] test: re-enable format-tr
[not found] <20251121170947.134502-9-stephen@networkplumber.org>
` (11 preceding siblings ...)
2025-11-21 20:29 ` dpdklab
@ 2025-11-21 20:32 ` dpdklab
2025-11-21 20:36 ` |WARNING| " dpdklab
` (11 subsequent siblings)
24 siblings, 0 replies; 25+ messages in thread
From: dpdklab @ 2025-11-21 20:32 UTC (permalink / raw)
To: Test Report; +Cc: dpdk-test-reports
Test-Label: iol-sample-apps-testing
Test-Status: PENDING
http://dpdk.org/patch/158979
_Testing pending_
Submitter: Stephen Hemminger <stephen@networkplumber.org>
Date: Friday, November 21 2025 17:08:27
DPDK git baseline: Repo:dpdk
Branch: master
CommitID:ef98b88455bf4a7c8b7aa3106a761c9e9270d6a3
158972-158979 --> testing pending
Upstream job id: Template-DTS-Pipeline#256001
Test environment and result as below:
+--------------+----------------------+----------------------+
| Environment | dpdk_fips_validation | compressdev_zlib_pmd |
+==============+======================+======================+
| Ubuntu 20.04 | PEND | SKIPPED |
+--------------+----------------------+----------------------+
| Ubuntu 22.04 | SKIPPED | PASS |
+--------------+----------------------+----------------------+
Ubuntu 20.04
Kernel: 5.15
Compiler: gcc gcc (Ubuntu 9.4.0-1ubuntu1~20.04.2) 9.4.0
Ubuntu 22.04
Kernel: 5.15
Compiler: gcc gcc (Ubuntu 11.4.0-1ubuntu1~22.04.2) 11.4.0
To view detailed results, visit:
https://lab.dpdk.org/results/dashboard/patchsets/34654/
UNH-IOL DPDK Community Lab
To manage your email subscriptions, visit:
https://lab.dpdk.org/results/dashboard/preferences/subscriptions/
^ permalink raw reply [flat|nested] 25+ messages in thread
* |WARNING| pw158972-158979 [PATCH] [v5,8/8] test: re-enable format-tr
[not found] <20251121170947.134502-9-stephen@networkplumber.org>
` (12 preceding siblings ...)
2025-11-21 20:32 ` |PENDING| " dpdklab
@ 2025-11-21 20:36 ` dpdklab
2025-11-21 20:39 ` |PENDING| " dpdklab
` (10 subsequent siblings)
24 siblings, 0 replies; 25+ messages in thread
From: dpdklab @ 2025-11-21 20:36 UTC (permalink / raw)
To: Test Report; +Cc: dpdk-test-reports
Test-Label: iol-sample-apps-testing
Test-Status: WARNING
http://dpdk.org/patch/158979
_Testing issues_
Submitter: Stephen Hemminger <stephen@networkplumber.org>
Date: Friday, November 21 2025 17:08:27
DPDK git baseline: Repo:dpdk
Branch: master
CommitID:ef98b88455bf4a7c8b7aa3106a761c9e9270d6a3
158972-158979 --> testing issues
Upstream job id: ACVP-FIPS-testing#11897
Test environment and result as below:
+--------------+----------------------+----------------------+
| Environment | dpdk_fips_validation | compressdev_zlib_pmd |
+==============+======================+======================+
| Ubuntu 20.04 | WARN | SKIPPED |
+--------------+----------------------+----------------------+
| Ubuntu 22.04 | SKIPPED | PASS |
+--------------+----------------------+----------------------+
==== 20 line log output for Ubuntu 20.04 (dpdk_fips_validation): ====
183 | snprintf(prefix, sizeof(prefix), "--file-prefix=%s", tmp);
| ^~ ~~~
In file included from /usr/include/stdio.h:867,
from ../app/test/test_pdump.c:4:
/usr/include/x86_64-linux-gnu/bits/stdio2.h:67:10: note: '__builtin___snprintf_chk' output between 15 and 4110 bytes into a destination of size 4096
67 | return __builtin___snprintf_chk (__s, __n, __USE_FORTIFY_LEVEL - 1,
| ^~~~~~~~~~~~~~~~~~~~~~~~~~~~~~~~~~~~~~~~~~~~~~~~~~~~~~~~~~~~
68 | __bos (__s), __fmt, __va_arg_pack ());
| ~~~~~~~~~~~~~~~~~~~~~~~~~~~~~~~~~~~~~
cc1: all warnings being treated as errors
[3558/3635] Compiling C object app/dpdk-test.p/test_test_pmd_perf.c.o
[3559/3635] Compiling C object app/dpdk-test.p/test_test_net_ip6.c.o
[3560/3635] Compiling C object app/dpdk-test.p/test_test_pdcp.c.o
[3561/3635] Compiling C object app/dpdk-test.p/test_test_ptr_compress.c.o
[3562/3635] Compiling C object app/dpdk-test.p/test_test_pflock.c.o
[3563/3635] Linking target app/dpdk-testpmd
[3564/3635] Compiling C object app/dpdk-test.p/test_test_pmd_ring.c.o
[3565/3635] Compiling C object app/dpdk-test.p/test_test_pmd_ring_perf.c.o
[3566/3635] Compiling C object app/dpdk-test.p/test_test_memcpy_perf.c.o
ninja: build stopped: subcommand failed.
==== End log output ====
Ubuntu 20.04
Kernel: 5.15
Compiler: gcc gcc (Ubuntu 9.4.0-1ubuntu1~20.04.2) 9.4.0
Ubuntu 22.04
Kernel: 5.15
Compiler: gcc gcc (Ubuntu 11.4.0-1ubuntu1~22.04.2) 11.4.0
To view detailed results, visit:
https://lab.dpdk.org/results/dashboard/patchsets/34654/
UNH-IOL DPDK Community Lab
To manage your email subscriptions, visit:
https://lab.dpdk.org/results/dashboard/preferences/subscriptions/
^ permalink raw reply [flat|nested] 25+ messages in thread
* |PENDING| pw158972-158979 [PATCH] [v5,8/8] test: re-enable format-tr
[not found] <20251121170947.134502-9-stephen@networkplumber.org>
` (13 preceding siblings ...)
2025-11-21 20:36 ` |WARNING| " dpdklab
@ 2025-11-21 20:39 ` dpdklab
2025-11-21 20:42 ` |SUCCESS| " dpdklab
` (9 subsequent siblings)
24 siblings, 0 replies; 25+ messages in thread
From: dpdklab @ 2025-11-21 20:39 UTC (permalink / raw)
To: Test Report; +Cc: dpdk-test-reports
Test-Label: iol-unit-arm64-testing
Test-Status: PENDING
http://dpdk.org/patch/158979
_Testing pending_
Submitter: Stephen Hemminger <stephen@networkplumber.org>
Date: Friday, November 21 2025 17:08:27
DPDK git baseline: Repo:dpdk
Branch: master
CommitID:ef98b88455bf4a7c8b7aa3106a761c9e9270d6a3
158972-158979 --> testing pending
Upstream job id: Generic-Unit-Test-DPDK#395027
Test environment and result as below:
+------------------------------+---------------------------+----------------+--------------+------------------------------+
| Environment | cryptodev_sw_zuc_autotest | dpdk_unit_test | lpm_autotest | cryptodev_sw_snow3g_autotest |
+==============================+===========================+================+==============+==============================+
| Debian 12 (arm) | PEND | SKIPPED | SKIPPED | PEND |
+------------------------------+---------------------------+----------------+--------------+------------------------------+
| Ubuntu 22.04 | SKIPPED | PEND | SKIPPED | SKIPPED |
+------------------------------+---------------------------+----------------+--------------+------------------------------+
| Fedora Linux 41 | SKIPPED | PEND | SKIPPED | SKIPPED |
+------------------------------+---------------------------+----------------+--------------+------------------------------+
| Debian GNU/Linux 12 | SKIPPED | PEND | SKIPPED | SKIPPED |
+------------------------------+---------------------------+----------------+--------------+------------------------------+
| Fedora Linux 42 | SKIPPED | PEND | SKIPPED | SKIPPED |
+------------------------------+---------------------------+----------------+--------------+------------------------------+
| Red Hat Enterprise Linux 9.5 | SKIPPED | PEND | SKIPPED | SKIPPED |
+------------------------------+---------------------------+----------------+--------------+------------------------------+
| Fedora Linux 40 | SKIPPED | PEND | SKIPPED | SKIPPED |
+------------------------------+---------------------------+----------------+--------------+------------------------------+
| Ubuntu 24.04 | SKIPPED | PEND | SKIPPED | SKIPPED |
+------------------------------+---------------------------+----------------+--------------+------------------------------+
| Ubuntu 20.04 | SKIPPED | PEND | PASS | SKIPPED |
+------------------------------+---------------------------+----------------+--------------+------------------------------+
| CentOS Stream 10 | SKIPPED | PEND | SKIPPED | SKIPPED |
+------------------------------+---------------------------+----------------+--------------+------------------------------+
| CentOS Stream 9 | SKIPPED | PEND | SKIPPED | SKIPPED |
+------------------------------+---------------------------+----------------+--------------+------------------------------+
Debian 12 (arm)
Kernel: Depends on container host
Compiler: gcc (Debian 12.2.0-14) 12.2.0
Ubuntu 22.04
Kernel: 5.4
Compiler: gcc gcc (Ubuntu 11.4.0-1ubuntu1~22.04) 11.4.0
Fedora Linux 41
Kernel: 5.4
Compiler: clang gcc (GCC) 14.3.1 20250523 (Red Hat 14.3.1-1)
Debian GNU/Linux 12
Kernel: 5.4
Compiler: gcc gcc (Debian 12.2.0-14+deb12u1) 12.2.0
Fedora Linux 42
Kernel: 5.4
Compiler: clang gcc (GCC) 15.2.1 20250808 (Red Hat 15.2.1-1)
Red Hat Enterprise Linux 9.5
Kernel: 5.4
Compiler: gcc gcc (GCC) 11.5.0 20240719 (Red Hat 11.5.0-2)
Fedora Linux 40
Kernel: 5.4
Compiler: gcc gcc (GCC) 14.2.1 20240912 (Red Hat 14.2.1-3)
Ubuntu 24.04
Kernel: 5.4
Compiler: gcc gcc (Ubuntu 13.3.0-6ubuntu2~24.04) 13.3.0
Ubuntu 20.04
Kernel: 5.4
Compiler: gcc gcc (Ubuntu 9.4.0-1ubuntu1~20.04.2) 9.4.0
CentOS Stream 10
Kernel: 5.4
Compiler: gcc gcc (GCC) 14.2.1 20250110 (Red Hat 14.2.1-8)
CentOS Stream 9
Kernel: 5.4
Compiler: gcc gcc (GCC) 11.5.0 20240719 (Red Hat 11.5.0-11)
To view detailed results, visit:
https://lab.dpdk.org/results/dashboard/patchsets/34654/
UNH-IOL DPDK Community Lab
To manage your email subscriptions, visit:
https://lab.dpdk.org/results/dashboard/preferences/subscriptions/
^ permalink raw reply [flat|nested] 25+ messages in thread
* |SUCCESS| pw158972-158979 [PATCH] [v5,8/8] test: re-enable format-tr
[not found] <20251121170947.134502-9-stephen@networkplumber.org>
` (14 preceding siblings ...)
2025-11-21 20:39 ` |PENDING| " dpdklab
@ 2025-11-21 20:42 ` dpdklab
2025-11-21 20:44 ` dpdklab
` (8 subsequent siblings)
24 siblings, 0 replies; 25+ messages in thread
From: dpdklab @ 2025-11-21 20:42 UTC (permalink / raw)
To: Test Report; +Cc: dpdk-test-reports
Test-Label: iol-intel-Functional
Test-Status: SUCCESS
http://dpdk.org/patch/158979
_Functional Testing PASS_
Submitter: Stephen Hemminger <stephen@networkplumber.org>
Date: Friday, November 21 2025 17:08:27
DPDK git baseline: Repo:dpdk
Branch: master
CommitID:ef98b88455bf4a7c8b7aa3106a761c9e9270d6a3
158972-158979 --> functional testing pass
Upstream job id: Template-DTS-Pipeline#256002
Test environment and result as below:
Ubuntu 24.04
Kernel: 6.8
Compiler: gcc gcc (Ubuntu 13.3.0-6ubuntu2~24.04) 13.3.0
NIC: Intel E810 (Arm Grace Server) 100000 Mbps
Aggregate Results by Test Suite
+--------------------+--------+
| Test Suite | Result |
+====================+========+
| blocklist | PASS |
+--------------------+--------+
| dynamic_config | PASS |
+--------------------+--------+
| pmd_buffer_scatter | PASS |
+--------------------+--------+
| promisc_support | PASS |
+--------------------+--------+
| softnic | PASS |
+--------------------+--------+
| uni_pkt | PASS |
+--------------------+--------+
| vlan | PASS |
+--------------------+--------+
Ubuntu 24.04 LTS
Kernel: 6.8.0-44-generic
Compiler: gcc 13.2.0
NIC: Intel Corporation Ethernet Controller XL710 for 40GbE QSFP+ 40 Mbps
Aggregate Results by Test Suite
+--------------------+--------+
| Test Suite | Result |
+====================+========+
| blocklist | PASS |
+--------------------+--------+
| dynamic_config | PASS |
+--------------------+--------+
| pmd_buffer_scatter | PASS |
+--------------------+--------+
| promisc_support | PASS |
+--------------------+--------+
| softnic | PASS |
+--------------------+--------+
| uni_pkt | PASS |
+--------------------+--------+
| dynamic_queue_conf | PASS |
+--------------------+--------+
| hello_world | PASS |
+--------------------+--------+
| l2fwd | PASS |
+--------------------+--------+
Ubuntu 24.04
Kernel: 6.8
Compiler: gcc gcc (Ubuntu 13.3.0-6ubuntu2~24.04) 13.3.0
NIC: Intel Corporation 4xxx Series QAT 0 Mbps
Aggregate Results by Test Suite
+----------------------------+--------+
| Test Suite | Result |
+============================+========+
| crypto_perf_cryptodev_perf | PASS |
+----------------------------+--------+
To view detailed results, visit:
https://lab.dpdk.org/results/dashboard/patchsets/34654/
UNH-IOL DPDK Community Lab
To manage your email subscriptions, visit:
https://lab.dpdk.org/results/dashboard/preferences/subscriptions/
^ permalink raw reply [flat|nested] 25+ messages in thread
* |SUCCESS| pw158972-158979 [PATCH] [v5,8/8] test: re-enable format-tr
[not found] <20251121170947.134502-9-stephen@networkplumber.org>
` (15 preceding siblings ...)
2025-11-21 20:42 ` |SUCCESS| " dpdklab
@ 2025-11-21 20:44 ` dpdklab
2025-11-21 20:45 ` dpdklab
` (7 subsequent siblings)
24 siblings, 0 replies; 25+ messages in thread
From: dpdklab @ 2025-11-21 20:44 UTC (permalink / raw)
To: Ali Alnubani, Test Report; +Cc: dpdk-test-reports
Test-Label: iol-mellanox-Performance
Test-Status: SUCCESS
http://dpdk.org/patch/158979
_Performance Testing PASS_
Submitter: Stephen Hemminger <stephen@networkplumber.org>
Date: Friday, November 21 2025 17:08:27
DPDK git baseline: Repo:dpdk
Branch: master
CommitID:ef98b88455bf4a7c8b7aa3106a761c9e9270d6a3
158972-158979 --> performance testing pass
Upstream job id: Template-DTS-Pipeline#255990
Test environment and result as below:
Ubuntu 24.04
Kernel: 6.8
Compiler: gcc gcc (Ubuntu 13.3.0-6ubuntu2~24.04) 13.3.0
NIC: NVIDIA Mellanox ConnectX-7 100000 Mbps
Fail/Total: 0/6
Detail performance results:
+------------+---------+----------+-------------+------------------------------+
| frame_size | txd/rxd | num_cpus | num_threads | throughput difference from |
| | | | | expected |
+============+=========+==========+=============+==============================+
| 64 | 1024 | 1 | 1 | -0.0% |
+------------+---------+----------+-------------+------------------------------+
| 128 | 1024 | 1 | 1 | 0.3% |
+------------+---------+----------+-------------+------------------------------+
| 256 | 1024 | 1 | 1 | -0.3% |
+------------+---------+----------+-------------+------------------------------+
| 512 | 1024 | 1 | 1 | -0.1% |
+------------+---------+----------+-------------+------------------------------+
| 1024 | 1024 | 1 | 1 | -0.1% |
+------------+---------+----------+-------------+------------------------------+
| 1518 | 1024 | 1 | 1 | -0.1% |
+------------+---------+----------+-------------+------------------------------+
Ubuntu 24.04
Kernel: 6.8
Compiler: gcc gcc (Ubuntu 13.3.0-6ubuntu2~24.04) 13.3.0
NIC: Mellanox ConnectX-6 Lx 25000 Mbps
Fail/Total: 0/6
Detail performance results:
+------------+---------+----------+-------------+------------------------------+
| frame_size | txd/rxd | num_cpus | num_threads | throughput difference from |
| | | | | expected |
+============+=========+==========+=============+==============================+
| 64 | 1024 | 1 | 1 | -0.1% |
+------------+---------+----------+-------------+------------------------------+
| 128 | 1024 | 1 | 1 | -0.1% |
+------------+---------+----------+-------------+------------------------------+
| 256 | 1024 | 1 | 1 | -0.1% |
+------------+---------+----------+-------------+------------------------------+
| 512 | 1024 | 1 | 1 | -0.0% |
+------------+---------+----------+-------------+------------------------------+
| 1024 | 1024 | 1 | 1 | 0.0% |
+------------+---------+----------+-------------+------------------------------+
| 1518 | 1024 | 1 | 1 | 0.0% |
+------------+---------+----------+-------------+------------------------------+
To view detailed results, visit:
https://lab.dpdk.org/results/dashboard/patchsets/34654/
UNH-IOL DPDK Community Lab
To manage your email subscriptions, visit:
https://lab.dpdk.org/results/dashboard/preferences/subscriptions/
^ permalink raw reply [flat|nested] 25+ messages in thread
* |SUCCESS| pw158972-158979 [PATCH] [v5,8/8] test: re-enable format-tr
[not found] <20251121170947.134502-9-stephen@networkplumber.org>
` (16 preceding siblings ...)
2025-11-21 20:44 ` dpdklab
@ 2025-11-21 20:45 ` dpdklab
2025-11-21 20:45 ` dpdklab
` (6 subsequent siblings)
24 siblings, 0 replies; 25+ messages in thread
From: dpdklab @ 2025-11-21 20:45 UTC (permalink / raw)
To: Test Report; +Cc: dpdk-test-reports
Test-Label: iol-broadcom-Performance
Test-Status: SUCCESS
http://dpdk.org/patch/158979
_Performance Testing PASS_
Submitter: Stephen Hemminger <stephen@networkplumber.org>
Date: Friday, November 21 2025 17:08:27
DPDK git baseline: Repo:dpdk
Branch: master
CommitID:ef98b88455bf4a7c8b7aa3106a761c9e9270d6a3
158972-158979 --> performance testing pass
Upstream job id: Template-DTS-Pipeline#255994
Test environment and result as below:
Ubuntu 22.04
Kernel: 5.15
Compiler: gcc gcc (Ubuntu 11.4.0-1ubuntu1~22.04) 11.4.0
NIC: Broadcom Inc. and subsidiaries BCM57414 NetXtreme-E 10Gb/25Gb RDMA Ethernet Controller 16d7 25 Mbps
Fail/Total: 0/3
Detail performance results:
+------------+---------+----------+-------------+------------------------------+
| frame_size | txd/rxd | num_cpus | num_threads | throughput difference from |
| | | | | expected |
+============+=========+==========+=============+==============================+
| 64 | 128 | 1 | 1 | -0.6% |
+------------+---------+----------+-------------+------------------------------+
| 64 | 512 | 1 | 1 | -0.5% |
+------------+---------+----------+-------------+------------------------------+
| 64 | 2048 | 1 | 1 | 1.9% |
+------------+---------+----------+-------------+------------------------------+
Ubuntu 22.04
Kernel: 5.15
Compiler: gcc gcc (Ubuntu 11.4.0-1ubuntu1~22.04.2) 11.4.0
NIC: Arm Broadcom Inc. brcm_57414 25000 Mbps
Fail/Total: 0/2
Detail performance results:
+------------+---------+----------+-------------+------------------------------+
| frame_size | txd/rxd | num_cpus | num_threads | throughput difference from |
| | | | | expected |
+============+=========+==========+=============+==============================+
| 64 | 512 | 1 | 1 | 0.0% |
+------------+---------+----------+-------------+------------------------------+
| 64 | 2048 | 1 | 1 | 0.0% |
+------------+---------+----------+-------------+------------------------------+
To view detailed results, visit:
https://lab.dpdk.org/results/dashboard/patchsets/34654/
UNH-IOL DPDK Community Lab
To manage your email subscriptions, visit:
https://lab.dpdk.org/results/dashboard/preferences/subscriptions/
^ permalink raw reply [flat|nested] 25+ messages in thread
* |SUCCESS| pw158972-158979 [PATCH] [v5,8/8] test: re-enable format-tr
[not found] <20251121170947.134502-9-stephen@networkplumber.org>
` (17 preceding siblings ...)
2025-11-21 20:45 ` dpdklab
@ 2025-11-21 20:45 ` dpdklab
2025-11-21 20:45 ` dpdklab
` (5 subsequent siblings)
24 siblings, 0 replies; 25+ messages in thread
From: dpdklab @ 2025-11-21 20:45 UTC (permalink / raw)
To: Test Report; +Cc: dpdk-test-reports
Test-Label: iol-intel-Performance
Test-Status: SUCCESS
http://dpdk.org/patch/158979
_Performance Testing PASS_
Submitter: Stephen Hemminger <stephen@networkplumber.org>
Date: Friday, November 21 2025 17:08:27
DPDK git baseline: Repo:dpdk
Branch: master
CommitID:ef98b88455bf4a7c8b7aa3106a761c9e9270d6a3
158972-158979 --> performance testing pass
Upstream job id: Template-DTS-Pipeline#255992
Test environment and result as below:
Ubuntu 22.04
Kernel: 5.15
Compiler: gcc gcc (Ubuntu 11.4.0-1ubuntu1~22.04.2) 11.4.0
NIC: Intel E810 100000 Mbps
Fail/Total: 0/2
Detail performance results:
+------------+---------+----------+-------------+------------------------------+
| frame_size | txd/rxd | num_cpus | num_threads | throughput difference from |
| | | | | expected |
+============+=========+==========+=============+==============================+
| 64 | 512 | 1 | 1 | 0.0% |
+------------+---------+----------+-------------+------------------------------+
| 64 | 2048 | 1 | 1 | 1.5% |
+------------+---------+----------+-------------+------------------------------+
Ubuntu 20.04
Kernel: 5.4
Compiler: gcc gcc (Ubuntu 9.4.0-1ubuntu1~20.04.1) 9.4.0
NIC: Intel Corporation Ethernet Converged Network Adapter XL710-QDA2 40000 Mbps
Fail/Total: 0/4
Detail performance results:
+----------+-------------+---------+------------+------------------------------+
| num_cpus | num_threads | txd/rxd | frame_size | throughput difference from |
| | | | | expected |
+==========+=============+=========+============+==============================+
| 1 | 2 | 512 | 64 | 0.4% |
+----------+-------------+---------+------------+------------------------------+
| 1 | 2 | 2048 | 64 | -4.6% |
+----------+-------------+---------+------------+------------------------------+
| 1 | 1 | 512 | 64 | -2.3% |
+----------+-------------+---------+------------+------------------------------+
| 1 | 1 | 2048 | 64 | -5.1% |
+----------+-------------+---------+------------+------------------------------+
Ubuntu 24.04
Kernel: 6.8
Compiler: gcc gcc (Ubuntu 13.3.0-6ubuntu2~24.04) 13.3.0
NIC: Intel E810 (Arm Grace Server) 100000 Mbps
Fail/Total: 0/2
Detail performance results:
+------------+---------+----------+-------------+------------------------------+
| frame_size | txd/rxd | num_cpus | num_threads | throughput difference from |
| | | | | expected |
+============+=========+==========+=============+==============================+
| 64 | 512 | 1 | 1 | -0.2% |
+------------+---------+----------+-------------+------------------------------+
| 64 | 2048 | 1 | 1 | -0.1% |
+------------+---------+----------+-------------+------------------------------+
To view detailed results, visit:
https://lab.dpdk.org/results/dashboard/patchsets/34654/
UNH-IOL DPDK Community Lab
To manage your email subscriptions, visit:
https://lab.dpdk.org/results/dashboard/preferences/subscriptions/
^ permalink raw reply [flat|nested] 25+ messages in thread
* |SUCCESS| pw158972-158979 [PATCH] [v5,8/8] test: re-enable format-tr
[not found] <20251121170947.134502-9-stephen@networkplumber.org>
` (18 preceding siblings ...)
2025-11-21 20:45 ` dpdklab
@ 2025-11-21 20:45 ` dpdklab
2025-11-21 20:59 ` |WARNING| " dpdklab
` (4 subsequent siblings)
24 siblings, 0 replies; 25+ messages in thread
From: dpdklab @ 2025-11-21 20:45 UTC (permalink / raw)
To: Test Report; +Cc: dpdk-test-reports
Test-Label: iol-intel-Functional
Test-Status: SUCCESS
http://dpdk.org/patch/158979
_Functional Testing PASS_
Submitter: Stephen Hemminger <stephen@networkplumber.org>
Date: Friday, November 21 2025 17:08:27
DPDK git baseline: Repo:dpdk
Branch: master
CommitID:ef98b88455bf4a7c8b7aa3106a761c9e9270d6a3
158972-158979 --> functional testing pass
Upstream job id: Template-DTS-Pipeline#255996
Test environment and result as below:
Ubuntu 24.04
Kernel: 6.8
Compiler: gcc gcc (Ubuntu 13.3.0-6ubuntu2~24.04) 13.3.0
NIC: Intel E810 (Arm Grace Server) 100000 Mbps
Aggregate Results by Test Suite
+--------------------+--------+
| Test Suite | Result |
+====================+========+
| blocklist | PASS |
+--------------------+--------+
| dynamic_config | PASS |
+--------------------+--------+
| pmd_buffer_scatter | PASS |
+--------------------+--------+
| promisc_support | PASS |
+--------------------+--------+
| softnic | PASS |
+--------------------+--------+
| uni_pkt | PASS |
+--------------------+--------+
| vlan | PASS |
+--------------------+--------+
Ubuntu 24.04 LTS
Kernel: 6.8.0-44-generic
Compiler: gcc 13.2.0
NIC: Intel Corporation Ethernet Controller XL710 for 40GbE QSFP+ 40 Mbps
Aggregate Results by Test Suite
+--------------------+--------+
| Test Suite | Result |
+====================+========+
| blocklist | PASS |
+--------------------+--------+
| dynamic_config | PASS |
+--------------------+--------+
| pmd_buffer_scatter | PASS |
+--------------------+--------+
| promisc_support | PASS |
+--------------------+--------+
| softnic | PASS |
+--------------------+--------+
| uni_pkt | PASS |
+--------------------+--------+
| dynamic_queue_conf | PASS |
+--------------------+--------+
| hello_world | PASS |
+--------------------+--------+
| l2fwd | PASS |
+--------------------+--------+
Ubuntu 24.04
Kernel: 6.8
Compiler: gcc gcc (Ubuntu 13.3.0-6ubuntu2~24.04) 13.3.0
NIC: Intel Corporation 4xxx Series QAT 0 Mbps
Aggregate Results by Test Suite
+----------------------------+--------+
| Test Suite | Result |
+============================+========+
| crypto_perf_cryptodev_perf | PASS |
+----------------------------+--------+
Ubuntu 20.04
Kernel: 5.4
Compiler: gcc gcc (Ubuntu 9.4.0-1ubuntu1~20.04.1) 9.4.0
NIC: Intel Corporation Ethernet Converged Network Adapter XL710-QDA2 40000 Mbps
Aggregate Results by Test Suite
+-----------------------------+--------+
| Test Suite | Result |
+=============================+========+
| unit_tests_mbuf | PASS |
+-----------------------------+--------+
| vhost_virtio_user_interrupt | PASS |
+-----------------------------+--------+
| virtio_smoke | PASS |
+-----------------------------+--------+
To view detailed results, visit:
https://lab.dpdk.org/results/dashboard/patchsets/34654/
UNH-IOL DPDK Community Lab
To manage your email subscriptions, visit:
https://lab.dpdk.org/results/dashboard/preferences/subscriptions/
^ permalink raw reply [flat|nested] 25+ messages in thread
* |WARNING| pw158972-158979 [PATCH] [v5,8/8] test: re-enable format-tr
[not found] <20251121170947.134502-9-stephen@networkplumber.org>
` (19 preceding siblings ...)
2025-11-21 20:45 ` dpdklab
@ 2025-11-21 20:59 ` dpdklab
2025-11-21 21:00 ` |FAILURE| " dpdklab
` (3 subsequent siblings)
24 siblings, 0 replies; 25+ messages in thread
From: dpdklab @ 2025-11-21 20:59 UTC (permalink / raw)
To: Test Report; +Cc: dpdk-test-reports
Test-Label: iol-unit-amd64-testing
Test-Status: WARNING
http://dpdk.org/patch/158979
_Testing issues_
Submitter: Stephen Hemminger <stephen@networkplumber.org>
Date: Friday, November 21 2025 17:08:27
DPDK git baseline: Repo:dpdk
Branch: master
CommitID:ef98b88455bf4a7c8b7aa3106a761c9e9270d6a3
158972-158979 --> testing issues
Upstream job id: Generic-VM-Unit-Test-DPDK#32733
Test environment and result as below:
+-------------------------------+----------------+
| Environment | dpdk_unit_test |
+===============================+================+
| CentOS Stream 9 | PASS |
+-------------------------------+----------------+
| Fedora Linux 42 | PASS |
+-------------------------------+----------------+
| Ubuntu 22.04 | PASS |
+-------------------------------+----------------+
| Red Hat Enterprise Linux 8.10 | WARN |
+-------------------------------+----------------+
| CentOS Stream 10 | PASS |
+-------------------------------+----------------+
| Red Hat Enterprise Linux 9.5 | PASS |
+-------------------------------+----------------+
| Fedora Linux 40 | PASS |
+-------------------------------+----------------+
| Debian GNU/Linux 12 | PASS |
+-------------------------------+----------------+
| Fedora Linux 41 | PASS |
+-------------------------------+----------------+
| Ubuntu 24.04 | PASS |
+-------------------------------+----------------+
| Ubuntu 20.04 | WARN |
+-------------------------------+----------------+
| Windows Server 2022 | PASS |
+-------------------------------+----------------+
==== 20 line log output for Ubuntu 20.04 (dpdk_unit_test): ====
[3527/3605] Compiling C object app/dpdk-test.p/test_test_net_ether.c.o
[3528/3605] Compiling C object app/dpdk-test.p/test_test_mp_secondary.c.o
FAILED: app/dpdk-test.p/test_test_mp_secondary.c.o
ccache cc -Iapp/dpdk-test.p -Iapp -I../app -Ilib/cmdline -I../lib/cmdline -Ilib/eal/common -I../lib/eal/common -I. -I.. -Iconfig -I../config -Ilib/eal/include -I../lib/eal/include -Ilib/eal/linux/include -I../lib/eal/linux/include -Ilib/eal/x86/include -I../lib/eal/x86/include -I../kernel/linux -Ilib/eal -I../lib/eal -Ilib/kvargs -I../lib/kvargs -Ilib/log -I../lib/log -Ilib/metrics -I../lib/metrics -Ilib/telemetry -I../lib/telemetry -Ilib/argparse -I../lib/argparse -Ilib/net -I../lib/net -Ilib/mbuf -I../lib/mbuf -Ilib/mempool -I../lib/mempool -Ilib/ring -I../lib/ring -Idrivers/net/ring -I../drivers/net/ring -Ilib/ethdev -I../lib/ethdev -Ilib/meter -I../lib/meter -Idrivers/bus/pci -I../drivers/bus/pci -I../drivers/bus/pci/linux -Ilib/pci -I../lib/pci -Idrivers/bus/vdev -I../drivers/bus/vdev -Ilib/acl -I../lib/acl -Ilib/hash -I../lib/hash -Ilib/rcu -I../lib/rcu -Ilib/bitratestats -I../lib/bitratestats -Ilib/bpf -I../lib/bpf -Ilib/cfgfile -I../lib/cfgfile -Ilib/compressdev -I../lib/comp
ressdev -Ilib/cryptodev -I../lib/cryptodev -Ilib/security -I../lib/security -Ilib/dispatcher -I../lib/dispatcher -Ilib/eventdev -I../lib/eventdev -Ilib/timer -I../lib/timer -Ilib/dmadev -I../lib/dmadev -Ilib/distributor -I../lib/distributor -Ilib/efd -I../lib/efd -Ilib/fib -I../lib/fib -Ilib/rib -I../lib/rib -Ilib/table -I../lib/table -Ilib/port -I../lib/port -Ilib/sched -I../lib/sched -Ilib/ip_frag -I../lib/ip_frag -Ilib/lpm -I../lib/lpm -Ilib/graph -I../lib/graph -Ilib/pcapng -I../lib/pcapng -Ilib/ipsec -I../lib/ipsec -Ilib/latencystats -I../lib/latencystats -Idrivers/net/bonding -I../drivers/net/bonding -Ilib/member -I../lib/member -Ilib/pdcp -I../lib/pdcp -Ilib/reorder -I../lib/reorder -Ilib/pdump -I../lib/pdump -Ilib/pmu -I../lib/pmu -Ilib/power -I../lib/power -Idrivers/power/acpi -I../drivers/power/acpi -Idrivers/power/kvm_vm -I../drivers/power/kvm_vm -Idrivers/power/intel_pstate -I../drivers/power/intel_pstate -Idrivers/power/amd_pstate -I../drivers/power/amd_pstate -Idrivers
/power/cppc -I../drivers/power/cppc -Idrivers/power/intel_uncore -I../drivers/power/intel_uncore -Ilib/ptr_compress -I../lib/ptr_compress -Ilib/rawdev -I../lib/rawdev -Idrivers/raw/skeleton -I../drivers/raw/skeleton -Ilib/stack -I../lib/stack -Ilib/pipeline -I../lib/pipeline -Idrivers/crypto/scheduler -I../drivers/crypto/scheduler -Iapp/test/test_cfgfiles -fdiagnostics-color=always -pipe -D_FILE_OFFSET_BITS=64 -Wall -Winvalid-pch -Wextra -Werror -std=c11 -O3 -include rte_config.h -Wvla -Wcast-qual -Wdeprecated -Wformat -Wformat-nonliteral -Wformat-security -Wmissing-declarations -Wmissing-prototypes -Wnested-externs -Wold-style-definition -Wpointer-arith -Wsign-compare -Wstrict-prototypes -Wundef -Wwrite-strings -Wno-packed-not-aligned -Wno-missing-field-initializers -D_GNU_SOURCE -march=native -mrtm -DALLOW_EXPERIMENTAL_API -Wno-vla -fno-strict-aliasing -DALLOW_INTERNAL_API -MD -MQ app/dpdk-test.p/test_test_mp_secondary.c.o -MF app/dpdk-test.p/test_test_mp_secondary.c.o.d -o app/dp
dk-test.p/test_test_mp_secondary.c.o -c ../app/test/test_mp_secondary.c
../app/test/test_mp_secondary.c: In function 'run_secondary_instances':
../app/test/test_mp_secondary.c:77:50: error: '%s' directive output may be truncated writing up to 4095 bytes into a region of size 4082 [-Werror=format-truncation=]
77 | snprintf(prefix, sizeof(prefix), "--file-prefix=%s", tmp);
| ^~ ~~~
In file included from /usr/include/stdio.h:867,
from ../app/test/test_mp_secondary.c:5:
/usr/include/x86_64-linux-gnu/bits/stdio2.h:67:10: note: '__builtin___snprintf_chk' output between 15 and 4110 bytes into a destination of size 4096
67 | return __builtin___snprintf_chk (__s, __n, __USE_FORTIFY_LEVEL - 1,
| ^~~~~~~~~~~~~~~~~~~~~~~~~~~~~~~~~~~~~~~~~~~~~~~~~~~~~~~~~~~~
68 | __bos (__s), __fmt, __va_arg_pack ());
| ~~~~~~~~~~~~~~~~~~~~~~~~~~~~~~~~~~~~~
cc1: all warnings being treated as errors
[3529/3605] Compiling C object app/dpdk-test.p/test_test_memcpy_perf.c.o
[3530/3605] Compiling C object app/dpdk-test.p/test_test_pie.c.o
[3531/3605] Compiling C object app/dpdk-test.p/test_test_pdcp.c.o
ninja: build stopped: subcommand failed.
==== End log output ====
CentOS Stream 9
Kernel: 5.15
Compiler: gcc gcc (GCC) 11.5.0 20240719 (Red Hat 11.5.0-11)
Fedora Linux 42
Kernel: 5.15
Compiler: gcc gcc (GCC) 15.2.1 20250808 (Red Hat 15.2.1-1)
Ubuntu 22.04
Kernel: 5.15
Compiler: gcc gcc (Ubuntu 11.4.0-1ubuntu1~22.04) 11.4.0
Red Hat Enterprise Linux 8.10
Kernel: 5.15
Compiler: gcc gcc (GCC) 8.5.0 20210514 (Red Hat 8.5.0-22)
CentOS Stream 10
Kernel: 5.15
Compiler: gcc gcc (GCC) 14.2.1 20250110 (Red Hat 14.2.1-8)
Red Hat Enterprise Linux 9.5
Kernel: 5.15
Compiler: gcc gcc (GCC) 11.5.0 20240719 (Red Hat 11.5.0-2)
Fedora Linux 40
Kernel: 5.15
Compiler: clang gcc (GCC) 14.2.1 20240912 (Red Hat 14.2.1-3)
Debian GNU/Linux 12
Kernel: 5.15
Compiler: gcc gcc (Debian 12.2.0-14+deb12u1) 12.2.0
Fedora Linux 41
Kernel: 5.15
Compiler: clang gcc (GCC) 14.3.1 20250523 (Red Hat 14.3.1-1)
Ubuntu 24.04
Kernel: 5.15
Compiler: gcc gcc (Ubuntu 13.3.0-6ubuntu2~24.04) 13.3.0
Ubuntu 20.04
Kernel: 5.15
Compiler: gcc gcc (Ubuntu 9.4.0-1ubuntu1~20.04.2) 9.4.0
Windows Server 2022
Kernel: 10.0.20348.2031
Compiler: clang 15.0.7, gcc 14.1.0 (MinGW), and MSVC VS 19.39.33521
To view detailed results, visit:
https://lab.dpdk.org/results/dashboard/patchsets/34654/
UNH-IOL DPDK Community Lab
To manage your email subscriptions, visit:
https://lab.dpdk.org/results/dashboard/preferences/subscriptions/
^ permalink raw reply [flat|nested] 25+ messages in thread
* |FAILURE| pw158972-158979 [PATCH] [v5,8/8] test: re-enable format-tr
[not found] <20251121170947.134502-9-stephen@networkplumber.org>
` (20 preceding siblings ...)
2025-11-21 20:59 ` |WARNING| " dpdklab
@ 2025-11-21 21:00 ` dpdklab
2025-11-21 21:01 ` dpdklab
` (2 subsequent siblings)
24 siblings, 0 replies; 25+ messages in thread
From: dpdklab @ 2025-11-21 21:00 UTC (permalink / raw)
To: Test Report; +Cc: dpdk-test-reports, Stephen Hemminger
Test-Label: iol-compile-amd64-testing
Test-Status: FAILURE
http://dpdk.org/patch/158979
_Testing issues_
Submitter: Stephen Hemminger <stephen@networkplumber.org>
Date: Friday, November 21 2025 17:08:27
DPDK git baseline: Repo:dpdk
Branch: master
CommitID:ef98b88455bf4a7c8b7aa3106a761c9e9270d6a3
158972-158979 --> testing issues
Upstream job id: Windows-Compile-DPDK-Native#32566
Test environment and result as below:
+-------------------------------+--------------------+------------------+-------------------------+-------------------+----------------------+
| Environment | dpdk_meson_compile | dpdk_compile_ovs | dpdk_llvm_clang_compile | dpdk_msvc_compile | dpdk_mingw64_compile |
+===============================+====================+==================+=========================+===================+======================+
| CentOS Stream 9 | PASS | SKIPPED | SKIPPED | SKIPPED | SKIPPED |
+-------------------------------+--------------------+------------------+-------------------------+-------------------+----------------------+
| Debian GNU/Linux 12 | PASS | SKIPPED | SKIPPED | SKIPPED | SKIPPED |
+-------------------------------+--------------------+------------------+-------------------------+-------------------+----------------------+
| Fedora Linux 42 | PASS | PASS | SKIPPED | SKIPPED | SKIPPED |
+-------------------------------+--------------------+------------------+-------------------------+-------------------+----------------------+
| openSUSE Leap 15.6 | PASS | SKIPPED | SKIPPED | SKIPPED | SKIPPED |
+-------------------------------+--------------------+------------------+-------------------------+-------------------+----------------------+
| Red Hat Enterprise Linux 8.10 | FAIL | SKIPPED | SKIPPED | SKIPPED | SKIPPED |
+-------------------------------+--------------------+------------------+-------------------------+-------------------+----------------------+
| CentOS Stream 10 | PASS | SKIPPED | SKIPPED | SKIPPED | SKIPPED |
+-------------------------------+--------------------+------------------+-------------------------+-------------------+----------------------+
| Ubuntu 20.04 | FAIL | SKIPPED | SKIPPED | SKIPPED | SKIPPED |
+-------------------------------+--------------------+------------------+-------------------------+-------------------+----------------------+
| Red Hat Enterprise Linux 9.5 | PASS | SKIPPED | SKIPPED | SKIPPED | SKIPPED |
+-------------------------------+--------------------+------------------+-------------------------+-------------------+----------------------+
| FreeBSD 14.2 | PASS | SKIPPED | SKIPPED | SKIPPED | SKIPPED |
+-------------------------------+--------------------+------------------+-------------------------+-------------------+----------------------+
| Ubuntu 22.04 | PASS | SKIPPED | SKIPPED | SKIPPED | SKIPPED |
+-------------------------------+--------------------+------------------+-------------------------+-------------------+----------------------+
| Ubuntu 24.04 | PASS | PASS | SKIPPED | SKIPPED | SKIPPED |
+-------------------------------+--------------------+------------------+-------------------------+-------------------+----------------------+
| Alpine Linux 3.22.0 | PASS | SKIPPED | SKIPPED | SKIPPED | SKIPPED |
+-------------------------------+--------------------+------------------+-------------------------+-------------------+----------------------+
| Windows Server 2025 | SKIPPED | SKIPPED | PASS | SKIPPED | SKIPPED |
+-------------------------------+--------------------+------------------+-------------------------+-------------------+----------------------+
| Windows Server 2022 | SKIPPED | SKIPPED | SKIPPED | PASS | PASS |
+-------------------------------+--------------------+------------------+-------------------------+-------------------+----------------------+
==== 20 line log output for Ubuntu 20.04 (dpdk_meson_compile): ====
[3555/3637] Compiling C object app/dpdk-test.p/test_test_memory.c.o
[3556/3637] Compiling C object app/dpdk-test.p/test_test_meter.c.o
[3557/3637] Compiling C object app/dpdk-test.p/test_test_metrics.c.o
[3558/3637] Compiling C object app/dpdk-test.p/test_test_memzone.c.o
[3559/3637] Compiling C object app/dpdk-test.p/test_test_mp_secondary.c.o
FAILED: app/dpdk-test.p/test_test_mp_secondary.c.o
ccache cc -Iapp/dpdk-test.p -Iapp -I../app -Ilib/cmdline -I../lib/cmdline -Ilib/eal/common -I../lib/eal/common -I. -I.. -Iconfig -I../config -Ilib/eal/include -I../lib/eal/include -Ilib/eal/linux/include -I../lib/eal/linux/include -Ilib/eal/x86/include -I../lib/eal/x86/include -I../kernel/linux -Ilib/eal -I../lib/eal -Ilib/kvargs -I../lib/kvargs -Ilib/log -I../lib/log -Ilib/metrics -I../lib/metrics -Ilib/telemetry -I../lib/telemetry -Ilib/argparse -I../lib/argparse -Ilib/net -I../lib/net -Ilib/mbuf -I../lib/mbuf -Ilib/mempool -I../lib/mempool -Ilib/ring -I../lib/ring -Idrivers/net/ring -I../drivers/net/ring -Ilib/ethdev -I../lib/ethdev -Ilib/meter -I../lib/meter -Idrivers/bus/pci -I../drivers/bus/pci -I../drivers/bus/pci/linux -Ilib/pci -I../lib/pci -Idrivers/bus/vdev -I../drivers/bus/vdev -Ilib/acl -I../lib/acl -Ilib/hash -I../lib/hash -Ilib/rcu -I../lib/rcu -Ilib/bitratestats -I../lib/bitratestats -Ilib/bpf -I../lib/bpf -Ilib/cfgfile -I../lib/cfgfile -Ilib/compressdev -I../lib/comp
ressdev -Ilib/cryptodev -I../lib/cryptodev -Ilib/security -I../lib/security -Ilib/dispatcher -I../lib/dispatcher -Ilib/eventdev -I../lib/eventdev -Ilib/timer -I../lib/timer -Ilib/dmadev -I../lib/dmadev -Ilib/distributor -I../lib/distributor -Ilib/efd -I../lib/efd -Ilib/fib -I../lib/fib -Ilib/rib -I../lib/rib -Ilib/table -I../lib/table -Ilib/port -I../lib/port -Ilib/sched -I../lib/sched -Ilib/ip_frag -I../lib/ip_frag -Ilib/lpm -I../lib/lpm -Ilib/graph -I../lib/graph -Ilib/pcapng -I../lib/pcapng -Ilib/ipsec -I../lib/ipsec -Ilib/latencystats -I../lib/latencystats -Idrivers/net/bonding -I../drivers/net/bonding -Ilib/member -I../lib/member -Ilib/pdcp -I../lib/pdcp -Ilib/reorder -I../lib/reorder -Ilib/pdump -I../lib/pdump -Ilib/pmu -I../lib/pmu -Ilib/power -I../lib/power -Idrivers/power/acpi -I../drivers/power/acpi -Idrivers/power/kvm_vm -I../drivers/power/kvm_vm -Idrivers/power/intel_pstate -I../drivers/power/intel_pstate -Idrivers/power/amd_pstate -I../drivers/power/amd_pstate -Idrivers
/power/cppc -I../drivers/power/cppc -Idrivers/power/intel_uncore -I../drivers/power/intel_uncore -Ilib/ptr_compress -I../lib/ptr_compress -Ilib/rawdev -I../lib/rawdev -Idrivers/raw/skeleton -I../drivers/raw/skeleton -Ilib/stack -I../lib/stack -Ilib/pipeline -I../lib/pipeline -Idrivers/crypto/scheduler -I../drivers/crypto/scheduler -Iapp/test/test_cfgfiles -fdiagnostics-color=always -pipe -D_FILE_OFFSET_BITS=64 -Wall -Winvalid-pch -Wextra -Werror -std=c11 -O3 -include rte_config.h -Wvla -Wcast-qual -Wdeprecated -Wformat -Wformat-nonliteral -Wformat-security -Wmissing-declarations -Wmissing-prototypes -Wnested-externs -Wold-style-definition -Wpointer-arith -Wsign-compare -Wstrict-prototypes -Wundef -Wwrite-strings -Wno-packed-not-aligned -Wno-missing-field-initializers -D_GNU_SOURCE -march=native -mrtm -DALLOW_EXPERIMENTAL_API -Wno-vla -fno-strict-aliasing -DALLOW_INTERNAL_API -MD -MQ app/dpdk-test.p/test_test_mp_secondary.c.o -MF app/dpdk-test.p/test_test_mp_secondary.c.o.d -o app/dp
dk-test.p/test_test_mp_secondary.c.o -c ../app/test/test_mp_secondary.c
../app/test/test_mp_secondary.c: In function 'run_secondary_instances':
../app/test/test_mp_secondary.c:77:50: error: '%s' directive output may be truncated writing up to 4095 bytes into a region of size 4082 [-Werror=format-truncation=]
77 | snprintf(prefix, sizeof(prefix), "--file-prefix=%s", tmp);
| ^~ ~~~
In file included from /usr/include/stdio.h:867,
from ../app/test/test_mp_secondary.c:5:
/usr/include/x86_64-linux-gnu/bits/stdio2.h:67:10: note: '__builtin___snprintf_chk' output between 15 and 4110 bytes into a destination of size 4096
67 | return __builtin___snprintf_chk (__s, __n, __USE_FORTIFY_LEVEL - 1,
| ^~~~~~~~~~~~~~~~~~~~~~~~~~~~~~~~~~~~~~~~~~~~~~~~~~~~~~~~~~~~
68 | __bos (__s), __fmt, __va_arg_pack ());
| ~~~~~~~~~~~~~~~~~~~~~~~~~~~~~~~~~~~~~
cc1: all warnings being treated as errors
ninja: build stopped: subcommand failed.
==== End log output ====
CentOS Stream 9
Kernel: 5.15
Compiler: gcc gcc (GCC) 11.5.0 20240719 (Red Hat 11.5.0-11)
Debian GNU/Linux 12
Kernel: 5.15
Compiler: gcc gcc (Debian 12.2.0-14+deb12u1) 12.2.0
Fedora Linux 42
Kernel: 5.15
Compiler: clang gcc (GCC) 15.2.1 20250808 (Red Hat 15.2.1-1)
openSUSE Leap 15.6
Kernel: 5.15
Compiler: gcc gcc (SUSE Linux) 7.5.0
Red Hat Enterprise Linux 8.10
Kernel: 5.15
Compiler: gcc gcc (GCC) 8.5.0 20210514 (Red Hat 8.5.0-22)
CentOS Stream 10
Kernel: 5.15
Compiler: gcc gcc (GCC) 14.2.1 20250110 (Red Hat 14.2.1-8)
Ubuntu 20.04
Kernel: 4.19
Compiler: gcc gcc (Ubuntu 9.4.0-1ubuntu1~20.04.2) 9.4.0
Red Hat Enterprise Linux 9.5
Kernel: 5.15
Compiler: gcc gcc (GCC) 11.5.0 20240719 (Red Hat 11.5.0-2)
FreeBSD 14.2
Kernel: 14.2-RELEASE
Compiler: clang 18.1.6
Ubuntu 22.04
Kernel: 5.15
Compiler: gcc gcc (Ubuntu 11.4.0-1ubuntu1~22.04) 11.4.0
Ubuntu 24.04
Kernel: 5.15
Compiler: gcc gcc (Ubuntu 13.3.0-6ubuntu2~24.04) 13.3.0
Alpine Linux 3.22.0
Kernel: 5.15
Compiler: gcc gcc (Alpine 14.2.0) 14.2.0
Windows Server 2025
Kernel: 10.0.26100
Compiler: clang 15.0.7, gcc 14.1.0 (MinGW), and MSVC VS 19.39.33521
Windows Server 2022
Kernel: 10.0.20348.2031
Compiler: clang 15.0.7, gcc 14.1.0 (MinGW), and MSVC VS 19.39.33521
To view detailed results, visit:
https://lab.dpdk.org/results/dashboard/patchsets/34654/
UNH-IOL DPDK Community Lab
To manage your email subscriptions, visit:
https://lab.dpdk.org/results/dashboard/preferences/subscriptions/
^ permalink raw reply [flat|nested] 25+ messages in thread
* |FAILURE| pw158972-158979 [PATCH] [v5,8/8] test: re-enable format-tr
[not found] <20251121170947.134502-9-stephen@networkplumber.org>
` (21 preceding siblings ...)
2025-11-21 21:00 ` |FAILURE| " dpdklab
@ 2025-11-21 21:01 ` dpdklab
2025-11-21 21:02 ` |WARNING| " dpdklab
2025-11-21 21:07 ` |SUCCESS| " dpdklab
24 siblings, 0 replies; 25+ messages in thread
From: dpdklab @ 2025-11-21 21:01 UTC (permalink / raw)
To: Test Report; +Cc: dpdk-test-reports, Stephen Hemminger
Test-Label: iol-unit-amd64-testing
Test-Status: FAILURE
http://dpdk.org/patch/158979
_Testing issues_
Submitter: Stephen Hemminger <stephen@networkplumber.org>
Date: Friday, November 21 2025 17:08:27
DPDK git baseline: Repo:dpdk
Branch: master
CommitID:ef98b88455bf4a7c8b7aa3106a761c9e9270d6a3
158972-158979 --> testing issues
Upstream job id: Generic-VM-Unit-Test-DPDK#32734
Test environment and result as below:
+-------------------------------+----------------+
| Environment | dpdk_unit_test |
+===============================+================+
| CentOS Stream 9 | PASS |
+-------------------------------+----------------+
| Fedora Linux 42 | PASS |
+-------------------------------+----------------+
| Ubuntu 22.04 | PASS |
+-------------------------------+----------------+
| Red Hat Enterprise Linux 8.10 | WARN |
+-------------------------------+----------------+
| CentOS Stream 10 | PASS |
+-------------------------------+----------------+
| Red Hat Enterprise Linux 9.5 | PASS |
+-------------------------------+----------------+
| Fedora Linux 40 | PASS |
+-------------------------------+----------------+
| Debian GNU/Linux 12 | PASS |
+-------------------------------+----------------+
| Fedora Linux 41 | PASS |
+-------------------------------+----------------+
| Ubuntu 24.04 | PASS |
+-------------------------------+----------------+
| Ubuntu 20.04 | FAIL |
+-------------------------------+----------------+
| Windows Server 2022 | PASS |
+-------------------------------+----------------+
==== Unit test summary for Ubuntu 20.04 (dpdk_unit_test): ====
Failed to get the unit test results.
Displaying the unit test results is not supported for some environments,
such as our aarch32 testing, where meson is not used to run the tests.
Download the logs available on our CI site.
==== End log output ====
CentOS Stream 9
Kernel: 5.15
Compiler: gcc gcc (GCC) 11.5.0 20240719 (Red Hat 11.5.0-11)
Fedora Linux 42
Kernel: 5.15
Compiler: gcc gcc (GCC) 15.2.1 20250808 (Red Hat 15.2.1-1)
Ubuntu 22.04
Kernel: 5.15
Compiler: gcc gcc (Ubuntu 11.4.0-1ubuntu1~22.04) 11.4.0
Red Hat Enterprise Linux 8.10
Kernel: 5.15
Compiler: gcc gcc (GCC) 8.5.0 20210514 (Red Hat 8.5.0-22)
CentOS Stream 10
Kernel: 5.15
Compiler: gcc gcc (GCC) 14.2.1 20250110 (Red Hat 14.2.1-8)
Red Hat Enterprise Linux 9.5
Kernel: 5.15
Compiler: gcc gcc (GCC) 11.5.0 20240719 (Red Hat 11.5.0-2)
Fedora Linux 40
Kernel: 5.15
Compiler: clang gcc (GCC) 14.2.1 20240912 (Red Hat 14.2.1-3)
Debian GNU/Linux 12
Kernel: 5.15
Compiler: gcc gcc (Debian 12.2.0-14+deb12u1) 12.2.0
Fedora Linux 41
Kernel: 5.15
Compiler: clang gcc (GCC) 14.3.1 20250523 (Red Hat 14.3.1-1)
Ubuntu 24.04
Kernel: 5.15
Compiler: gcc gcc (Ubuntu 13.3.0-6ubuntu2~24.04) 13.3.0
Ubuntu 20.04
Kernel: 5.15
Compiler: gcc gcc (Ubuntu 9.4.0-1ubuntu1~20.04.2) 9.4.0
Windows Server 2022
Kernel: 10.0.20348.2031
Compiler: clang 15.0.7, gcc 14.1.0 (MinGW), and MSVC VS 19.39.33521
To view detailed results, visit:
https://lab.dpdk.org/results/dashboard/patchsets/34654/
UNH-IOL DPDK Community Lab
To manage your email subscriptions, visit:
https://lab.dpdk.org/results/dashboard/preferences/subscriptions/
^ permalink raw reply [flat|nested] 25+ messages in thread
* |WARNING| pw158972-158979 [PATCH] [v5,8/8] test: re-enable format-tr
[not found] <20251121170947.134502-9-stephen@networkplumber.org>
` (22 preceding siblings ...)
2025-11-21 21:01 ` dpdklab
@ 2025-11-21 21:02 ` dpdklab
2025-11-21 21:07 ` |SUCCESS| " dpdklab
24 siblings, 0 replies; 25+ messages in thread
From: dpdklab @ 2025-11-21 21:02 UTC (permalink / raw)
To: Test Report; +Cc: dpdk-test-reports
Test-Label: iol-sample-apps-testing
Test-Status: WARNING
http://dpdk.org/patch/158979
_Testing issues_
Submitter: Stephen Hemminger <stephen@networkplumber.org>
Date: Friday, November 21 2025 17:08:27
DPDK git baseline: Repo:dpdk
Branch: master
CommitID:ef98b88455bf4a7c8b7aa3106a761c9e9270d6a3
158972-158979 --> testing issues
Upstream job id: Template-DTS-Pipeline#256000
Test environment and result as below:
+--------------+----------------------+----------------------+
| Environment | dpdk_fips_validation | compressdev_zlib_pmd |
+==============+======================+======================+
| Ubuntu 20.04 | WARN | SKIPPED |
+--------------+----------------------+----------------------+
| Ubuntu 22.04 | SKIPPED | PASS |
+--------------+----------------------+----------------------+
==== 20 line log output for Ubuntu 20.04 (dpdk_fips_validation): ====
183 | snprintf(prefix, sizeof(prefix), "--file-prefix=%s", tmp);
| ^~ ~~~
In file included from /usr/include/stdio.h:867,
from ../app/test/test_pdump.c:4:
/usr/include/x86_64-linux-gnu/bits/stdio2.h:67:10: note: '__builtin___snprintf_chk' output between 15 and 4110 bytes into a destination of size 4096
67 | return __builtin___snprintf_chk (__s, __n, __USE_FORTIFY_LEVEL - 1,
| ^~~~~~~~~~~~~~~~~~~~~~~~~~~~~~~~~~~~~~~~~~~~~~~~~~~~~~~~~~~~
68 | __bos (__s), __fmt, __va_arg_pack ());
| ~~~~~~~~~~~~~~~~~~~~~~~~~~~~~~~~~~~~~
cc1: all warnings being treated as errors
[3558/3635] Compiling C object app/dpdk-test.p/test_test_pmd_perf.c.o
[3559/3635] Compiling C object app/dpdk-test.p/test_test_net_ip6.c.o
[3560/3635] Compiling C object app/dpdk-test.p/test_test_pdcp.c.o
[3561/3635] Compiling C object app/dpdk-test.p/test_test_ptr_compress.c.o
[3562/3635] Compiling C object app/dpdk-test.p/test_test_pflock.c.o
[3563/3635] Linking target app/dpdk-testpmd
[3564/3635] Compiling C object app/dpdk-test.p/test_test_pmd_ring.c.o
[3565/3635] Compiling C object app/dpdk-test.p/test_test_pmd_ring_perf.c.o
[3566/3635] Compiling C object app/dpdk-test.p/test_test_memcpy_perf.c.o
ninja: build stopped: subcommand failed.
==== End log output ====
Ubuntu 20.04
Kernel: 5.15
Compiler: gcc gcc (Ubuntu 9.4.0-1ubuntu1~20.04.2) 9.4.0
Ubuntu 22.04
Kernel: 5.15
Compiler: gcc gcc (Ubuntu 11.4.0-1ubuntu1~22.04.2) 11.4.0
To view detailed results, visit:
https://lab.dpdk.org/results/dashboard/patchsets/34654/
UNH-IOL DPDK Community Lab
To manage your email subscriptions, visit:
https://lab.dpdk.org/results/dashboard/preferences/subscriptions/
^ permalink raw reply [flat|nested] 25+ messages in thread
* |SUCCESS| pw158972-158979 [PATCH] [v5,8/8] test: re-enable format-tr
[not found] <20251121170947.134502-9-stephen@networkplumber.org>
` (23 preceding siblings ...)
2025-11-21 21:02 ` |WARNING| " dpdklab
@ 2025-11-21 21:07 ` dpdklab
24 siblings, 0 replies; 25+ messages in thread
From: dpdklab @ 2025-11-21 21:07 UTC (permalink / raw)
To: Test Report; +Cc: dpdk-test-reports
Test-Label: iol-intel-Functional
Test-Status: SUCCESS
http://dpdk.org/patch/158979
_Functional Testing PASS_
Submitter: Stephen Hemminger <stephen@networkplumber.org>
Date: Friday, November 21 2025 17:08:27
DPDK git baseline: Repo:dpdk
Branch: master
CommitID:ef98b88455bf4a7c8b7aa3106a761c9e9270d6a3
158972-158979 --> functional testing pass
Upstream job id: Template-DTS-Pipeline#255998
Test environment and result as below:
Ubuntu 24.04
Kernel: 6.8
Compiler: gcc gcc (Ubuntu 13.3.0-6ubuntu2~24.04) 13.3.0
NIC: Intel E810 (Arm Grace Server) 100000 Mbps
Aggregate Results by Test Suite
+--------------------+--------+
| Test Suite | Result |
+====================+========+
| blocklist | PASS |
+--------------------+--------+
| dynamic_config | PASS |
+--------------------+--------+
| pmd_buffer_scatter | PASS |
+--------------------+--------+
| promisc_support | PASS |
+--------------------+--------+
| softnic | PASS |
+--------------------+--------+
| uni_pkt | PASS |
+--------------------+--------+
| vlan | PASS |
+--------------------+--------+
Ubuntu 24.04 LTS
Kernel: 6.8.0-44-generic
Compiler: gcc 13.2.0
NIC: Intel Corporation Ethernet Controller XL710 for 40GbE QSFP+ 40 Mbps
Aggregate Results by Test Suite
+--------------------+--------+
| Test Suite | Result |
+====================+========+
| blocklist | PASS |
+--------------------+--------+
| dynamic_config | PASS |
+--------------------+--------+
| pmd_buffer_scatter | PASS |
+--------------------+--------+
| promisc_support | PASS |
+--------------------+--------+
| softnic | PASS |
+--------------------+--------+
| uni_pkt | PASS |
+--------------------+--------+
| dynamic_queue_conf | PASS |
+--------------------+--------+
| hello_world | PASS |
+--------------------+--------+
| l2fwd | PASS |
+--------------------+--------+
Ubuntu 24.04
Kernel: 6.8
Compiler: gcc gcc (Ubuntu 13.3.0-6ubuntu2~24.04) 13.3.0
NIC: Intel Corporation 4xxx Series QAT 0 Mbps
Aggregate Results by Test Suite
+----------------------------+--------+
| Test Suite | Result |
+============================+========+
| crypto_perf_cryptodev_perf | PASS |
+----------------------------+--------+
Ubuntu 22.04
Kernel: 5.15
Compiler: gcc gcc (Ubuntu 11.4.0-1ubuntu1~22.04.2) 11.4.0
NIC: Intel Corporation QAT 8970 0 Mbps
Aggregate Results by Test Suite
+----------------------------+--------+
| Test Suite | Result |
+============================+========+
| crypto_perf_cryptodev_perf | PASS |
+----------------------------+--------+
Ubuntu 20.04
Kernel: 5.4
Compiler: gcc gcc (Ubuntu 9.4.0-1ubuntu1~20.04.1) 9.4.0
NIC: Intel Corporation Ethernet Converged Network Adapter XL710-QDA2 40000 Mbps
Aggregate Results by Test Suite
+-----------------------------+--------+
| Test Suite | Result |
+=============================+========+
| unit_tests_mbuf | PASS |
+-----------------------------+--------+
| vhost_virtio_user_interrupt | PASS |
+-----------------------------+--------+
| virtio_smoke | PASS |
+-----------------------------+--------+
To view detailed results, visit:
https://lab.dpdk.org/results/dashboard/patchsets/34654/
UNH-IOL DPDK Community Lab
To manage your email subscriptions, visit:
https://lab.dpdk.org/results/dashboard/preferences/subscriptions/
^ permalink raw reply [flat|nested] 25+ messages in thread
end of thread, other threads:[~2025-11-21 21:07 UTC | newest]
Thread overview: 25+ messages (download: mbox.gz / follow: Atom feed)
-- links below jump to the message on this page --
[not found] <20251121170947.134502-9-stephen@networkplumber.org>
2025-11-21 16:35 ` |SUCCESS| pw158972-158979 [PATCH v5 8/8] test: re-enable format-truncation warnings qemudev
2025-11-21 16:40 ` qemudev
2025-11-21 17:10 ` |SUCCESS| pw158979 " checkpatch
2025-11-21 20:22 ` |FAILURE| pw158972-158979 [PATCH] [v5,8/8] test: re-enable format-tr dpdklab
2025-11-21 20:22 ` |PENDING| " dpdklab
2025-11-21 20:23 ` |FAILURE| " dpdklab
2025-11-21 20:24 ` dpdklab
2025-11-21 20:26 ` dpdklab
2025-11-21 20:28 ` |SUCCESS| " dpdklab
2025-11-21 20:29 ` |FAILURE| " dpdklab
2025-11-21 20:29 ` dpdklab
2025-11-21 20:29 ` dpdklab
2025-11-21 20:32 ` |PENDING| " dpdklab
2025-11-21 20:36 ` |WARNING| " dpdklab
2025-11-21 20:39 ` |PENDING| " dpdklab
2025-11-21 20:42 ` |SUCCESS| " dpdklab
2025-11-21 20:44 ` dpdklab
2025-11-21 20:45 ` dpdklab
2025-11-21 20:45 ` dpdklab
2025-11-21 20:45 ` dpdklab
2025-11-21 20:59 ` |WARNING| " dpdklab
2025-11-21 21:00 ` |FAILURE| " dpdklab
2025-11-21 21:01 ` dpdklab
2025-11-21 21:02 ` |WARNING| " dpdklab
2025-11-21 21:07 ` |SUCCESS| " dpdklab
This is a public inbox, see mirroring instructions
for how to clone and mirror all data and code used for this inbox;
as well as URLs for NNTP newsgroup(s).