automatic DPDK test reports
 help / color / mirror / Atom feed
From: dpdklab@iol.unh.edu
To: Test Report <test-report@dpdk.org>
Cc: dpdk-test-reports@iol.unh.edu,
	Stephen Hemminger <stephen@networkplumber.org>
Subject: |FAILURE| pw158972-158979 [PATCH] [v5,8/8] test: re-enable format-tr
Date: Fri, 21 Nov 2025 12:29:53 -0800 (PST)	[thread overview]
Message-ID: <6920cbc1.050a0220.39c228.d6dcSMTPIN_ADDED_MISSING@mx.google.com> (raw)
In-Reply-To: <20251121170947.134502-9-stephen@networkplumber.org>

Test-Label: iol-compile-arm64-testing
Test-Status: FAILURE
http://dpdk.org/patch/158979

_Testing issues_

Submitter: Stephen Hemminger <stephen@networkplumber.org>
Date: Friday, November 21 2025 17:08:27 
DPDK git baseline: Repo:dpdk
  Branch: master
  CommitID:ef98b88455bf4a7c8b7aa3106a761c9e9270d6a3

158972-158979 --> testing issues

Upstream job id: Generic-DPDK-Compile-Meson#446589

Test environment and result as below:

+------------------------------+--------------------+
|         Environment          | dpdk_meson_compile |
+==============================+====================+
| Red Hat Enterprise Linux 9.5 | PEND               |
+------------------------------+--------------------+
| Ubuntu 24.04                 | PEND               |
+------------------------------+--------------------+
| Fedora Linux 42              | PEND               |
+------------------------------+--------------------+
| Ubuntu 20.04                 | PASS               |
+------------------------------+--------------------+
| CentOS Stream 9              | PEND               |
+------------------------------+--------------------+
| Debian GNU/Linux 12          | PEND               |
+------------------------------+--------------------+
| CentOS Stream 10             | PEND               |
+------------------------------+--------------------+
| Ubuntu 22.04                 | PEND               |
+------------------------------+--------------------+


Red Hat Enterprise Linux 9.5
	Kernel: 5.4
	Compiler: gcc gcc (GCC) 11.5.0 20240719 (Red Hat 11.5.0-2)

Ubuntu 24.04
	Kernel: 5.4
	Compiler: gcc gcc (Ubuntu 13.3.0-6ubuntu2~24.04) 13.3.0

Fedora Linux 42
	Kernel: 5.4
	Compiler: clang gcc (GCC) 15.2.1 20250808 (Red Hat 15.2.1-1)

Ubuntu 20.04
	Kernel: 5.4
	Compiler: gcc gcc (Ubuntu 9.4.0-1ubuntu1~20.04.2) 9.4.0

CentOS Stream 9
	Kernel: 5.4
	Compiler: gcc gcc (GCC) 11.5.0 20240719 (Red Hat 11.5.0-11)

Debian GNU/Linux 12
	Kernel: 5.4
	Compiler: gcc gcc (Debian 12.2.0-14+deb12u1) 12.2.0

CentOS Stream 10
	Kernel: 5.4
	Compiler: gcc gcc (GCC) 14.2.1 20250110 (Red Hat 14.2.1-8)

Ubuntu 22.04
	Kernel: 5.4
	Compiler: gcc gcc (Ubuntu 11.4.0-1ubuntu1~22.04) 11.4.0

To view detailed results, visit:
https://lab.dpdk.org/results/dashboard/patchsets/34654/

UNH-IOL DPDK Community Lab

To manage your email subscriptions, visit: 
https://lab.dpdk.org/results/dashboard/preferences/subscriptions/

  parent reply	other threads:[~2025-11-21 20:29 UTC|newest]

Thread overview: 25+ messages / expand[flat|nested]  mbox.gz  Atom feed  top
     [not found] <20251121170947.134502-9-stephen@networkplumber.org>
2025-11-21 16:35 ` |SUCCESS| pw158972-158979 [PATCH v5 8/8] test: re-enable format-truncation warnings qemudev
2025-11-21 16:40 ` qemudev
2025-11-21 17:10 ` |SUCCESS| pw158979 " checkpatch
2025-11-21 20:22 ` |FAILURE| pw158972-158979 [PATCH] [v5,8/8] test: re-enable format-tr dpdklab
2025-11-21 20:22 ` |PENDING| " dpdklab
2025-11-21 20:23 ` |FAILURE| " dpdklab
2025-11-21 20:24 ` dpdklab
2025-11-21 20:26 ` dpdklab
2025-11-21 20:28 ` |SUCCESS| " dpdklab
2025-11-21 20:29 ` |FAILURE| " dpdklab
2025-11-21 20:29 ` dpdklab
2025-11-21 20:29 ` dpdklab [this message]
2025-11-21 20:32 ` |PENDING| " dpdklab
2025-11-21 20:36 ` |WARNING| " dpdklab
2025-11-21 20:39 ` |PENDING| " dpdklab
2025-11-21 20:42 ` |SUCCESS| " dpdklab
2025-11-21 20:44 ` dpdklab
2025-11-21 20:45 ` dpdklab
2025-11-21 20:45 ` dpdklab
2025-11-21 20:45 ` dpdklab
2025-11-21 20:59 ` |WARNING| " dpdklab
2025-11-21 21:00 ` |FAILURE| " dpdklab
2025-11-21 21:01 ` dpdklab
2025-11-21 21:02 ` |WARNING| " dpdklab
2025-11-21 21:07 ` |SUCCESS| " dpdklab

Reply instructions:

You may reply publicly to this message via plain-text email
using any one of the following methods:

* Save the following mbox file, import it into your mail client,
  and reply-to-all from there: mbox

  Avoid top-posting and favor interleaved quoting:
  https://en.wikipedia.org/wiki/Posting_style#Interleaved_style

* Reply using the --to, --cc, and --in-reply-to
  switches of git-send-email(1):

  git send-email \
    --in-reply-to=6920cbc1.050a0220.39c228.d6dcSMTPIN_ADDED_MISSING@mx.google.com \
    --to=dpdklab@iol.unh.edu \
    --cc=dpdk-test-reports@iol.unh.edu \
    --cc=stephen@networkplumber.org \
    --cc=test-report@dpdk.org \
    /path/to/YOUR_REPLY

  https://kernel.org/pub/software/scm/git/docs/git-send-email.html

* If your mail client supports setting the In-Reply-To header
  via mailto: links, try the mailto: link
Be sure your reply has a Subject: header at the top and a blank line before the message body.
This is a public inbox, see mirroring instructions
for how to clone and mirror all data and code used for this inbox;
as well as URLs for NNTP newsgroup(s).