From mboxrd@z Thu Jan 1 00:00:00 1970 Return-Path: Received: from mails.dpdk.org (mails.dpdk.org [217.70.189.124]) by inbox.dpdk.org (Postfix) with ESMTP id A78EC48B6D for ; Fri, 21 Nov 2025 21:59:17 +0100 (CET) Received: from mails.dpdk.org (localhost [127.0.0.1]) by mails.dpdk.org (Postfix) with ESMTP id 7EA3D40269; Fri, 21 Nov 2025 21:59:17 +0100 (CET) Received: from mail-vs1-f99.google.com (mail-vs1-f99.google.com [209.85.217.99]) by mails.dpdk.org (Postfix) with ESMTP id 8567340269 for ; Fri, 21 Nov 2025 21:59:15 +0100 (CET) Received: by mail-vs1-f99.google.com with SMTP id ada2fe7eead31-5dd6fbe5091so1058754137.1 for ; Fri, 21 Nov 2025 12:59:15 -0800 (PST) DKIM-Signature: v=1; a=rsa-sha256; c=relaxed/relaxed; d=iol.unh.edu; s=unh-iol; t=1763758755; x=1764363555; darn=dpdk.org; h=references:in-reply-to:cc:to:from:subject:message-id:date:from:to :cc:subject:date:message-id:reply-to; bh=eg4eRCiVJwP5Lb2slL13+Uo/HwsWlU3htSonzEGRVk4=; b=Cnq7VjECz7M3FAEGEWVBtmIgL+XgV+qNUCEPT2D653XihMorFU6QlADZKSj0yJg6tO g7SmtHVNnieGkDF1sx25o8dWnceYU0Hgfl8quqcd2tCTaALVbDvU46reJ72rqYuHpl10 cAKQhmnuZY4tdfY5r64MRdvrQYh2R4dw+zSdI= X-Google-DKIM-Signature: v=1; a=rsa-sha256; c=relaxed/relaxed; d=1e100.net; s=20230601; t=1763758755; x=1764363555; h=references:in-reply-to:cc:to:from:subject:message-id:date:x-gm-gg :x-gm-message-state:from:to:cc:subject:date:message-id:reply-to; bh=eg4eRCiVJwP5Lb2slL13+Uo/HwsWlU3htSonzEGRVk4=; b=O+GoEi54iuEdxV9D0cUDYlTt9CxOfS1Qlv7lRJHNFeenoQD3diMXIqKZS+Tz3pr1dU CZX4HhDCqjYTMPD9McHG82ExdZBhWZgX/tjHia85TMpy1wn50YOCH1fw/DLCmjvRXQL4 y0ZVNuNOhQVmerq4LUdNSnMSSvMV1zbMoDhtTIrrASWktGLLSx2Fy00V10O+K/IeuPbT EBfPaTtdiDoJwSr0SRckzdC6/4oMP9PQgw2vjXJ/80Q3lyhUm8cd3CPitEJAp59qZ87g CXKehFqlYyBrSTdMqRebxYtPour8WiewMKyEI5pRfTf8cFw26jZpbaQtUcZ1RViy3yyk +wEQ== X-Gm-Message-State: AOJu0YzAEW9IMQ8QyPRu/VpGMNmbGdTPR8hZtp/sAyHp/RYxfo6/pvEb iJnJdwCli1Wzlz/G6lFwqO30sY6UvckI5Ank2UnzvhFu9BSFB9OIq/AbBAejnQbBwJnxCobtIzt USDxdgPIhCsmwn3P9pMYsD9oSXFRCZ48hCCg8K8WIyeSMEb9c7po03pAw2DYZ X-Gm-Gg: ASbGncs0EoheE4dQsueZ8KDGLF7OsCyKvtnB6iK+fVmvB+iM4mOL4DA53g00xz/l3tb SewW9SwXwupiUqk392+V0vvUmk3qEuG1ER4qerK58scWqfLrYgHVfi6q9JeagSeTjbvRH1aYIXI BLbmHRCfKjSo2AT9L1EUsb4p2dE+fb/Dbe2O1NCUmfDr6+PvPs7cE3r4AbnpBELmJu6n9ftCJH/ PFch4jsR0ozmfPGASSpj56LeLjtNg9jsViGD83AhazFQztkReTEaxjczCCe4V2SsB0uUxs0gwv5 MXb9Mvz/ypCPyRGIG9Nqx1i+EeTWWVGa/MDoTIuA5dbpccL2iSGE+a0xkNvsmxvkeZAXsGfcGU2 WVLpHrK8VdthO8BWRo58= X-Google-Smtp-Source: AGHT+IG1eOQM1paUzkSsbCVO8UyoVweDMqnyrXNZ9BisOwHDsloVlETNwDLAkefuKZI63DrxsGf/PItEa9sR X-Received: by 2002:a05:6102:5ccc:b0:5db:e1ad:770f with SMTP id ada2fe7eead31-5e1de13b836mr1399489137.2.1763758754725; Fri, 21 Nov 2025 12:59:14 -0800 (PST) Received: from postal.iol.unh.edu (postal.iol.unh.edu. [2606:4100:3880:1234::84]) by smtp-relay.gmail.com with ESMTPS id ada2fe7eead31-5e1bd4c1d88sm766172137.0.2025.11.21.12.59.14 (version=TLS1_2 cipher=ECDHE-ECDSA-AES128-GCM-SHA256 bits=128/128); Fri, 21 Nov 2025 12:59:14 -0800 (PST) X-Relaying-Domain: iol.unh.edu Date: Fri, 21 Nov 2025 12:59:14 -0800 (PST) Message-ID: <6920d2a2.050a0220.98d05.6905SMTPIN_ADDED_MISSING@mx.google.com> Received: from [172.21.0.3] (unknown [172.18.0.240]) by postal.iol.unh.edu (Postfix) with ESMTP id 5B767604D420; Fri, 21 Nov 2025 15:59:14 -0500 (EST) Subject: |WARNING| pw158972-158979 [PATCH] [v5,8/8] test: re-enable format-tr From: dpdklab@iol.unh.edu To: Test Report Cc: dpdk-test-reports@iol.unh.edu In-Reply-To: <20251121170947.134502-9-stephen@networkplumber.org> References: <20251121170947.134502-9-stephen@networkplumber.org> Content-Type: text/plain X-BeenThere: test-report@dpdk.org X-Mailman-Version: 2.1.29 Precedence: list List-Id: automatic DPDK test reports List-Unsubscribe: , List-Archive: List-Post: List-Help: List-Subscribe: , Errors-To: test-report-bounces@dpdk.org Test-Label: iol-unit-amd64-testing Test-Status: WARNING http://dpdk.org/patch/158979 _Testing issues_ Submitter: Stephen Hemminger Date: Friday, November 21 2025 17:08:27 DPDK git baseline: Repo:dpdk Branch: master CommitID:ef98b88455bf4a7c8b7aa3106a761c9e9270d6a3 158972-158979 --> testing issues Upstream job id: Generic-VM-Unit-Test-DPDK#32733 Test environment and result as below: +-------------------------------+----------------+ | Environment | dpdk_unit_test | +===============================+================+ | CentOS Stream 9 | PASS | +-------------------------------+----------------+ | Fedora Linux 42 | PASS | +-------------------------------+----------------+ | Ubuntu 22.04 | PASS | +-------------------------------+----------------+ | Red Hat Enterprise Linux 8.10 | WARN | +-------------------------------+----------------+ | CentOS Stream 10 | PASS | +-------------------------------+----------------+ | Red Hat Enterprise Linux 9.5 | PASS | +-------------------------------+----------------+ | Fedora Linux 40 | PASS | +-------------------------------+----------------+ | Debian GNU/Linux 12 | PASS | +-------------------------------+----------------+ | Fedora Linux 41 | PASS | +-------------------------------+----------------+ | Ubuntu 24.04 | PASS | +-------------------------------+----------------+ | Ubuntu 20.04 | WARN | +-------------------------------+----------------+ | Windows Server 2022 | PASS | +-------------------------------+----------------+ ==== 20 line log output for Ubuntu 20.04 (dpdk_unit_test): ==== [3527/3605] Compiling C object app/dpdk-test.p/test_test_net_ether.c.o [3528/3605] Compiling C object app/dpdk-test.p/test_test_mp_secondary.c.o FAILED: app/dpdk-test.p/test_test_mp_secondary.c.o ccache cc -Iapp/dpdk-test.p -Iapp -I../app -Ilib/cmdline -I../lib/cmdline -Ilib/eal/common -I../lib/eal/common -I. -I.. -Iconfig -I../config -Ilib/eal/include -I../lib/eal/include -Ilib/eal/linux/include -I../lib/eal/linux/include -Ilib/eal/x86/include -I../lib/eal/x86/include -I../kernel/linux -Ilib/eal -I../lib/eal -Ilib/kvargs -I../lib/kvargs -Ilib/log -I../lib/log -Ilib/metrics -I../lib/metrics -Ilib/telemetry -I../lib/telemetry -Ilib/argparse -I../lib/argparse -Ilib/net -I../lib/net -Ilib/mbuf -I../lib/mbuf -Ilib/mempool -I../lib/mempool -Ilib/ring -I../lib/ring -Idrivers/net/ring -I../drivers/net/ring -Ilib/ethdev -I../lib/ethdev -Ilib/meter -I../lib/meter -Idrivers/bus/pci -I../drivers/bus/pci -I../drivers/bus/pci/linux -Ilib/pci -I../lib/pci -Idrivers/bus/vdev -I../drivers/bus/vdev -Ilib/acl -I../lib/acl -Ilib/hash -I../lib/hash -Ilib/rcu -I../lib/rcu -Ilib/bitratestats -I../lib/bitratestats -Ilib/bpf -I../lib/bpf -Ilib/cfgfile -I../lib/cfgfile -Ilib/compressdev -I../lib/comp ressdev -Ilib/cryptodev -I../lib/cryptodev -Ilib/security -I../lib/security -Ilib/dispatcher -I../lib/dispatcher -Ilib/eventdev -I../lib/eventdev -Ilib/timer -I../lib/timer -Ilib/dmadev -I../lib/dmadev -Ilib/distributor -I../lib/distributor -Ilib/efd -I../lib/efd -Ilib/fib -I../lib/fib -Ilib/rib -I../lib/rib -Ilib/table -I../lib/table -Ilib/port -I../lib/port -Ilib/sched -I../lib/sched -Ilib/ip_frag -I../lib/ip_frag -Ilib/lpm -I../lib/lpm -Ilib/graph -I../lib/graph -Ilib/pcapng -I../lib/pcapng -Ilib/ipsec -I../lib/ipsec -Ilib/latencystats -I../lib/latencystats -Idrivers/net/bonding -I../drivers/net/bonding -Ilib/member -I../lib/member -Ilib/pdcp -I../lib/pdcp -Ilib/reorder -I../lib/reorder -Ilib/pdump -I../lib/pdump -Ilib/pmu -I../lib/pmu -Ilib/power -I../lib/power -Idrivers/power/acpi -I../drivers/power/acpi -Idrivers/power/kvm_vm -I../drivers/power/kvm_vm -Idrivers/power/intel_pstate -I../drivers/power/intel_pstate -Idrivers/power/amd_pstate -I../drivers/power/amd_pstate -Idrivers /power/cppc -I../drivers/power/cppc -Idrivers/power/intel_uncore -I../drivers/power/intel_uncore -Ilib/ptr_compress -I../lib/ptr_compress -Ilib/rawdev -I../lib/rawdev -Idrivers/raw/skeleton -I../drivers/raw/skeleton -Ilib/stack -I../lib/stack -Ilib/pipeline -I../lib/pipeline -Idrivers/crypto/scheduler -I../drivers/crypto/scheduler -Iapp/test/test_cfgfiles -fdiagnostics-color=always -pipe -D_FILE_OFFSET_BITS=64 -Wall -Winvalid-pch -Wextra -Werror -std=c11 -O3 -include rte_config.h -Wvla -Wcast-qual -Wdeprecated -Wformat -Wformat-nonliteral -Wformat-security -Wmissing-declarations -Wmissing-prototypes -Wnested-externs -Wold-style-definition -Wpointer-arith -Wsign-compare -Wstrict-prototypes -Wundef -Wwrite-strings -Wno-packed-not-aligned -Wno-missing-field-initializers -D_GNU_SOURCE -march=native -mrtm -DALLOW_EXPERIMENTAL_API -Wno-vla -fno-strict-aliasing -DALLOW_INTERNAL_API -MD -MQ app/dpdk-test.p/test_test_mp_secondary.c.o -MF app/dpdk-test.p/test_test_mp_secondary.c.o.d -o app/dp dk-test.p/test_test_mp_secondary.c.o -c ../app/test/test_mp_secondary.c ../app/test/test_mp_secondary.c: In function 'run_secondary_instances': ../app/test/test_mp_secondary.c:77:50: error: '%s' directive output may be truncated writing up to 4095 bytes into a region of size 4082 [-Werror=format-truncation=] 77 | snprintf(prefix, sizeof(prefix), "--file-prefix=%s", tmp); | ^~ ~~~ In file included from /usr/include/stdio.h:867, from ../app/test/test_mp_secondary.c:5: /usr/include/x86_64-linux-gnu/bits/stdio2.h:67:10: note: '__builtin___snprintf_chk' output between 15 and 4110 bytes into a destination of size 4096 67 | return __builtin___snprintf_chk (__s, __n, __USE_FORTIFY_LEVEL - 1, | ^~~~~~~~~~~~~~~~~~~~~~~~~~~~~~~~~~~~~~~~~~~~~~~~~~~~~~~~~~~~ 68 | __bos (__s), __fmt, __va_arg_pack ()); | ~~~~~~~~~~~~~~~~~~~~~~~~~~~~~~~~~~~~~ cc1: all warnings being treated as errors [3529/3605] Compiling C object app/dpdk-test.p/test_test_memcpy_perf.c.o [3530/3605] Compiling C object app/dpdk-test.p/test_test_pie.c.o [3531/3605] Compiling C object app/dpdk-test.p/test_test_pdcp.c.o ninja: build stopped: subcommand failed. ==== End log output ==== CentOS Stream 9 Kernel: 5.15 Compiler: gcc gcc (GCC) 11.5.0 20240719 (Red Hat 11.5.0-11) Fedora Linux 42 Kernel: 5.15 Compiler: gcc gcc (GCC) 15.2.1 20250808 (Red Hat 15.2.1-1) Ubuntu 22.04 Kernel: 5.15 Compiler: gcc gcc (Ubuntu 11.4.0-1ubuntu1~22.04) 11.4.0 Red Hat Enterprise Linux 8.10 Kernel: 5.15 Compiler: gcc gcc (GCC) 8.5.0 20210514 (Red Hat 8.5.0-22) CentOS Stream 10 Kernel: 5.15 Compiler: gcc gcc (GCC) 14.2.1 20250110 (Red Hat 14.2.1-8) Red Hat Enterprise Linux 9.5 Kernel: 5.15 Compiler: gcc gcc (GCC) 11.5.0 20240719 (Red Hat 11.5.0-2) Fedora Linux 40 Kernel: 5.15 Compiler: clang gcc (GCC) 14.2.1 20240912 (Red Hat 14.2.1-3) Debian GNU/Linux 12 Kernel: 5.15 Compiler: gcc gcc (Debian 12.2.0-14+deb12u1) 12.2.0 Fedora Linux 41 Kernel: 5.15 Compiler: clang gcc (GCC) 14.3.1 20250523 (Red Hat 14.3.1-1) Ubuntu 24.04 Kernel: 5.15 Compiler: gcc gcc (Ubuntu 13.3.0-6ubuntu2~24.04) 13.3.0 Ubuntu 20.04 Kernel: 5.15 Compiler: gcc gcc (Ubuntu 9.4.0-1ubuntu1~20.04.2) 9.4.0 Windows Server 2022 Kernel: 10.0.20348.2031 Compiler: clang 15.0.7, gcc 14.1.0 (MinGW), and MSVC VS 19.39.33521 To view detailed results, visit: https://lab.dpdk.org/results/dashboard/patchsets/34654/ UNH-IOL DPDK Community Lab To manage your email subscriptions, visit: https://lab.dpdk.org/results/dashboard/preferences/subscriptions/