From mboxrd@z Thu Jan 1 00:00:00 1970 Return-Path: Received: from mails.dpdk.org (mails.dpdk.org [217.70.189.124]) by inbox.dpdk.org (Postfix) with ESMTP id BD6FE48B6E for ; Fri, 21 Nov 2025 22:01:24 +0100 (CET) Received: from mails.dpdk.org (localhost [127.0.0.1]) by mails.dpdk.org (Postfix) with ESMTP id B8ADB40269; Fri, 21 Nov 2025 22:01:24 +0100 (CET) Received: from mail-io1-f100.google.com (mail-io1-f100.google.com [209.85.166.100]) by mails.dpdk.org (Postfix) with ESMTP id B279B40269 for ; Fri, 21 Nov 2025 22:01:23 +0100 (CET) Received: by mail-io1-f100.google.com with SMTP id ca18e2360f4ac-9491604d00fso90850839f.2 for ; Fri, 21 Nov 2025 13:01:23 -0800 (PST) DKIM-Signature: v=1; a=rsa-sha256; c=relaxed/relaxed; d=iol.unh.edu; s=unh-iol; t=1763758883; x=1764363683; darn=dpdk.org; h=references:in-reply-to:cc:to:from:subject:message-id:date:from:to :cc:subject:date:message-id:reply-to; bh=lLlKeQUN2mnSx00ndSATkqjOWCCNJ4e1fUMqqcGKwnA=; b=CgxUtIA54jUDlKOigheyK0Hfn54BkZ1o2Rlid7YS6KNOdWHL7EVwJXpVq2x1wFEFH0 zkH1LkznqbcNeGFz1ZlR9FoknG9qED3WIXFbKR+oZAzQo3lIjqVivI+AcsG5FOOiQMRK 5fnhGSYVM1Tp5Uqa6lBklrDJsUbsSjB0LiW4c= X-Google-DKIM-Signature: v=1; a=rsa-sha256; c=relaxed/relaxed; d=1e100.net; s=20230601; t=1763758883; x=1764363683; h=references:in-reply-to:cc:to:from:subject:message-id:date:x-gm-gg :x-gm-message-state:from:to:cc:subject:date:message-id:reply-to; bh=lLlKeQUN2mnSx00ndSATkqjOWCCNJ4e1fUMqqcGKwnA=; b=WMKvDpeh2q2+yBu4PPtDAWHgc8GguCCD/Y5TwKsLIl67CjfLpHe2bRuS7WtBt6xWI8 cN14mTuA50dtJf09e718j+wc1M+8PYCS4FijrJezjy5YG2wRVS2w/JmiY/ephu6n5A3Y JyvhLYcP0tIyuP2idQF8FIprCjG6uwKhH5lMN22Tnnj0geymQVrprAarl3IuqZl/Av9Z j/3CFNVS/XMz/0a3vpM2eL+ZA6B91Ayxf4UZCmpVOYNDh0a7gkB12Hz+xOlDYnGzpQwV 7dW9ffDr/iFpBNNHgN6wYBkjrP8r6/clFVKN9T31+EzNLFvzigvfUcEF8GFy+sWtj6e0 RoYA== X-Gm-Message-State: AOJu0YzfEoh6po+nZlJfJYmGKAXa4246zOE8CwP0sxGI/so69j2ccyTC Y4rm0pSvSXfoneioU3AR7+XgbMS8ftvCGi+ZPievP+vZoOpaRMgME98OFECK109mBduiNNQ+r0/ Ml3opsAowTgL5vqGj1mcbzeIAzUaOkDwvx8Tur93vXug8pzcB68gZ0OMBn44Z X-Gm-Gg: ASbGnctT1QONAobsdOH87m4KFmSMLttV1pAhNAbxW9WsxAicEn3Xm6putHNwIqHALmA 1u/6UrtyQmd5d6CkPh7YdLPM1xTPyttocR0Lid7++aHWfeMU6+gtCGSSJLgdkBJ+ekyr1MYbfIV B0DZtfmXqcDCMtuACLZdLRyXSczNZxD6rK5S1QEIalq1idW293Zbh3UBsU3kkcrYtKpqd4PwNrF mkTnafmGFnJcadVcTq7v+Bojsy+rR4EV32O354q5sAj6kN90QlxfnR9RmNluBmW5vCnj402T4Kg G3/sCe1pEfiDo415pVEsG6LcsWqiWCwxhsQbBFRgjZHd+14jFpPkmVqlECXZgyTZi8tQNZ+Oei6 mvFVLancQBd7e8pdefKM= X-Google-Smtp-Source: AGHT+IGzIEctq2j/5I/ue4nxXYCC5sxSLKO4pOztmNPJfB62qKNXkS1yzQCDkVZ7/L40xypVTAl9Cuu8TWAF X-Received: by 2002:a05:6638:ad06:b0:5b7:d710:6620 with SMTP id 8926c6da1cb9f-5b967acded0mr2737472173.23.1763758882877; Fri, 21 Nov 2025 13:01:22 -0800 (PST) Received: from postal.iol.unh.edu (postal.iol.unh.edu. [2606:4100:3880:1234::84]) by smtp-relay.gmail.com with ESMTPS id 8926c6da1cb9f-5b954a08bf2sm572478173.3.2025.11.21.13.01.22 (version=TLS1_2 cipher=ECDHE-ECDSA-AES128-GCM-SHA256 bits=128/128); Fri, 21 Nov 2025 13:01:22 -0800 (PST) X-Relaying-Domain: iol.unh.edu Date: Fri, 21 Nov 2025 13:01:22 -0800 (PST) Message-ID: <6920d322.050a0220.18a298.c926SMTPIN_ADDED_MISSING@mx.google.com> Received: from [172.21.0.3] (unknown [172.18.0.240]) by postal.iol.unh.edu (Postfix) with ESMTP id 82C0E604D420; Fri, 21 Nov 2025 16:01:22 -0500 (EST) Subject: |FAILURE| pw158972-158979 [PATCH] [v5,8/8] test: re-enable format-tr From: dpdklab@iol.unh.edu To: Test Report Cc: dpdk-test-reports@iol.unh.edu, Stephen Hemminger In-Reply-To: <20251121170947.134502-9-stephen@networkplumber.org> References: <20251121170947.134502-9-stephen@networkplumber.org> Content-Type: text/plain X-BeenThere: test-report@dpdk.org X-Mailman-Version: 2.1.29 Precedence: list List-Id: automatic DPDK test reports List-Unsubscribe: , List-Archive: List-Post: List-Help: List-Subscribe: , Errors-To: test-report-bounces@dpdk.org Test-Label: iol-unit-amd64-testing Test-Status: FAILURE http://dpdk.org/patch/158979 _Testing issues_ Submitter: Stephen Hemminger Date: Friday, November 21 2025 17:08:27 DPDK git baseline: Repo:dpdk Branch: master CommitID:ef98b88455bf4a7c8b7aa3106a761c9e9270d6a3 158972-158979 --> testing issues Upstream job id: Generic-VM-Unit-Test-DPDK#32734 Test environment and result as below: +-------------------------------+----------------+ | Environment | dpdk_unit_test | +===============================+================+ | CentOS Stream 9 | PASS | +-------------------------------+----------------+ | Fedora Linux 42 | PASS | +-------------------------------+----------------+ | Ubuntu 22.04 | PASS | +-------------------------------+----------------+ | Red Hat Enterprise Linux 8.10 | WARN | +-------------------------------+----------------+ | CentOS Stream 10 | PASS | +-------------------------------+----------------+ | Red Hat Enterprise Linux 9.5 | PASS | +-------------------------------+----------------+ | Fedora Linux 40 | PASS | +-------------------------------+----------------+ | Debian GNU/Linux 12 | PASS | +-------------------------------+----------------+ | Fedora Linux 41 | PASS | +-------------------------------+----------------+ | Ubuntu 24.04 | PASS | +-------------------------------+----------------+ | Ubuntu 20.04 | FAIL | +-------------------------------+----------------+ | Windows Server 2022 | PASS | +-------------------------------+----------------+ ==== Unit test summary for Ubuntu 20.04 (dpdk_unit_test): ==== Failed to get the unit test results. Displaying the unit test results is not supported for some environments, such as our aarch32 testing, where meson is not used to run the tests. Download the logs available on our CI site. ==== End log output ==== CentOS Stream 9 Kernel: 5.15 Compiler: gcc gcc (GCC) 11.5.0 20240719 (Red Hat 11.5.0-11) Fedora Linux 42 Kernel: 5.15 Compiler: gcc gcc (GCC) 15.2.1 20250808 (Red Hat 15.2.1-1) Ubuntu 22.04 Kernel: 5.15 Compiler: gcc gcc (Ubuntu 11.4.0-1ubuntu1~22.04) 11.4.0 Red Hat Enterprise Linux 8.10 Kernel: 5.15 Compiler: gcc gcc (GCC) 8.5.0 20210514 (Red Hat 8.5.0-22) CentOS Stream 10 Kernel: 5.15 Compiler: gcc gcc (GCC) 14.2.1 20250110 (Red Hat 14.2.1-8) Red Hat Enterprise Linux 9.5 Kernel: 5.15 Compiler: gcc gcc (GCC) 11.5.0 20240719 (Red Hat 11.5.0-2) Fedora Linux 40 Kernel: 5.15 Compiler: clang gcc (GCC) 14.2.1 20240912 (Red Hat 14.2.1-3) Debian GNU/Linux 12 Kernel: 5.15 Compiler: gcc gcc (Debian 12.2.0-14+deb12u1) 12.2.0 Fedora Linux 41 Kernel: 5.15 Compiler: clang gcc (GCC) 14.3.1 20250523 (Red Hat 14.3.1-1) Ubuntu 24.04 Kernel: 5.15 Compiler: gcc gcc (Ubuntu 13.3.0-6ubuntu2~24.04) 13.3.0 Ubuntu 20.04 Kernel: 5.15 Compiler: gcc gcc (Ubuntu 9.4.0-1ubuntu1~20.04.2) 9.4.0 Windows Server 2022 Kernel: 10.0.20348.2031 Compiler: clang 15.0.7, gcc 14.1.0 (MinGW), and MSVC VS 19.39.33521 To view detailed results, visit: https://lab.dpdk.org/results/dashboard/patchsets/34654/ UNH-IOL DPDK Community Lab To manage your email subscriptions, visit: https://lab.dpdk.org/results/dashboard/preferences/subscriptions/