From: dpdklab@iol.unh.edu
To: Test Report <test-report@dpdk.org>
Cc: dpdk-test-reports@iol.unh.edu
Subject: |PENDING| pw158980-158981 [PATCH] [v4,2/2] dts: rewrite two link top
Date: Fri, 21 Nov 2025 13:30:01 -0800 (PST) [thread overview]
Message-ID: <6920d9d9.050a0220.1d97ea.40b6SMTPIN_ADDED_MISSING@mx.google.com> (raw)
In-Reply-To: <20251121195511.322005-2-abailey@iol.unh.edu>
Test-Label: iol-compile-amd64-testing
Test-Status: PENDING
http://dpdk.org/patch/158981
_Testing pending_
Submitter: Andrew Bailey <abailey@iol.unh.edu>
Date: Friday, November 21 2025 19:55:11
DPDK git baseline: Repo:dpdk-next-dts
Branch: master
CommitID:53e368696fe13360483caeb8a2ec66827e295bec
158980-158981 --> testing pending
Upstream job id: Generic-VM-DPDK-Compile-Meson#39926
Test environment and result as below:
+---------------------+--------------------+-------------------------+-------------------+
| Environment | dpdk_meson_compile | dpdk_llvm_clang_compile | dpdk_msvc_compile |
+=====================+====================+=========================+===================+
| Ubuntu 20.04 | PASS | SKIPPED | SKIPPED |
+---------------------+--------------------+-------------------------+-------------------+
| FreeBSD 14.2 | PEND | SKIPPED | SKIPPED |
+---------------------+--------------------+-------------------------+-------------------+
| Windows Server 2025 | SKIPPED | PEND | SKIPPED |
+---------------------+--------------------+-------------------------+-------------------+
| Windows Server 2022 | SKIPPED | SKIPPED | PEND |
+---------------------+--------------------+-------------------------+-------------------+
Ubuntu 20.04
Kernel: 4.19
Compiler: gcc gcc (Ubuntu 9.4.0-1ubuntu1~20.04.2) 9.4.0
FreeBSD 14.2
Kernel: 14.2-RELEASE
Compiler: clang 18.1.6
Windows Server 2025
Kernel: 10.0.26100
Compiler: clang 15.0.7, gcc 14.1.0 (MinGW), and MSVC VS 19.39.33521
Windows Server 2022
Kernel: 10.0.20348.2031
Compiler: clang 15.0.7, gcc 14.1.0 (MinGW), and MSVC VS 19.39.33521
To view detailed results, visit:
https://lab.dpdk.org/results/dashboard/patchsets/34655/
UNH-IOL DPDK Community Lab
To manage your email subscriptions, visit:
https://lab.dpdk.org/results/dashboard/preferences/subscriptions/
next prev parent reply other threads:[~2025-11-21 21:30 UTC|newest]
Thread overview: 24+ messages / expand[flat|nested] mbox.gz Atom feed top
[not found] <20251121195511.322005-2-abailey@iol.unh.edu>
2025-11-21 19:21 ` |SUCCESS| pw158980-158981 [PATCH v4 2/2] dts: rewrite two link topology requirements qemudev
2025-11-21 19:26 ` qemudev
2025-11-21 19:55 ` |SUCCESS| pw158981 " checkpatch
2025-11-21 21:27 ` |SUCCESS| pw158980-158981 [PATCH] [v4,2/2] dts: rewrite two link top dpdklab
2025-11-21 21:30 ` dpdklab [this message]
2025-11-21 21:32 ` |PENDING| " dpdklab
2025-11-21 21:35 ` |FAILURE| " dpdklab
2025-11-21 21:37 ` |PENDING| " dpdklab
2025-11-21 21:37 ` |SUCCESS| " dpdklab
2025-11-21 21:41 ` |PENDING| " dpdklab
2025-11-21 21:51 ` |FAILURE| " dpdklab
2025-11-21 21:51 ` dpdklab
2025-11-21 21:53 ` |SUCCESS| " dpdklab
2025-11-21 21:54 ` dpdklab
2025-11-21 21:54 ` dpdklab
2025-11-21 21:54 ` |FAILURE| " dpdklab
2025-11-21 22:01 ` |SUCCESS| " dpdklab
2025-11-21 22:07 ` |FAILURE| " dpdklab
2025-11-21 22:08 ` |SUCCESS| " dpdklab
2025-11-21 22:13 ` dpdklab
2025-11-21 22:14 ` |FAILURE| " dpdklab
2025-11-21 22:17 ` dpdklab
2025-11-21 22:41 ` |PENDING| " dpdklab
2025-11-21 22:59 ` |SUCCESS| " dpdklab
Reply instructions:
You may reply publicly to this message via plain-text email
using any one of the following methods:
* Save the following mbox file, import it into your mail client,
and reply-to-all from there: mbox
Avoid top-posting and favor interleaved quoting:
https://en.wikipedia.org/wiki/Posting_style#Interleaved_style
* Reply using the --to, --cc, and --in-reply-to
switches of git-send-email(1):
git send-email \
--in-reply-to=6920d9d9.050a0220.1d97ea.40b6SMTPIN_ADDED_MISSING@mx.google.com \
--to=dpdklab@iol.unh.edu \
--cc=dpdk-test-reports@iol.unh.edu \
--cc=test-report@dpdk.org \
/path/to/YOUR_REPLY
https://kernel.org/pub/software/scm/git/docs/git-send-email.html
* If your mail client supports setting the In-Reply-To header
via mailto: links, try the mailto: link
Be sure your reply has a Subject: header at the top and a blank line
before the message body.
This is a public inbox, see mirroring instructions
for how to clone and mirror all data and code used for this inbox;
as well as URLs for NNTP newsgroup(s).