From mboxrd@z Thu Jan 1 00:00:00 1970 Return-Path: Received: from mails.dpdk.org (mails.dpdk.org [217.70.189.124]) by inbox.dpdk.org (Postfix) with ESMTP id 2092348B6E for ; Fri, 21 Nov 2025 22:51:35 +0100 (CET) Received: from mails.dpdk.org (localhost [127.0.0.1]) by mails.dpdk.org (Postfix) with ESMTP id 1CAEA40269; Fri, 21 Nov 2025 22:51:35 +0100 (CET) Received: from mail-vk1-f228.google.com (mail-vk1-f228.google.com [209.85.221.228]) by mails.dpdk.org (Postfix) with ESMTP id 4636E40269 for ; Fri, 21 Nov 2025 22:51:34 +0100 (CET) Received: by mail-vk1-f228.google.com with SMTP id 71dfb90a1353d-55b265f5122so695602e0c.1 for ; Fri, 21 Nov 2025 13:51:34 -0800 (PST) DKIM-Signature: v=1; a=rsa-sha256; c=relaxed/relaxed; d=iol.unh.edu; s=unh-iol; t=1763761893; x=1764366693; darn=dpdk.org; h=references:in-reply-to:cc:to:from:subject:message-id:date:from:to :cc:subject:date:message-id:reply-to; bh=ZhYrb1a8LZWHjxr5j1kq4Ck6gMjVt5JNhNUkbWwH1lE=; b=jo0ppTYY5FK0hCeJwIvFAO2l5qaS50YwmuGIjZA8Bcg3KAZVsTumFfiYYeu1jgdhX3 /tIcvlQeRh1ld1O2pM6hwwUrfckWe6ZTPc1CbfiUM5xA3Ggm1OfYEnAM6fQr5p6t9IfR Gdc6gvj0ttgs0fAK18ZK9lW506kMRqRdUQZQ8= X-Google-DKIM-Signature: v=1; a=rsa-sha256; c=relaxed/relaxed; d=1e100.net; s=20230601; t=1763761893; x=1764366693; h=references:in-reply-to:cc:to:from:subject:message-id:date:x-gm-gg :x-gm-message-state:from:to:cc:subject:date:message-id:reply-to; bh=ZhYrb1a8LZWHjxr5j1kq4Ck6gMjVt5JNhNUkbWwH1lE=; b=HRvGVcNQ5XiFBysUsJCg2T5JtWRRDOUOWS4ZaNJg2YAxEX5UsKh+Rauu/Y8R+Re69h xa8pkUnia+SiOd2yaptxMGOIj+yRCHLhsol+07e8vqPwCDcdNLn0ppnAZupgT2HXQlwk hvfYaSRdU0rYv7nX2ZfVmhLxJRd3XoUyqVoQeIJ41mOk7wijjUTrLmNJOblzhW7f+UtI 2qAM7v+foYJ5SAr/k3HjsgMmPzpKzMcxkCSgC2H9IO9L7aWnssuKlo9UqEKvVZnICRvA MUaR6+8nDSCbzS51uHk1VR2rv2Rz2oFlslTrA0MdMUHqJ+eA26sedC7yMBFQHgnaAhQh vOUQ== X-Gm-Message-State: AOJu0YyzyNzriCihuiIEecKNGom4IVDuFPgp7rpwHTGZ+Gn5txPc1FaJ VEBqNW+2PA69GAdfB7mqHUbGwMHbsQSf8HLaRf5D91m8NpOaYwPf/xs9Yh2Y6sTwmL3hSaz8pn5 2AYqJL+qp1ggzdsadoX4nv+OuJzM26EfhIL8f0NwCcu47E/rW2Lfr3NWM/kx3 X-Gm-Gg: ASbGnctWsc7J+BLYC8LF09adJX92atb0J/Q3Cpp71CaL6NrzhjdYspQLvTXsZnyC8lO 7KdH78McCpUgjaLki9S4yYetH7eYg/SQU42rSk/esTdE3cBEOQZrEbulkrvG+1XzAclWb4pYP/9 8r4TogPMe0dXcghYNTyjaph86JObkDPl7+o4m24T20viz8ENJlr5F/7JTmOPsy1A+pVvtZFvg6C DH2ZUbR5LG+mtRAzdEVuwZnwBgGVBtlySRLLFO8NljMlaWpQ1hYKRt3YnWwguGy11ggdCsIAP02 URrMp0EAIQYAccros1jBLx0NW6+XoaUJuxF0nPZoJhFFF3LWY5SMngylv9EJ3UeQZZs2js3S5ko cshot1WryYvaV5QbtM5k= X-Google-Smtp-Source: AGHT+IFJDKFIEbAsY6DfvzJ2h2/dMrQx6TQQWRWra1Dpi5KUORIQXAf8j1QrxT7hVFOgiAym6gWNWICitW4Z X-Received: by 2002:a05:6102:8004:b0:5db:faa2:f3e1 with SMTP id ada2fe7eead31-5e1de13b857mr1337187137.15.1763761893573; Fri, 21 Nov 2025 13:51:33 -0800 (PST) Received: from postal.iol.unh.edu (postal.iol.unh.edu. [2606:4100:3880:1234::84]) by smtp-relay.gmail.com with ESMTPS id ada2fe7eead31-5e1bdcaf24bsm780627137.3.2025.11.21.13.51.33 (version=TLS1_2 cipher=ECDHE-ECDSA-AES128-GCM-SHA256 bits=128/128); Fri, 21 Nov 2025 13:51:33 -0800 (PST) X-Relaying-Domain: iol.unh.edu Date: Fri, 21 Nov 2025 13:51:33 -0800 (PST) Message-ID: <6920dee5.050a0220.34d89a.711bSMTPIN_ADDED_MISSING@mx.google.com> Received: from [172.21.0.2] (unknown [172.18.0.240]) by postal.iol.unh.edu (Postfix) with ESMTP id 48BD06050A61; Fri, 21 Nov 2025 16:51:33 -0500 (EST) Subject: |FAILURE| pw158980-158981 [PATCH] [v4,2/2] dts: rewrite two link top From: dpdklab@iol.unh.edu To: Test Report Cc: dpdk-test-reports@iol.unh.edu, Andrew Bailey In-Reply-To: <20251121195511.322005-2-abailey@iol.unh.edu> References: <20251121195511.322005-2-abailey@iol.unh.edu> Content-Type: text/plain X-BeenThere: test-report@dpdk.org X-Mailman-Version: 2.1.29 Precedence: list List-Id: automatic DPDK test reports List-Unsubscribe: , List-Archive: List-Post: List-Help: List-Subscribe: , Errors-To: test-report-bounces@dpdk.org Test-Label: iol-unit-amd64-testing Test-Status: FAILURE http://dpdk.org/patch/158981 _Testing issues_ Submitter: Andrew Bailey Date: Friday, November 21 2025 19:55:11 DPDK git baseline: Repo:dpdk-next-dts Branch: master CommitID:53e368696fe13360483caeb8a2ec66827e295bec 158980-158981 --> testing issues Upstream job id: Generic-Unit-Test-DPDK#395036 Test environment and result as below: +-------------------------------+----------------+ | Environment | dpdk_unit_test | +===============================+================+ | Ubuntu 20.04 | PASS | +-------------------------------+----------------+ | Fedora Linux 42 | PEND | +-------------------------------+----------------+ | Fedora Linux 40 | PASS | +-------------------------------+----------------+ | CentOS Stream 9 | PASS | +-------------------------------+----------------+ | Red Hat Enterprise Linux 8.10 | PASS | +-------------------------------+----------------+ | Fedora Linux 41 | PEND | +-------------------------------+----------------+ | Windows Server 2022 | PEND | +-------------------------------+----------------+ | Ubuntu 22.04 | PASS | +-------------------------------+----------------+ | Ubuntu 24.04 | PASS | +-------------------------------+----------------+ | CentOS Stream 10 | PASS | +-------------------------------+----------------+ | Red Hat Enterprise Linux 9.5 | PEND | +-------------------------------+----------------+ | Debian GNU/Linux 12 | PASS | +-------------------------------+----------------+ Ubuntu 20.04 Kernel: 5.15 Compiler: gcc gcc (Ubuntu 9.4.0-1ubuntu1~20.04.2) 9.4.0 Fedora Linux 42 Kernel: 5.15 Compiler: gcc gcc (GCC) 15.2.1 20250808 (Red Hat 15.2.1-1) Fedora Linux 40 Kernel: 5.15 Compiler: gcc gcc (GCC) 14.2.1 20240912 (Red Hat 14.2.1-3) CentOS Stream 9 Kernel: 5.15 Compiler: gcc gcc (GCC) 11.5.0 20240719 (Red Hat 11.5.0-11) Red Hat Enterprise Linux 8.10 Kernel: 5.15 Compiler: gcc gcc (GCC) 8.5.0 20210514 (Red Hat 8.5.0-22) Fedora Linux 41 Kernel: 5.15 Compiler: clang gcc (GCC) 14.3.1 20250523 (Red Hat 14.3.1-1) Windows Server 2022 Kernel: 10.0.20348.2031 Compiler: clang 15.0.7, gcc 14.1.0 (MinGW), and MSVC VS 19.39.33521 Ubuntu 22.04 Kernel: 5.15 Compiler: gcc gcc (Ubuntu 11.4.0-1ubuntu1~22.04) 11.4.0 Ubuntu 24.04 Kernel: 5.15 Compiler: gcc gcc (Ubuntu 13.3.0-6ubuntu2~24.04) 13.3.0 CentOS Stream 10 Kernel: 5.15 Compiler: gcc gcc (GCC) 14.2.1 20250110 (Red Hat 14.2.1-8) Red Hat Enterprise Linux 9.5 Kernel: 5.15 Compiler: gcc gcc (GCC) 11.5.0 20240719 (Red Hat 11.5.0-2) Debian GNU/Linux 12 Kernel: 5.15 Compiler: gcc gcc (Debian 12.2.0-14+deb12u1) 12.2.0 To view detailed results, visit: https://lab.dpdk.org/results/dashboard/patchsets/34655/ UNH-IOL DPDK Community Lab To manage your email subscriptions, visit: https://lab.dpdk.org/results/dashboard/preferences/subscriptions/