From mboxrd@z Thu Jan 1 00:00:00 1970 Return-Path: Received: from mails.dpdk.org (mails.dpdk.org [217.70.189.124]) by inbox.dpdk.org (Postfix) with ESMTP id CA8ED48B6E for ; Fri, 21 Nov 2025 23:07:18 +0100 (CET) Received: from mails.dpdk.org (localhost [127.0.0.1]) by mails.dpdk.org (Postfix) with ESMTP id A6E9E40269; Fri, 21 Nov 2025 23:07:18 +0100 (CET) Received: from mail-pl1-f228.google.com (mail-pl1-f228.google.com [209.85.214.228]) by mails.dpdk.org (Postfix) with ESMTP id 1363040269 for ; Fri, 21 Nov 2025 23:07:17 +0100 (CET) Received: by mail-pl1-f228.google.com with SMTP id d9443c01a7336-298287a26c3so28046345ad.0 for ; Fri, 21 Nov 2025 14:07:16 -0800 (PST) DKIM-Signature: v=1; a=rsa-sha256; c=relaxed/relaxed; d=iol.unh.edu; s=unh-iol; t=1763762836; x=1764367636; darn=dpdk.org; h=references:in-reply-to:cc:to:from:subject:message-id:date:from:to :cc:subject:date:message-id:reply-to; bh=tGM40iHJvaEor77VqGirpcqCv8/4mdSyOE9XOgjysGs=; b=NdLL0EqoSRWCkx9LlGYY720UshqMaL4W7/mF5EsiwO6gn0kjvmLDYozeZeVWYzaYDa rpVF6uLbEoeryZcfhDlB4MnsG8D5PtF3WEL9dteeC4uc5vFZ7FOaYdndNo5Lodtds+WE RIfLyDOsqvHPhjKYsyS2JIyZKeZ2M/HRHSPU8= X-Google-DKIM-Signature: v=1; a=rsa-sha256; c=relaxed/relaxed; d=1e100.net; s=20230601; t=1763762836; x=1764367636; h=references:in-reply-to:cc:to:from:subject:message-id:date:x-gm-gg :x-gm-message-state:from:to:cc:subject:date:message-id:reply-to; bh=tGM40iHJvaEor77VqGirpcqCv8/4mdSyOE9XOgjysGs=; b=kn8WmP16vhe1ZGTMQ5vxCXenOimVbp0XzBEMJZ4sN1yCC9/CmVEwqymmaSbdW3M0ig ceFeXA2PgDHgoAYT4qZmVBHypwijkWEB61xICHO1f75/b2hWT2xQODTRl3N/vQal2E3J FZb3JQDrXjBD6QHnxY2vTfweGBwIFigwezCcVREzrNSXCCKu7YCgrP0FbpLaXBGJPTai jZLUFOicm6ZcJGXhXOa5HQhObHEsJiLix12CoB4/cHVHclzaTscDGU9twZOBtzTn1kL0 CDeIZtzDeDTlgGAEUz9JV0R+bAP50/1OYv4qZuiyvO8dlHw8NN3qGy9Bqpv5hhL0eXq2 ZhKw== X-Gm-Message-State: AOJu0Yw4MSlbgcGrY6iO3YpDQmENdvJTWwGKI9CADxO08P2yZW5LPlqz PexI+j2N8ZYrJGRlSZgo7mG5vorw1h8aoWtWC75Yfd0bsVl5sHd9fIJ/AP1jM50XSTw2Or24GGQ 7moGyHDPcYe+aOmy+mZvM9NGv1SMgMwtRtaBKTslB2i/t X-Gm-Gg: ASbGncsFNjmcw6hYE3nMFC1tvTNCVerbW3RvjXpyVjhNPttcZ+34CNJ/R0CK8ros2+A EZLi4PM13MYEaqDpsWVxERgUoBDHfd2SlgtHhb76op5XDzN8d0JoQLtQAPWn1InPbsYxE9BEajd EbzuC71ZkQc9+Sx4nf0DRk1XG0le1u16Fgc0lyMtkNLTEdTZavQH1Ca+hRUILpQ2kmfLiQdzktz dPbW8irAea4NkaiTuBIXqJ6jLSZJ/QplQujsrIqSOYD7r+0dMUG0t1OQpgnWf7IXEwIdQCCKoiA C+baZ2heICKP4jIgwW9ytICpZjGBwMR3ziw+BagpAKfU6LAkwigLOYXlF4+fpu1Sm0+pKyX0/Aj rmBxqyYnoXBjc5rQ9rWJqzkJ7ji+3vyudZsx0Adpz7Q== X-Google-Smtp-Source: AGHT+IHIsccuWCN8c4W/norwP/zq5Vh0144YHHIL8yJ+CvTS16q0hZfhprGyUwPOJy5XYauCwmzhvqV9jwwo X-Received: by 2002:a17:902:ccd0:b0:297:e1e1:beb1 with SMTP id d9443c01a7336-29b6beb3ae9mr46263115ad.16.1763762836182; Fri, 21 Nov 2025 14:07:16 -0800 (PST) Received: from postal.iol.unh.edu (postal.iol.unh.edu. [132.177.123.84]) by smtp-relay.gmail.com with ESMTPS id d9443c01a7336-29b5b00e905sm7787095ad.0.2025.11.21.14.07.16 (version=TLS1_2 cipher=ECDHE-ECDSA-AES128-GCM-SHA256 bits=128/128); Fri, 21 Nov 2025 14:07:16 -0800 (PST) X-Relaying-Domain: iol.unh.edu Date: Fri, 21 Nov 2025 14:07:16 -0800 (PST) Message-ID: <6920e294.170a0220.39c329.6b04SMTPIN_ADDED_MISSING@mx.google.com> Received: from [172.21.0.2] (unknown [172.18.0.240]) by postal.iol.unh.edu (Postfix) with ESMTP id 90C476050A61; Fri, 21 Nov 2025 17:07:15 -0500 (EST) Subject: |FAILURE| pw158980-158981 [PATCH] [v4,2/2] dts: rewrite two link top From: dpdklab@iol.unh.edu To: Test Report Cc: dpdk-test-reports@iol.unh.edu, Andrew Bailey In-Reply-To: <20251121195511.322005-2-abailey@iol.unh.edu> References: <20251121195511.322005-2-abailey@iol.unh.edu> Content-Type: text/plain X-BeenThere: test-report@dpdk.org X-Mailman-Version: 2.1.29 Precedence: list List-Id: automatic DPDK test reports List-Unsubscribe: , List-Archive: List-Post: List-Help: List-Subscribe: , Errors-To: test-report-bounces@dpdk.org Test-Label: iol-unit-amd64-testing Test-Status: FAILURE http://dpdk.org/patch/158981 _Testing issues_ Submitter: Andrew Bailey Date: Friday, November 21 2025 19:55:11 DPDK git baseline: Repo:dpdk-next-dts Branch: master CommitID:53e368696fe13360483caeb8a2ec66827e295bec 158980-158981 --> testing issues Upstream job id: Generic-VM-Unit-Test-DPDK#32735 Test environment and result as below: +-------------------------------+----------------+ | Environment | dpdk_unit_test | +===============================+================+ | Ubuntu 20.04 | PASS | +-------------------------------+----------------+ | Fedora Linux 42 | PASS | +-------------------------------+----------------+ | Fedora Linux 40 | PASS | +-------------------------------+----------------+ | CentOS Stream 9 | PASS | +-------------------------------+----------------+ | Red Hat Enterprise Linux 8.10 | PASS | +-------------------------------+----------------+ | Fedora Linux 41 | PASS | +-------------------------------+----------------+ | Windows Server 2022 | PASS | +-------------------------------+----------------+ | Ubuntu 22.04 | PASS | +-------------------------------+----------------+ | Ubuntu 24.04 | PASS | +-------------------------------+----------------+ | CentOS Stream 10 | PASS | +-------------------------------+----------------+ | Red Hat Enterprise Linux 9.5 | PASS | +-------------------------------+----------------+ | Debian GNU/Linux 12 | PASS | +-------------------------------+----------------+ Ubuntu 20.04 Kernel: 5.15 Compiler: gcc gcc (Ubuntu 9.4.0-1ubuntu1~20.04.2) 9.4.0 Fedora Linux 42 Kernel: 5.15 Compiler: gcc gcc (GCC) 15.2.1 20250808 (Red Hat 15.2.1-1) Fedora Linux 40 Kernel: 5.15 Compiler: gcc gcc (GCC) 14.2.1 20240912 (Red Hat 14.2.1-3) CentOS Stream 9 Kernel: 5.15 Compiler: gcc gcc (GCC) 11.5.0 20240719 (Red Hat 11.5.0-11) Red Hat Enterprise Linux 8.10 Kernel: 5.15 Compiler: gcc gcc (GCC) 8.5.0 20210514 (Red Hat 8.5.0-22) Fedora Linux 41 Kernel: 5.15 Compiler: clang gcc (GCC) 14.3.1 20250523 (Red Hat 14.3.1-1) Windows Server 2022 Kernel: 10.0.20348.2031 Compiler: clang 15.0.7, gcc 14.1.0 (MinGW), and MSVC VS 19.39.33521 Ubuntu 22.04 Kernel: 5.15 Compiler: gcc gcc (Ubuntu 11.4.0-1ubuntu1~22.04) 11.4.0 Ubuntu 24.04 Kernel: 5.15 Compiler: gcc gcc (Ubuntu 13.3.0-6ubuntu2~24.04) 13.3.0 CentOS Stream 10 Kernel: 5.15 Compiler: gcc gcc (GCC) 14.2.1 20250110 (Red Hat 14.2.1-8) Red Hat Enterprise Linux 9.5 Kernel: 5.15 Compiler: gcc gcc (GCC) 11.5.0 20240719 (Red Hat 11.5.0-2) Debian GNU/Linux 12 Kernel: 5.15 Compiler: gcc gcc (Debian 12.2.0-14+deb12u1) 12.2.0 To view detailed results, visit: https://lab.dpdk.org/results/dashboard/patchsets/34655/ UNH-IOL DPDK Community Lab To manage your email subscriptions, visit: https://lab.dpdk.org/results/dashboard/preferences/subscriptions/