* |SUCCESS| pw158980-158981 [PATCH v4 2/2] dts: rewrite two link topology requirements
[not found] <20251121195511.322005-2-abailey@iol.unh.edu>
@ 2025-11-21 19:21 ` qemudev
2025-11-21 19:26 ` qemudev
` (22 subsequent siblings)
23 siblings, 0 replies; 24+ messages in thread
From: qemudev @ 2025-11-21 19:21 UTC (permalink / raw)
To: test-report
Test-Label: loongarch-compilation
Test-Status: SUCCESS
http://dpdk.org/patch/158981
_Compilation OK_
Submitter: Andrew Bailey <abailey@iol.unh.edu>
Date: Fri, 21 Nov 2025 14:55:10 -0500
DPDK git baseline: Repo:dpdk
Branch: main
CommitID: ef98b88455bf4a7c8b7aa3106a761c9e9270d6a3
158980-158981 --> meson & ninja build successfully
Test environment and result as below:
+---------------------+----------------+
| Environment | compilation |
+---------------------+----------------+
| Loongnix-Server 8.3 | PASS |
+---------------------+----------------+
Loongnix-Server 8.3
Kernel: 4.19.190+
Compiler: gcc 8.3
^ permalink raw reply [flat|nested] 24+ messages in thread
* |SUCCESS| pw158980-158981 [PATCH v4 2/2] dts: rewrite two link topology requirements
[not found] <20251121195511.322005-2-abailey@iol.unh.edu>
2025-11-21 19:21 ` |SUCCESS| pw158980-158981 [PATCH v4 2/2] dts: rewrite two link topology requirements qemudev
@ 2025-11-21 19:26 ` qemudev
2025-11-21 19:55 ` |SUCCESS| pw158981 " checkpatch
` (21 subsequent siblings)
23 siblings, 0 replies; 24+ messages in thread
From: qemudev @ 2025-11-21 19:26 UTC (permalink / raw)
To: test-report
Test-Label: loongarch-unit-testing
Test-Status: SUCCESS
http://dpdk.org/patch/158981
_Unit Testing PASS_
Submitter: Andrew Bailey <abailey@iol.unh.edu>
Date: Fri, 21 Nov 2025 14:55:10 -0500
DPDK git baseline: Repo:dpdk
Branch: main
CommitID: ef98b88455bf4a7c8b7aa3106a761c9e9270d6a3
158980-158981 --> testing pass
Test environment and result as below:
+---------------------+----------------+
| Environment | dpdk_unit_test |
+---------------------+----------------+
| Loongnix-Server 8.3 | PASS |
+---------------------+----------------+
Loongnix-Server 8.3
Kernel: 4.19.190+
Compiler: gcc 8.3
Test result details:
1/121 DPDK:fast-tests / acl_autotest OK 3.25s
2/121 DPDK:fast-tests / alarm_autotest OK 1.52s
3/121 DPDK:fast-tests / argparse_autotest OK 0.51s
4/121 DPDK:fast-tests / atomic_autotest OK 6.92s
5/121 DPDK:fast-tests / bitcount_autotest OK 0.56s
6/121 DPDK:fast-tests / bitmap_autotest OK 0.55s
7/121 DPDK:fast-tests / bitops_autotest OK 2.06s
8/121 DPDK:fast-tests / bitratestats_autotest OK 0.54s
9/121 DPDK:fast-tests / bitset_autotest OK 3.29s
10/121 DPDK:fast-tests / bpf_autotest OK 0.55s
11/121 DPDK:fast-tests / bpf_elf_autotest SKIP 0.54s exit status 77
12/121 DPDK:fast-tests / bpf_convert_autotest OK 0.55s
13/121 DPDK:fast-tests / byteorder_autotest OK 0.54s
14/121 DPDK:fast-tests / cfgfile_autotest OK 0.54s
15/121 DPDK:fast-tests / cksum_autotest OK 0.54s
16/121 DPDK:fast-tests / cmdline_autotest OK 0.54s
17/121 DPDK:fast-tests / common_autotest OK 1.45s
18/121 DPDK:fast-tests / compressdev_autotest SKIP 0.08s exit status 77
19/121 DPDK:fast-tests / cpuflags_autotest OK 0.55s
20/121 DPDK:fast-tests / crc_autotest OK 0.55s
21/121 DPDK:fast-tests / user_delay_us OK 0.55s
22/121 DPDK:fast-tests / debug_autotest OK 19.06s
23/121 DPDK:fast-tests / devargs_autotest OK 0.55s
24/121 DPDK:fast-tests / dispatcher_autotest OK 2.56s
25/121 DPDK:fast-tests / distributor_autotest OK 1.22s
26/121 DPDK:fast-tests / eal_flags_c_opt_autotest OK 1.11s
27/121 DPDK:fast-tests / eal_flags_main_opt_autotest OK 0.29s
28/121 DPDK:fast-tests / eal_flags_n_opt_autotest OK 0.26s
29/121 DPDK:fast-tests / eal_flags_hpet_autotest OK 0.17s
30/121 DPDK:fast-tests / eal_flags_no_huge_autotest OK 0.26s
31/121 DPDK:fast-tests / eal_flags_a_opt_autotest OK 0.42s
32/121 DPDK:fast-tests / eal_flags_b_opt_autotest OK 0.34s
33/121 DPDK:fast-tests / eal_flags_vdev_opt_autotest OK 0.25s
34/121 DPDK:fast-tests / eal_flags_r_opt_autotest OK 0.26s
35/121 DPDK:fast-tests / eal_flags_mem_autotest OK 0.71s
36/121 DPDK:fast-tests / eal_flags_file_prefix_autotest OK 22.36s
37/121 DPDK:fast-tests / eal_flags_misc_autotest OK 1.33s
38/121 DPDK:fast-tests / eal_fs_autotest OK 0.55s
39/121 DPDK:fast-tests / errno_autotest OK 0.54s
40/121 DPDK:fast-tests / ethdev_link_status OK 0.54s
41/121 DPDK:fast-tests / event_eth_tx_adapter_autotest OK 1.71s
42/121 DPDK:fast-tests / event_ring_autotest OK 0.56s
43/121 DPDK:fast-tests / eventdev_common_autotest OK 0.55s
44/121 DPDK:fast-tests / eventdev_selftest_sw OK 7.46s
45/121 DPDK:fast-tests / fbarray_autotest OK 0.55s
46/121 DPDK:fast-tests / fib_autotest OK 1.39s
47/121 DPDK:fast-tests / fib6_autotest OK 1.37s
48/121 DPDK:fast-tests / func_reentrancy_autotest OK 2.24s
49/121 DPDK:fast-tests / graph_autotest OK 0.56s
50/121 DPDK:fast-tests / node_list_dump OK 0.55s
51/121 DPDK:fast-tests / graph_feature_arc_autotest OK 0.55s
52/121 DPDK:fast-tests / hash_autotest OK 1.17s
53/121 DPDK:fast-tests / hash_readwrite_func_autotest OK 0.13s
54/121 DPDK:fast-tests / interrupt_autotest OK 1.85s
55/121 DPDK:fast-tests / ipfrag_autotest OK 0.09s
56/121 DPDK:fast-tests / ipsec_autotest SKIP 0.55s exit status 77
57/121 DPDK:fast-tests / kvargs_autotest OK 0.55s
58/121 DPDK:fast-tests / latencystats_autotest OK 0.55s
59/121 DPDK:fast-tests / lcore_var_autotest OK 0.68s
60/121 DPDK:fast-tests / lcores_autotest OK 5.34s
61/121 DPDK:fast-tests / logs_autotest OK 0.55s
62/121 DPDK:fast-tests / lpm_autotest OK 2.60s
63/121 DPDK:fast-tests / lpm6_autotest OK 5.71s
64/121 DPDK:fast-tests / malloc_autotest OK 62.06s
65/121 DPDK:fast-tests / mbuf_autotest OK 4.89s
66/121 DPDK:fast-tests / mcslock_autotest OK 3.30s
67/121 DPDK:fast-tests / member_autotest OK 1.74s
68/121 DPDK:fast-tests / memcpy_autotest OK 7.14s
69/121 DPDK:fast-tests / memory_autotest OK 0.10s
70/121 DPDK:fast-tests / mempool_autotest OK 0.45s
71/121 DPDK:fast-tests / memzone_autotest OK 0.16s
72/121 DPDK:fast-tests / meter_autotest OK 0.55s
73/121 DPDK:fast-tests / metrics_autotest OK 0.55s
74/121 DPDK:fast-tests / multiprocess_autotest OK 0.24s
75/121 DPDK:fast-tests / net_ether_autotest OK 1.21s
76/121 DPDK:fast-tests / net_ipv6_autotest OK 0.55s
77/121 DPDK:fast-tests / pcapng_autotest OK 6.18s
78/121 DPDK:fast-tests / pdcp_autotest SKIP 0.08s exit status 77
79/121 DPDK:fast-tests / pdump_autotest OK 0.67s
80/121 DPDK:fast-tests / per_lcore_autotest OK 0.65s
81/121 DPDK:fast-tests / pflock_autotest OK 1.39s
82/121 DPDK:fast-tests / pie_autotest OK 0.55s
83/121 DPDK:fast-tests / ring_pmd_autotest OK 0.55s
84/121 DPDK:fast-tests / power_autotest OK 0.55s
85/121 DPDK:fast-tests / power_cpufreq_autotest SKIP 0.08s exit status 77
86/121 DPDK:fast-tests / power_intel_uncore_autotest SKIP 0.55s exit status 77
87/121 DPDK:fast-tests / power_kvm_vm_autotest SKIP 0.08s exit status 77
88/121 DPDK:fast-tests / prefetch_autotest OK 0.55s
89/121 DPDK:fast-tests / ptr_compress_autotest OK 0.55s
90/121 DPDK:fast-tests / rawdev_autotest OK 0.55s
91/121 DPDK:fast-tests / rcu_qsbr_autotest OK 1.07s
92/121 DPDK:fast-tests / reorder_autotest OK 0.60s
93/121 DPDK:fast-tests / rib_autotest OK 9.21s
94/121 DPDK:fast-tests / rib6_autotest OK 9.24s
95/121 DPDK:fast-tests / ring_autotest OK 0.58s
96/121 DPDK:fast-tests / rwlock_test1_autotest OK 1.32s
97/121 DPDK:fast-tests / rwlock_rda_autotest OK 5.55s
98/121 DPDK:fast-tests / rwlock_rds_wrm_autotest OK 5.55s
99/121 DPDK:fast-tests / rwlock_rde_wro_autotest OK 5.54s
100/121 DPDK:fast-tests / sched_autotest OK 0.55s
101/121 DPDK:fast-tests / security_autotest OK 0.08s
102/121 DPDK:fast-tests / seqlock_autotest OK 2.55s
103/121 DPDK:fast-tests / service_autotest OK 3.31s
104/121 DPDK:fast-tests / soring_autotest OK 0.55s
105/121 DPDK:fast-tests / spinlock_autotest OK 0.63s
106/121 DPDK:fast-tests / stack_autotest OK 0.88s
107/121 DPDK:fast-tests / stack_lf_autotest SKIP 0.07s exit status 77
108/121 DPDK:fast-tests / string_autotest OK 0.55s
109/121 DPDK:fast-tests / table_autotest OK 7.66s
110/121 DPDK:fast-tests / tailq_autotest OK 0.55s
111/121 DPDK:fast-tests / telemetry_data_autotest OK 0.55s
112/121 DPDK:fast-tests / telemetry_json_autotest OK 0.55s
113/121 DPDK:fast-tests / thash_autotest OK 0.56s
114/121 DPDK:fast-tests / threads_autotest OK 0.72s
115/121 DPDK:fast-tests / ticketlock_autotest OK 0.75s
116/121 DPDK:fast-tests / timer_autotest OK 4.02s
117/121 DPDK:fast-tests / trace_autotest OK 0.55s
118/121 DPDK:fast-tests / trace_autotest_with_traces OK 0.55s
119/121 DPDK:fast-tests / vdev_autotest OK 0.54s
120/121 DPDK:fast-tests / version_autotest OK 0.54s
121/121 DPDK:fast-tests / telemetry_all OK 19.52s
Ok: 113
Expected Fail: 0
Fail: 0
Unexpected Pass: 0
Skipped: 8
Timeout: 0
^ permalink raw reply [flat|nested] 24+ messages in thread
* |SUCCESS| pw158981 [PATCH v4 2/2] dts: rewrite two link topology requirements
[not found] <20251121195511.322005-2-abailey@iol.unh.edu>
2025-11-21 19:21 ` |SUCCESS| pw158980-158981 [PATCH v4 2/2] dts: rewrite two link topology requirements qemudev
2025-11-21 19:26 ` qemudev
@ 2025-11-21 19:55 ` checkpatch
2025-11-21 21:27 ` |SUCCESS| pw158980-158981 [PATCH] [v4,2/2] dts: rewrite two link top dpdklab
` (20 subsequent siblings)
23 siblings, 0 replies; 24+ messages in thread
From: checkpatch @ 2025-11-21 19:55 UTC (permalink / raw)
To: test-report
Test-Label: checkpatch
Test-Status: SUCCESS
http://dpdk.org/patch/158981
_coding style OK_
^ permalink raw reply [flat|nested] 24+ messages in thread
* |SUCCESS| pw158980-158981 [PATCH] [v4,2/2] dts: rewrite two link top
[not found] <20251121195511.322005-2-abailey@iol.unh.edu>
` (2 preceding siblings ...)
2025-11-21 19:55 ` |SUCCESS| pw158981 " checkpatch
@ 2025-11-21 21:27 ` dpdklab
2025-11-21 21:30 ` |PENDING| " dpdklab
` (19 subsequent siblings)
23 siblings, 0 replies; 24+ messages in thread
From: dpdklab @ 2025-11-21 21:27 UTC (permalink / raw)
To: Test Report; +Cc: dpdk-test-reports
Test-Label: iol-dts-check-format-testing
Test-Status: SUCCESS
http://dpdk.org/patch/158981
_Testing PASS_
Submitter: Andrew Bailey <abailey@iol.unh.edu>
Date: Friday, November 21 2025 19:55:11
DPDK git baseline: Repo:dpdk-next-dts
Branch: master
CommitID:53e368696fe13360483caeb8a2ec66827e295bec
158980-158981 --> testing pass
Upstream job id: DTS-Check-Format-Pipeline#142
Test environment and result as below:
+--------------+------------------+
| Environment | dts-check-format |
+==============+==================+
| Ubuntu 24.04 | PASS |
+--------------+------------------+
Ubuntu 24.04
Kernel: 5.15
Compiler: gcc gcc (Ubuntu 13.3.0-6ubuntu2~24.04) 13.3.0
To view detailed results, visit:
https://lab.dpdk.org/results/dashboard/patchsets/34655/
UNH-IOL DPDK Community Lab
To manage your email subscriptions, visit:
https://lab.dpdk.org/results/dashboard/preferences/subscriptions/
^ permalink raw reply [flat|nested] 24+ messages in thread
* |PENDING| pw158980-158981 [PATCH] [v4,2/2] dts: rewrite two link top
[not found] <20251121195511.322005-2-abailey@iol.unh.edu>
` (3 preceding siblings ...)
2025-11-21 21:27 ` |SUCCESS| pw158980-158981 [PATCH] [v4,2/2] dts: rewrite two link top dpdklab
@ 2025-11-21 21:30 ` dpdklab
2025-11-21 21:32 ` dpdklab
` (18 subsequent siblings)
23 siblings, 0 replies; 24+ messages in thread
From: dpdklab @ 2025-11-21 21:30 UTC (permalink / raw)
To: Test Report; +Cc: dpdk-test-reports
Test-Label: iol-compile-amd64-testing
Test-Status: PENDING
http://dpdk.org/patch/158981
_Testing pending_
Submitter: Andrew Bailey <abailey@iol.unh.edu>
Date: Friday, November 21 2025 19:55:11
DPDK git baseline: Repo:dpdk-next-dts
Branch: master
CommitID:53e368696fe13360483caeb8a2ec66827e295bec
158980-158981 --> testing pending
Upstream job id: Generic-VM-DPDK-Compile-Meson#39926
Test environment and result as below:
+---------------------+--------------------+-------------------------+-------------------+
| Environment | dpdk_meson_compile | dpdk_llvm_clang_compile | dpdk_msvc_compile |
+=====================+====================+=========================+===================+
| Ubuntu 20.04 | PASS | SKIPPED | SKIPPED |
+---------------------+--------------------+-------------------------+-------------------+
| FreeBSD 14.2 | PEND | SKIPPED | SKIPPED |
+---------------------+--------------------+-------------------------+-------------------+
| Windows Server 2025 | SKIPPED | PEND | SKIPPED |
+---------------------+--------------------+-------------------------+-------------------+
| Windows Server 2022 | SKIPPED | SKIPPED | PEND |
+---------------------+--------------------+-------------------------+-------------------+
Ubuntu 20.04
Kernel: 4.19
Compiler: gcc gcc (Ubuntu 9.4.0-1ubuntu1~20.04.2) 9.4.0
FreeBSD 14.2
Kernel: 14.2-RELEASE
Compiler: clang 18.1.6
Windows Server 2025
Kernel: 10.0.26100
Compiler: clang 15.0.7, gcc 14.1.0 (MinGW), and MSVC VS 19.39.33521
Windows Server 2022
Kernel: 10.0.20348.2031
Compiler: clang 15.0.7, gcc 14.1.0 (MinGW), and MSVC VS 19.39.33521
To view detailed results, visit:
https://lab.dpdk.org/results/dashboard/patchsets/34655/
UNH-IOL DPDK Community Lab
To manage your email subscriptions, visit:
https://lab.dpdk.org/results/dashboard/preferences/subscriptions/
^ permalink raw reply [flat|nested] 24+ messages in thread
* |PENDING| pw158980-158981 [PATCH] [v4,2/2] dts: rewrite two link top
[not found] <20251121195511.322005-2-abailey@iol.unh.edu>
` (4 preceding siblings ...)
2025-11-21 21:30 ` |PENDING| " dpdklab
@ 2025-11-21 21:32 ` dpdklab
2025-11-21 21:35 ` |FAILURE| " dpdklab
` (17 subsequent siblings)
23 siblings, 0 replies; 24+ messages in thread
From: dpdklab @ 2025-11-21 21:32 UTC (permalink / raw)
To: Test Report; +Cc: dpdk-test-reports
Test-Label: iol-unit-amd64-testing
Test-Status: PENDING
http://dpdk.org/patch/158981
_Testing pending_
Submitter: Andrew Bailey <abailey@iol.unh.edu>
Date: Friday, November 21 2025 19:55:11
DPDK git baseline: Repo:dpdk-next-dts
Branch: master
CommitID:53e368696fe13360483caeb8a2ec66827e295bec
158980-158981 --> testing pending
Upstream job id: Generic-Unit-Test-DPDK#395044
Test environment and result as below:
+-------------------------------+----------------+
| Environment | dpdk_unit_test |
+===============================+================+
| Ubuntu 20.04 | PEND |
+-------------------------------+----------------+
| Fedora Linux 42 | PEND |
+-------------------------------+----------------+
| Fedora Linux 40 | PEND |
+-------------------------------+----------------+
| CentOS Stream 9 | PEND |
+-------------------------------+----------------+
| Red Hat Enterprise Linux 8.10 | PEND |
+-------------------------------+----------------+
| Fedora Linux 41 | PEND |
+-------------------------------+----------------+
| Windows Server 2022 | PEND |
+-------------------------------+----------------+
| Ubuntu 22.04 | PEND |
+-------------------------------+----------------+
| Ubuntu 24.04 | PEND |
+-------------------------------+----------------+
| CentOS Stream 10 | PEND |
+-------------------------------+----------------+
| Red Hat Enterprise Linux 9.5 | PEND |
+-------------------------------+----------------+
| Debian GNU/Linux 12 | PEND |
+-------------------------------+----------------+
Ubuntu 20.04
Kernel: 5.15
Compiler: gcc gcc (Ubuntu 9.4.0-1ubuntu1~20.04.2) 9.4.0
Fedora Linux 42
Kernel: 5.15
Compiler: gcc gcc (GCC) 15.2.1 20250808 (Red Hat 15.2.1-1)
Fedora Linux 40
Kernel: 5.15
Compiler: gcc gcc (GCC) 14.2.1 20240912 (Red Hat 14.2.1-3)
CentOS Stream 9
Kernel: 5.15
Compiler: gcc gcc (GCC) 11.5.0 20240719 (Red Hat 11.5.0-11)
Red Hat Enterprise Linux 8.10
Kernel: 5.15
Compiler: gcc gcc (GCC) 8.5.0 20210514 (Red Hat 8.5.0-22)
Fedora Linux 41
Kernel: 5.15
Compiler: clang gcc (GCC) 14.3.1 20250523 (Red Hat 14.3.1-1)
Windows Server 2022
Kernel: 10.0.20348.2031
Compiler: clang 15.0.7, gcc 14.1.0 (MinGW), and MSVC VS 19.39.33521
Ubuntu 22.04
Kernel: 5.15
Compiler: gcc gcc (Ubuntu 11.4.0-1ubuntu1~22.04) 11.4.0
Ubuntu 24.04
Kernel: 5.15
Compiler: gcc gcc (Ubuntu 13.3.0-6ubuntu2~24.04) 13.3.0
CentOS Stream 10
Kernel: 5.15
Compiler: gcc gcc (GCC) 14.2.1 20250110 (Red Hat 14.2.1-8)
Red Hat Enterprise Linux 9.5
Kernel: 5.15
Compiler: gcc gcc (GCC) 11.5.0 20240719 (Red Hat 11.5.0-2)
Debian GNU/Linux 12
Kernel: 5.15
Compiler: gcc gcc (Debian 12.2.0-14+deb12u1) 12.2.0
To view detailed results, visit:
https://lab.dpdk.org/results/dashboard/patchsets/34655/
UNH-IOL DPDK Community Lab
To manage your email subscriptions, visit:
https://lab.dpdk.org/results/dashboard/preferences/subscriptions/
^ permalink raw reply [flat|nested] 24+ messages in thread
* |FAILURE| pw158980-158981 [PATCH] [v4,2/2] dts: rewrite two link top
[not found] <20251121195511.322005-2-abailey@iol.unh.edu>
` (5 preceding siblings ...)
2025-11-21 21:32 ` dpdklab
@ 2025-11-21 21:35 ` dpdklab
2025-11-21 21:37 ` |PENDING| " dpdklab
` (16 subsequent siblings)
23 siblings, 0 replies; 24+ messages in thread
From: dpdklab @ 2025-11-21 21:35 UTC (permalink / raw)
To: Test Report; +Cc: dpdk-test-reports, Andrew Bailey
Test-Label: iol-mellanox-Functional
Test-Status: FAILURE
http://dpdk.org/patch/158981
_Functional Testing issues_
Submitter: Andrew Bailey <abailey@iol.unh.edu>
Date: Friday, November 21 2025 19:55:11
DPDK git baseline: Repo:dpdk-next-dts
Branch: master
CommitID:53e368696fe13360483caeb8a2ec66827e295bec
158980-158981 --> functional testing issues
Upstream job id: Template-DPDK-DTS-Pipeline#3488
Test environment and result as below:
Ubuntu 24.04
Kernel: 6.8.0-55-generic
Compiler: gcc 13.3.0
NIC: Mellanox ConnectX-5 100000 Mbps
Aggregate Results by Test Suite
+---------------------------------+--------+
| Test Suite | Result |
+=================================+========+
| blocklist | PASS |
+---------------------------------+--------+
| promisc_support | PASS |
+---------------------------------+--------+
| uni_pkt | PASS |
+---------------------------------+--------+
| dynamic_config | PASS |
+---------------------------------+--------+
| mac_filter | PASS |
+---------------------------------+--------+
| hello_world | PASS |
+---------------------------------+--------+
| l2fwd | PASS |
+---------------------------------+--------+
| mtu | FAIL |
+---------------------------------+--------+
| port_restart_config_persistency | PASS |
+---------------------------------+--------+
| packet_capture | PASS |
+---------------------------------+--------+
| softnic | PASS |
+---------------------------------+--------+
| vlan | PASS |
+---------------------------------+--------+
To view detailed results, visit:
https://lab.dpdk.org/results/dashboard/patchsets/34655/
UNH-IOL DPDK Community Lab
To manage your email subscriptions, visit:
https://lab.dpdk.org/results/dashboard/preferences/subscriptions/
^ permalink raw reply [flat|nested] 24+ messages in thread
* |PENDING| pw158980-158981 [PATCH] [v4,2/2] dts: rewrite two link top
[not found] <20251121195511.322005-2-abailey@iol.unh.edu>
` (6 preceding siblings ...)
2025-11-21 21:35 ` |FAILURE| " dpdklab
@ 2025-11-21 21:37 ` dpdklab
2025-11-21 21:37 ` |SUCCESS| " dpdklab
` (15 subsequent siblings)
23 siblings, 0 replies; 24+ messages in thread
From: dpdklab @ 2025-11-21 21:37 UTC (permalink / raw)
To: Test Report; +Cc: dpdk-test-reports
Test-Label: iol-unit-arm64-testing
Test-Status: PENDING
http://dpdk.org/patch/158981
_Testing pending_
Submitter: Andrew Bailey <abailey@iol.unh.edu>
Date: Friday, November 21 2025 19:55:11
DPDK git baseline: Repo:dpdk-next-dts
Branch: master
CommitID:53e368696fe13360483caeb8a2ec66827e295bec
158980-158981 --> testing pending
Upstream job id: Generic-Unit-Test-DPDK#395057
Test environment and result as below:
+------------------------------+--------------+------------------------------+----------------+---------------------------+
| Environment | lpm_autotest | cryptodev_sw_snow3g_autotest | dpdk_unit_test | cryptodev_sw_zuc_autotest |
+==============================+==============+==============================+================+===========================+
| Ubuntu 20.04 | PASS | SKIPPED | PEND | SKIPPED |
+------------------------------+--------------+------------------------------+----------------+---------------------------+
| Debian 12 (arm) | SKIPPED | PEND | SKIPPED | PEND |
+------------------------------+--------------+------------------------------+----------------+---------------------------+
| Ubuntu 22.04 | SKIPPED | SKIPPED | PEND | SKIPPED |
+------------------------------+--------------+------------------------------+----------------+---------------------------+
| CentOS Stream 10 | SKIPPED | SKIPPED | PEND | SKIPPED |
+------------------------------+--------------+------------------------------+----------------+---------------------------+
| Fedora Linux 40 | SKIPPED | SKIPPED | PEND | SKIPPED |
+------------------------------+--------------+------------------------------+----------------+---------------------------+
| Debian GNU/Linux 12 | SKIPPED | SKIPPED | PEND | SKIPPED |
+------------------------------+--------------+------------------------------+----------------+---------------------------+
| Fedora Linux 41 | SKIPPED | SKIPPED | PEND | SKIPPED |
+------------------------------+--------------+------------------------------+----------------+---------------------------+
| Ubuntu 24.04 | SKIPPED | SKIPPED | PEND | SKIPPED |
+------------------------------+--------------+------------------------------+----------------+---------------------------+
| Fedora Linux 42 | SKIPPED | SKIPPED | PEND | SKIPPED |
+------------------------------+--------------+------------------------------+----------------+---------------------------+
| CentOS Stream 9 | SKIPPED | SKIPPED | PEND | SKIPPED |
+------------------------------+--------------+------------------------------+----------------+---------------------------+
| Red Hat Enterprise Linux 9.5 | SKIPPED | SKIPPED | PEND | SKIPPED |
+------------------------------+--------------+------------------------------+----------------+---------------------------+
Ubuntu 20.04
Kernel: 5.4
Compiler: gcc gcc (Ubuntu 9.4.0-1ubuntu1~20.04.2) 9.4.0
Debian 12 (arm)
Kernel: Depends on container host
Compiler: gcc (Debian 12.2.0-14) 12.2.0
Ubuntu 22.04
Kernel: 5.15
Compiler: gcc gcc (Ubuntu 11.4.0-1ubuntu1~22.04.2) 11.4.0
CentOS Stream 10
Kernel: 5.4
Compiler: gcc gcc (GCC) 14.2.1 20250110 (Red Hat 14.2.1-8)
Fedora Linux 40
Kernel: 5.4
Compiler: clang gcc (GCC) 14.2.1 20240912 (Red Hat 14.2.1-3)
Debian GNU/Linux 12
Kernel: 5.4
Compiler: gcc gcc (Debian 12.2.0-14+deb12u1) 12.2.0
Fedora Linux 41
Kernel: 5.4
Compiler: gcc gcc (GCC) 14.3.1 20250523 (Red Hat 14.3.1-1)
Ubuntu 24.04
Kernel: 5.4
Compiler: gcc gcc (Ubuntu 13.3.0-6ubuntu2~24.04) 13.3.0
Fedora Linux 42
Kernel: 5.4
Compiler: gcc gcc (GCC) 15.2.1 20250808 (Red Hat 15.2.1-1)
CentOS Stream 9
Kernel: 5.4
Compiler: gcc gcc (GCC) 11.5.0 20240719 (Red Hat 11.5.0-11)
Red Hat Enterprise Linux 9.5
Kernel: 5.4
Compiler: gcc gcc (GCC) 11.5.0 20240719 (Red Hat 11.5.0-2)
To view detailed results, visit:
https://lab.dpdk.org/results/dashboard/patchsets/34655/
UNH-IOL DPDK Community Lab
To manage your email subscriptions, visit:
https://lab.dpdk.org/results/dashboard/preferences/subscriptions/
^ permalink raw reply [flat|nested] 24+ messages in thread
* |SUCCESS| pw158980-158981 [PATCH] [v4,2/2] dts: rewrite two link top
[not found] <20251121195511.322005-2-abailey@iol.unh.edu>
` (7 preceding siblings ...)
2025-11-21 21:37 ` |PENDING| " dpdklab
@ 2025-11-21 21:37 ` dpdklab
2025-11-21 21:41 ` |PENDING| " dpdklab
` (14 subsequent siblings)
23 siblings, 0 replies; 24+ messages in thread
From: dpdklab @ 2025-11-21 21:37 UTC (permalink / raw)
To: Test Report; +Cc: dpdk-test-reports
Test-Label: iol-marvell-Functional
Test-Status: SUCCESS
http://dpdk.org/patch/158981
_Functional Testing PASS_
Submitter: Andrew Bailey <abailey@iol.unh.edu>
Date: Friday, November 21 2025 19:55:11
DPDK git baseline: Repo:dpdk-next-dts
Branch: master
CommitID:53e368696fe13360483caeb8a2ec66827e295bec
158980-158981 --> functional testing pass
Upstream job id: Template-DTS-Pipeline#256013
Test environment and result as below:
Ubuntu 20.04.6
Kernel: 5.4.105
Compiler: gcc 9.4
NIC: Marvell CN106XX 50000 Mbps
Target: arm64-native-linuxapp-gcc
Aggregate Results by Test Suite
+----------------+--------+
| Test Suite | Result |
+================+========+
| cmdline | PASS |
+----------------+--------+
| rxtx_callbacks | PASS |
+----------------+--------+
To view detailed results, visit:
https://lab.dpdk.org/results/dashboard/patchsets/34655/
UNH-IOL DPDK Community Lab
To manage your email subscriptions, visit:
https://lab.dpdk.org/results/dashboard/preferences/subscriptions/
^ permalink raw reply [flat|nested] 24+ messages in thread
* |PENDING| pw158980-158981 [PATCH] [v4,2/2] dts: rewrite two link top
[not found] <20251121195511.322005-2-abailey@iol.unh.edu>
` (8 preceding siblings ...)
2025-11-21 21:37 ` |SUCCESS| " dpdklab
@ 2025-11-21 21:41 ` dpdklab
2025-11-21 21:51 ` |FAILURE| " dpdklab
` (13 subsequent siblings)
23 siblings, 0 replies; 24+ messages in thread
From: dpdklab @ 2025-11-21 21:41 UTC (permalink / raw)
To: Test Report; +Cc: dpdk-test-reports
Test-Label: iol-sample-apps-testing
Test-Status: PENDING
http://dpdk.org/patch/158981
_Testing pending_
Submitter: Andrew Bailey <abailey@iol.unh.edu>
Date: Friday, November 21 2025 19:55:11
DPDK git baseline: Repo:dpdk-next-dts
Branch: master
CommitID:53e368696fe13360483caeb8a2ec66827e295bec
158980-158981 --> testing pending
Upstream job id: Template-DTS-Pipeline#256015
Test environment and result as below:
+--------------+----------------------+----------------------+
| Environment | dpdk_fips_validation | compressdev_zlib_pmd |
+==============+======================+======================+
| Ubuntu 20.04 | PEND | SKIPPED |
+--------------+----------------------+----------------------+
| Ubuntu 22.04 | SKIPPED | PASS |
+--------------+----------------------+----------------------+
Ubuntu 20.04
Kernel: 5.15
Compiler: gcc gcc (Ubuntu 9.4.0-1ubuntu1~20.04.2) 9.4.0
Ubuntu 22.04
Kernel: 5.15
Compiler: gcc gcc (Ubuntu 11.4.0-1ubuntu1~22.04.2) 11.4.0
To view detailed results, visit:
https://lab.dpdk.org/results/dashboard/patchsets/34655/
UNH-IOL DPDK Community Lab
To manage your email subscriptions, visit:
https://lab.dpdk.org/results/dashboard/preferences/subscriptions/
^ permalink raw reply [flat|nested] 24+ messages in thread
* |FAILURE| pw158980-158981 [PATCH] [v4,2/2] dts: rewrite two link top
[not found] <20251121195511.322005-2-abailey@iol.unh.edu>
` (9 preceding siblings ...)
2025-11-21 21:41 ` |PENDING| " dpdklab
@ 2025-11-21 21:51 ` dpdklab
2025-11-21 21:51 ` dpdklab
` (12 subsequent siblings)
23 siblings, 0 replies; 24+ messages in thread
From: dpdklab @ 2025-11-21 21:51 UTC (permalink / raw)
To: Test Report; +Cc: dpdk-test-reports, Andrew Bailey
Test-Label: iol-intel-Functional
Test-Status: FAILURE
http://dpdk.org/patch/158981
_Functional Testing issues_
Submitter: Andrew Bailey <abailey@iol.unh.edu>
Date: Friday, November 21 2025 19:55:11
DPDK git baseline: Repo:dpdk-next-dts
Branch: master
CommitID:53e368696fe13360483caeb8a2ec66827e295bec
158980-158981 --> functional testing issues
Upstream job id: Template-DTS-Pipeline#256016
Test environment and result as below:
Ubuntu 24.04 LTS
Kernel: 6.8.0-44-generic
Compiler: gcc 13.2.0
NIC: Intel Corporation Ethernet Controller XL710 for 40GbE QSFP+ 40 Mbps
Aggregate Results by Test Suite
+--------------------+--------+
| Test Suite | Result |
+====================+========+
| blocklist | PASS |
+--------------------+--------+
| promisc_support | PASS |
+--------------------+--------+
| uni_pkt | PASS |
+--------------------+--------+
| dynamic_config | FAIL |
+--------------------+--------+
| dynamic_queue_conf | PASS |
+--------------------+--------+
| hello_world | PASS |
+--------------------+--------+
| l2fwd | PASS |
+--------------------+--------+
| softnic | PASS |
+--------------------+--------+
| pmd_buffer_scatter | PASS |
+--------------------+--------+
Ubuntu 24.04
Kernel: 6.8
Compiler: gcc gcc (Ubuntu 13.3.0-6ubuntu2~24.04) 13.3.0
NIC: Intel E810 (Arm Grace Server) 100000 Mbps
Aggregate Results by Test Suite
+--------------------+--------+
| Test Suite | Result |
+====================+========+
| blocklist | PASS |
+--------------------+--------+
| promisc_support | PASS |
+--------------------+--------+
| uni_pkt | PASS |
+--------------------+--------+
| dynamic_config | PASS |
+--------------------+--------+
| softnic | PASS |
+--------------------+--------+
| pmd_buffer_scatter | PASS |
+--------------------+--------+
| vlan | PASS |
+--------------------+--------+
Ubuntu 24.04
Kernel: 6.8
Compiler: gcc gcc (Ubuntu 13.3.0-6ubuntu2~24.04) 13.3.0
NIC: Intel Corporation 4xxx Series QAT 0 Mbps
Aggregate Results by Test Suite
+----------------------------+--------+
| Test Suite | Result |
+============================+========+
| crypto_perf_cryptodev_perf | PASS |
+----------------------------+--------+
To view detailed results, visit:
https://lab.dpdk.org/results/dashboard/patchsets/34655/
UNH-IOL DPDK Community Lab
To manage your email subscriptions, visit:
https://lab.dpdk.org/results/dashboard/preferences/subscriptions/
^ permalink raw reply [flat|nested] 24+ messages in thread
* |FAILURE| pw158980-158981 [PATCH] [v4,2/2] dts: rewrite two link top
[not found] <20251121195511.322005-2-abailey@iol.unh.edu>
` (10 preceding siblings ...)
2025-11-21 21:51 ` |FAILURE| " dpdklab
@ 2025-11-21 21:51 ` dpdklab
2025-11-21 21:53 ` |SUCCESS| " dpdklab
` (11 subsequent siblings)
23 siblings, 0 replies; 24+ messages in thread
From: dpdklab @ 2025-11-21 21:51 UTC (permalink / raw)
To: Test Report; +Cc: dpdk-test-reports, Andrew Bailey
Test-Label: iol-unit-amd64-testing
Test-Status: FAILURE
http://dpdk.org/patch/158981
_Testing issues_
Submitter: Andrew Bailey <abailey@iol.unh.edu>
Date: Friday, November 21 2025 19:55:11
DPDK git baseline: Repo:dpdk-next-dts
Branch: master
CommitID:53e368696fe13360483caeb8a2ec66827e295bec
158980-158981 --> testing issues
Upstream job id: Generic-Unit-Test-DPDK#395036
Test environment and result as below:
+-------------------------------+----------------+
| Environment | dpdk_unit_test |
+===============================+================+
| Ubuntu 20.04 | PASS |
+-------------------------------+----------------+
| Fedora Linux 42 | PEND |
+-------------------------------+----------------+
| Fedora Linux 40 | PASS |
+-------------------------------+----------------+
| CentOS Stream 9 | PASS |
+-------------------------------+----------------+
| Red Hat Enterprise Linux 8.10 | PASS |
+-------------------------------+----------------+
| Fedora Linux 41 | PEND |
+-------------------------------+----------------+
| Windows Server 2022 | PEND |
+-------------------------------+----------------+
| Ubuntu 22.04 | PASS |
+-------------------------------+----------------+
| Ubuntu 24.04 | PASS |
+-------------------------------+----------------+
| CentOS Stream 10 | PASS |
+-------------------------------+----------------+
| Red Hat Enterprise Linux 9.5 | PEND |
+-------------------------------+----------------+
| Debian GNU/Linux 12 | PASS |
+-------------------------------+----------------+
Ubuntu 20.04
Kernel: 5.15
Compiler: gcc gcc (Ubuntu 9.4.0-1ubuntu1~20.04.2) 9.4.0
Fedora Linux 42
Kernel: 5.15
Compiler: gcc gcc (GCC) 15.2.1 20250808 (Red Hat 15.2.1-1)
Fedora Linux 40
Kernel: 5.15
Compiler: gcc gcc (GCC) 14.2.1 20240912 (Red Hat 14.2.1-3)
CentOS Stream 9
Kernel: 5.15
Compiler: gcc gcc (GCC) 11.5.0 20240719 (Red Hat 11.5.0-11)
Red Hat Enterprise Linux 8.10
Kernel: 5.15
Compiler: gcc gcc (GCC) 8.5.0 20210514 (Red Hat 8.5.0-22)
Fedora Linux 41
Kernel: 5.15
Compiler: clang gcc (GCC) 14.3.1 20250523 (Red Hat 14.3.1-1)
Windows Server 2022
Kernel: 10.0.20348.2031
Compiler: clang 15.0.7, gcc 14.1.0 (MinGW), and MSVC VS 19.39.33521
Ubuntu 22.04
Kernel: 5.15
Compiler: gcc gcc (Ubuntu 11.4.0-1ubuntu1~22.04) 11.4.0
Ubuntu 24.04
Kernel: 5.15
Compiler: gcc gcc (Ubuntu 13.3.0-6ubuntu2~24.04) 13.3.0
CentOS Stream 10
Kernel: 5.15
Compiler: gcc gcc (GCC) 14.2.1 20250110 (Red Hat 14.2.1-8)
Red Hat Enterprise Linux 9.5
Kernel: 5.15
Compiler: gcc gcc (GCC) 11.5.0 20240719 (Red Hat 11.5.0-2)
Debian GNU/Linux 12
Kernel: 5.15
Compiler: gcc gcc (Debian 12.2.0-14+deb12u1) 12.2.0
To view detailed results, visit:
https://lab.dpdk.org/results/dashboard/patchsets/34655/
UNH-IOL DPDK Community Lab
To manage your email subscriptions, visit:
https://lab.dpdk.org/results/dashboard/preferences/subscriptions/
^ permalink raw reply [flat|nested] 24+ messages in thread
* |SUCCESS| pw158980-158981 [PATCH] [v4,2/2] dts: rewrite two link top
[not found] <20251121195511.322005-2-abailey@iol.unh.edu>
` (11 preceding siblings ...)
2025-11-21 21:51 ` dpdklab
@ 2025-11-21 21:53 ` dpdklab
2025-11-21 21:54 ` dpdklab
` (10 subsequent siblings)
23 siblings, 0 replies; 24+ messages in thread
From: dpdklab @ 2025-11-21 21:53 UTC (permalink / raw)
To: Test Report, Ali Alnubani; +Cc: dpdk-test-reports
Test-Label: iol-mellanox-Performance
Test-Status: SUCCESS
http://dpdk.org/patch/158981
_Performance Testing PASS_
Submitter: Andrew Bailey <abailey@iol.unh.edu>
Date: Friday, November 21 2025 19:55:11
DPDK git baseline: Repo:dpdk-next-dts
Branch: master
CommitID:53e368696fe13360483caeb8a2ec66827e295bec
158980-158981 --> performance testing pass
Upstream job id: Template-DTS-Pipeline#256003
Test environment and result as below:
Ubuntu 24.04
Kernel: 6.8
Compiler: gcc gcc (Ubuntu 13.3.0-6ubuntu2~24.04) 13.3.0
NIC: Mellanox ConnectX-6 Lx 25000 Mbps
Fail/Total: 0/6
Detail performance results:
+------------+---------+----------+-------------+------------------------------+
| frame_size | txd/rxd | num_cpus | num_threads | throughput difference from |
| | | | | expected |
+============+=========+==========+=============+==============================+
| 64 | 1024 | 1 | 1 | -0.1% |
+------------+---------+----------+-------------+------------------------------+
| 128 | 1024 | 1 | 1 | -0.1% |
+------------+---------+----------+-------------+------------------------------+
| 256 | 1024 | 1 | 1 | -0.0% |
+------------+---------+----------+-------------+------------------------------+
| 512 | 1024 | 1 | 1 | -0.0% |
+------------+---------+----------+-------------+------------------------------+
| 1024 | 1024 | 1 | 1 | -0.0% |
+------------+---------+----------+-------------+------------------------------+
| 1518 | 1024 | 1 | 1 | 0.1% |
+------------+---------+----------+-------------+------------------------------+
Ubuntu 24.04
Kernel: 6.8
Compiler: gcc gcc (Ubuntu 13.3.0-6ubuntu2~24.04) 13.3.0
NIC: NVIDIA Mellanox ConnectX-7 100000 Mbps
Fail/Total: 0/6
Detail performance results:
+------------+---------+----------+-------------+------------------------------+
| frame_size | txd/rxd | num_cpus | num_threads | throughput difference from |
| | | | | expected |
+============+=========+==========+=============+==============================+
| 64 | 1024 | 1 | 1 | -0.3% |
+------------+---------+----------+-------------+------------------------------+
| 128 | 1024 | 1 | 1 | 0.3% |
+------------+---------+----------+-------------+------------------------------+
| 256 | 1024 | 1 | 1 | 1.4% |
+------------+---------+----------+-------------+------------------------------+
| 512 | 1024 | 1 | 1 | 0.1% |
+------------+---------+----------+-------------+------------------------------+
| 1024 | 1024 | 1 | 1 | 0.1% |
+------------+---------+----------+-------------+------------------------------+
| 1518 | 1024 | 1 | 1 | 0.0% |
+------------+---------+----------+-------------+------------------------------+
To view detailed results, visit:
https://lab.dpdk.org/results/dashboard/patchsets/34655/
UNH-IOL DPDK Community Lab
To manage your email subscriptions, visit:
https://lab.dpdk.org/results/dashboard/preferences/subscriptions/
^ permalink raw reply [flat|nested] 24+ messages in thread
* |SUCCESS| pw158980-158981 [PATCH] [v4,2/2] dts: rewrite two link top
[not found] <20251121195511.322005-2-abailey@iol.unh.edu>
` (12 preceding siblings ...)
2025-11-21 21:53 ` |SUCCESS| " dpdklab
@ 2025-11-21 21:54 ` dpdklab
2025-11-21 21:54 ` dpdklab
` (9 subsequent siblings)
23 siblings, 0 replies; 24+ messages in thread
From: dpdklab @ 2025-11-21 21:54 UTC (permalink / raw)
To: Test Report; +Cc: dpdk-test-reports
Test-Label: iol-broadcom-Performance
Test-Status: SUCCESS
http://dpdk.org/patch/158981
_Performance Testing PASS_
Submitter: Andrew Bailey <abailey@iol.unh.edu>
Date: Friday, November 21 2025 19:55:11
DPDK git baseline: Repo:dpdk-next-dts
Branch: master
CommitID:53e368696fe13360483caeb8a2ec66827e295bec
158980-158981 --> performance testing pass
Upstream job id: Template-DTS-Pipeline#256008
Test environment and result as below:
Ubuntu 22.04
Kernel: 5.15
Compiler: gcc gcc (Ubuntu 11.4.0-1ubuntu1~22.04.2) 11.4.0
NIC: Arm Broadcom Inc. brcm_57414 25000 Mbps
Fail/Total: 0/2
Detail performance results:
+------------+---------+----------+-------------+------------------------------+
| frame_size | txd/rxd | num_cpus | num_threads | throughput difference from |
| | | | | expected |
+============+=========+==========+=============+==============================+
| 64 | 512 | 1 | 1 | -0.5% |
+------------+---------+----------+-------------+------------------------------+
| 64 | 2048 | 1 | 1 | -0.5% |
+------------+---------+----------+-------------+------------------------------+
Ubuntu 22.04
Kernel: 5.15
Compiler: gcc gcc (Ubuntu 11.4.0-1ubuntu1~22.04) 11.4.0
NIC: Broadcom Inc. and subsidiaries BCM57414 NetXtreme-E 10Gb/25Gb RDMA Ethernet Controller 16d7 25 Mbps
Fail/Total: 0/3
Detail performance results:
+------------+---------+----------+-------------+------------------------------+
| frame_size | txd/rxd | num_cpus | num_threads | throughput difference from |
| | | | | expected |
+============+=========+==========+=============+==============================+
| 64 | 128 | 1 | 1 | -0.0% |
+------------+---------+----------+-------------+------------------------------+
| 64 | 512 | 1 | 1 | 0.4% |
+------------+---------+----------+-------------+------------------------------+
| 64 | 2048 | 1 | 1 | -2.4% |
+------------+---------+----------+-------------+------------------------------+
To view detailed results, visit:
https://lab.dpdk.org/results/dashboard/patchsets/34655/
UNH-IOL DPDK Community Lab
To manage your email subscriptions, visit:
https://lab.dpdk.org/results/dashboard/preferences/subscriptions/
^ permalink raw reply [flat|nested] 24+ messages in thread
* |SUCCESS| pw158980-158981 [PATCH] [v4,2/2] dts: rewrite two link top
[not found] <20251121195511.322005-2-abailey@iol.unh.edu>
` (13 preceding siblings ...)
2025-11-21 21:54 ` dpdklab
@ 2025-11-21 21:54 ` dpdklab
2025-11-21 21:54 ` |FAILURE| " dpdklab
` (8 subsequent siblings)
23 siblings, 0 replies; 24+ messages in thread
From: dpdklab @ 2025-11-21 21:54 UTC (permalink / raw)
To: Test Report; +Cc: dpdk-test-reports
Test-Label: iol-intel-Performance
Test-Status: SUCCESS
http://dpdk.org/patch/158981
_Performance Testing PASS_
Submitter: Andrew Bailey <abailey@iol.unh.edu>
Date: Friday, November 21 2025 19:55:11
DPDK git baseline: Repo:dpdk-next-dts
Branch: master
CommitID:53e368696fe13360483caeb8a2ec66827e295bec
158980-158981 --> performance testing pass
Upstream job id: Template-DTS-Pipeline#256006
Test environment and result as below:
Ubuntu 22.04
Kernel: 5.15
Compiler: gcc gcc (Ubuntu 11.4.0-1ubuntu1~22.04.2) 11.4.0
NIC: Intel E810 100000 Mbps
Fail/Total: 0/2
Detail performance results:
+------------+---------+----------+-------------+------------------------------+
| frame_size | txd/rxd | num_cpus | num_threads | throughput difference from |
| | | | | expected |
+============+=========+==========+=============+==============================+
| 64 | 512 | 1 | 1 | 0.2% |
+------------+---------+----------+-------------+------------------------------+
| 64 | 2048 | 1 | 1 | 0.4% |
+------------+---------+----------+-------------+------------------------------+
Ubuntu 20.04
Kernel: 5.4
Compiler: gcc gcc (Ubuntu 9.4.0-1ubuntu1~20.04.1) 9.4.0
NIC: Intel Corporation Ethernet Converged Network Adapter XL710-QDA2 40000 Mbps
Fail/Total: 0/4
Detail performance results:
+----------+-------------+---------+------------+------------------------------+
| num_cpus | num_threads | txd/rxd | frame_size | throughput difference from |
| | | | | expected |
+==========+=============+=========+============+==============================+
| 1 | 2 | 512 | 64 | -1.5% |
+----------+-------------+---------+------------+------------------------------+
| 1 | 2 | 2048 | 64 | 4.0% |
+----------+-------------+---------+------------+------------------------------+
| 1 | 1 | 512 | 64 | -3.6% |
+----------+-------------+---------+------------+------------------------------+
| 1 | 1 | 2048 | 64 | 2.9% |
+----------+-------------+---------+------------+------------------------------+
Ubuntu 24.04
Kernel: 6.8
Compiler: gcc gcc (Ubuntu 13.3.0-6ubuntu2~24.04) 13.3.0
NIC: Intel E810 (Arm Grace Server) 100000 Mbps
Fail/Total: 0/2
Detail performance results:
+------------+---------+----------+-------------+------------------------------+
| frame_size | txd/rxd | num_cpus | num_threads | throughput difference from |
| | | | | expected |
+============+=========+==========+=============+==============================+
| 64 | 512 | 1 | 1 | -0.4% |
+------------+---------+----------+-------------+------------------------------+
| 64 | 2048 | 1 | 1 | -0.6% |
+------------+---------+----------+-------------+------------------------------+
To view detailed results, visit:
https://lab.dpdk.org/results/dashboard/patchsets/34655/
UNH-IOL DPDK Community Lab
To manage your email subscriptions, visit:
https://lab.dpdk.org/results/dashboard/preferences/subscriptions/
^ permalink raw reply [flat|nested] 24+ messages in thread
* |FAILURE| pw158980-158981 [PATCH] [v4,2/2] dts: rewrite two link top
[not found] <20251121195511.322005-2-abailey@iol.unh.edu>
` (14 preceding siblings ...)
2025-11-21 21:54 ` dpdklab
@ 2025-11-21 21:54 ` dpdklab
2025-11-21 22:01 ` |SUCCESS| " dpdklab
` (7 subsequent siblings)
23 siblings, 0 replies; 24+ messages in thread
From: dpdklab @ 2025-11-21 21:54 UTC (permalink / raw)
To: Test Report, Georgii Tkachuk, Qian Xu, Lijuan Tu, Ferruh Yigit
Cc: dpdk-test-reports, Andrew Bailey
Test-Label: iol-intel-Functional
Test-Status: FAILURE
http://dpdk.org/patch/158981
_Functional Testing issues_
Submitter: Andrew Bailey <abailey@iol.unh.edu>
Date: Friday, November 21 2025 19:55:11
DPDK git baseline: Repo:dpdk-next-dts
Branch: master
CommitID:53e368696fe13360483caeb8a2ec66827e295bec
158980-158981 --> functional testing issues
Upstream job id: Template-DTS-Pipeline#256010
Test environment and result as below:
Ubuntu 24.04 LTS
Kernel: 6.8.0-44-generic
Compiler: gcc 13.2.0
NIC: Intel Corporation Ethernet Controller XL710 for 40GbE QSFP+ 40 Mbps
Aggregate Results by Test Suite
+--------------------+--------+
| Test Suite | Result |
+====================+========+
| blocklist | PASS |
+--------------------+--------+
| promisc_support | PASS |
+--------------------+--------+
| uni_pkt | PASS |
+--------------------+--------+
| dynamic_config | FAIL |
+--------------------+--------+
| dynamic_queue_conf | PASS |
+--------------------+--------+
| hello_world | PASS |
+--------------------+--------+
| l2fwd | PASS |
+--------------------+--------+
| softnic | PASS |
+--------------------+--------+
| pmd_buffer_scatter | PASS |
+--------------------+--------+
Ubuntu 24.04
Kernel: 6.8
Compiler: gcc gcc (Ubuntu 13.3.0-6ubuntu2~24.04) 13.3.0
NIC: Intel E810 (Arm Grace Server) 100000 Mbps
Aggregate Results by Test Suite
+--------------------+--------+
| Test Suite | Result |
+====================+========+
| blocklist | PASS |
+--------------------+--------+
| promisc_support | PASS |
+--------------------+--------+
| uni_pkt | PASS |
+--------------------+--------+
| dynamic_config | PASS |
+--------------------+--------+
| softnic | PASS |
+--------------------+--------+
| pmd_buffer_scatter | PASS |
+--------------------+--------+
| vlan | PASS |
+--------------------+--------+
Ubuntu 24.04
Kernel: 6.8
Compiler: gcc gcc (Ubuntu 13.3.0-6ubuntu2~24.04) 13.3.0
NIC: Intel Corporation 4xxx Series QAT 0 Mbps
Aggregate Results by Test Suite
+----------------------------+--------+
| Test Suite | Result |
+============================+========+
| crypto_perf_cryptodev_perf | PASS |
+----------------------------+--------+
Ubuntu 20.04
Kernel: 5.4
Compiler: gcc gcc (Ubuntu 9.4.0-1ubuntu1~20.04.1) 9.4.0
NIC: Intel Corporation Ethernet Converged Network Adapter XL710-QDA2 40000 Mbps
Aggregate Results by Test Suite
+-----------------------------+--------+
| Test Suite | Result |
+=============================+========+
| unit_tests_mbuf | PASS |
+-----------------------------+--------+
| vhost_virtio_user_interrupt | PASS |
+-----------------------------+--------+
| virtio_smoke | PASS |
+-----------------------------+--------+
To view detailed results, visit:
https://lab.dpdk.org/results/dashboard/patchsets/34655/
UNH-IOL DPDK Community Lab
To manage your email subscriptions, visit:
https://lab.dpdk.org/results/dashboard/preferences/subscriptions/
^ permalink raw reply [flat|nested] 24+ messages in thread
* |SUCCESS| pw158980-158981 [PATCH] [v4,2/2] dts: rewrite two link top
[not found] <20251121195511.322005-2-abailey@iol.unh.edu>
` (15 preceding siblings ...)
2025-11-21 21:54 ` |FAILURE| " dpdklab
@ 2025-11-21 22:01 ` dpdklab
2025-11-21 22:07 ` |FAILURE| " dpdklab
` (6 subsequent siblings)
23 siblings, 0 replies; 24+ messages in thread
From: dpdklab @ 2025-11-21 22:01 UTC (permalink / raw)
To: Test Report; +Cc: dpdk-test-reports
Test-Label: iol-sample-apps-testing
Test-Status: SUCCESS
http://dpdk.org/patch/158981
_Testing PASS_
Submitter: Andrew Bailey <abailey@iol.unh.edu>
Date: Friday, November 21 2025 19:55:11
DPDK git baseline: Repo:dpdk-next-dts
Branch: master
CommitID:53e368696fe13360483caeb8a2ec66827e295bec
158980-158981 --> testing pass
Upstream job id: ACVP-FIPS-testing#11898
Test environment and result as below:
+--------------+----------------------+----------------------+
| Environment | dpdk_fips_validation | compressdev_zlib_pmd |
+==============+======================+======================+
| Ubuntu 20.04 | PASS | SKIPPED |
+--------------+----------------------+----------------------+
| Ubuntu 22.04 | SKIPPED | PASS |
+--------------+----------------------+----------------------+
Ubuntu 20.04
Kernel: 5.15
Compiler: gcc gcc (Ubuntu 9.4.0-1ubuntu1~20.04.2) 9.4.0
Ubuntu 22.04
Kernel: 5.15
Compiler: gcc gcc (Ubuntu 11.4.0-1ubuntu1~22.04.2) 11.4.0
To view detailed results, visit:
https://lab.dpdk.org/results/dashboard/patchsets/34655/
UNH-IOL DPDK Community Lab
To manage your email subscriptions, visit:
https://lab.dpdk.org/results/dashboard/preferences/subscriptions/
^ permalink raw reply [flat|nested] 24+ messages in thread
* |FAILURE| pw158980-158981 [PATCH] [v4,2/2] dts: rewrite two link top
[not found] <20251121195511.322005-2-abailey@iol.unh.edu>
` (16 preceding siblings ...)
2025-11-21 22:01 ` |SUCCESS| " dpdklab
@ 2025-11-21 22:07 ` dpdklab
2025-11-21 22:08 ` |SUCCESS| " dpdklab
` (5 subsequent siblings)
23 siblings, 0 replies; 24+ messages in thread
From: dpdklab @ 2025-11-21 22:07 UTC (permalink / raw)
To: Test Report; +Cc: dpdk-test-reports, Andrew Bailey
Test-Label: iol-unit-amd64-testing
Test-Status: FAILURE
http://dpdk.org/patch/158981
_Testing issues_
Submitter: Andrew Bailey <abailey@iol.unh.edu>
Date: Friday, November 21 2025 19:55:11
DPDK git baseline: Repo:dpdk-next-dts
Branch: master
CommitID:53e368696fe13360483caeb8a2ec66827e295bec
158980-158981 --> testing issues
Upstream job id: Generic-VM-Unit-Test-DPDK#32735
Test environment and result as below:
+-------------------------------+----------------+
| Environment | dpdk_unit_test |
+===============================+================+
| Ubuntu 20.04 | PASS |
+-------------------------------+----------------+
| Fedora Linux 42 | PASS |
+-------------------------------+----------------+
| Fedora Linux 40 | PASS |
+-------------------------------+----------------+
| CentOS Stream 9 | PASS |
+-------------------------------+----------------+
| Red Hat Enterprise Linux 8.10 | PASS |
+-------------------------------+----------------+
| Fedora Linux 41 | PASS |
+-------------------------------+----------------+
| Windows Server 2022 | PASS |
+-------------------------------+----------------+
| Ubuntu 22.04 | PASS |
+-------------------------------+----------------+
| Ubuntu 24.04 | PASS |
+-------------------------------+----------------+
| CentOS Stream 10 | PASS |
+-------------------------------+----------------+
| Red Hat Enterprise Linux 9.5 | PASS |
+-------------------------------+----------------+
| Debian GNU/Linux 12 | PASS |
+-------------------------------+----------------+
Ubuntu 20.04
Kernel: 5.15
Compiler: gcc gcc (Ubuntu 9.4.0-1ubuntu1~20.04.2) 9.4.0
Fedora Linux 42
Kernel: 5.15
Compiler: gcc gcc (GCC) 15.2.1 20250808 (Red Hat 15.2.1-1)
Fedora Linux 40
Kernel: 5.15
Compiler: gcc gcc (GCC) 14.2.1 20240912 (Red Hat 14.2.1-3)
CentOS Stream 9
Kernel: 5.15
Compiler: gcc gcc (GCC) 11.5.0 20240719 (Red Hat 11.5.0-11)
Red Hat Enterprise Linux 8.10
Kernel: 5.15
Compiler: gcc gcc (GCC) 8.5.0 20210514 (Red Hat 8.5.0-22)
Fedora Linux 41
Kernel: 5.15
Compiler: clang gcc (GCC) 14.3.1 20250523 (Red Hat 14.3.1-1)
Windows Server 2022
Kernel: 10.0.20348.2031
Compiler: clang 15.0.7, gcc 14.1.0 (MinGW), and MSVC VS 19.39.33521
Ubuntu 22.04
Kernel: 5.15
Compiler: gcc gcc (Ubuntu 11.4.0-1ubuntu1~22.04) 11.4.0
Ubuntu 24.04
Kernel: 5.15
Compiler: gcc gcc (Ubuntu 13.3.0-6ubuntu2~24.04) 13.3.0
CentOS Stream 10
Kernel: 5.15
Compiler: gcc gcc (GCC) 14.2.1 20250110 (Red Hat 14.2.1-8)
Red Hat Enterprise Linux 9.5
Kernel: 5.15
Compiler: gcc gcc (GCC) 11.5.0 20240719 (Red Hat 11.5.0-2)
Debian GNU/Linux 12
Kernel: 5.15
Compiler: gcc gcc (Debian 12.2.0-14+deb12u1) 12.2.0
To view detailed results, visit:
https://lab.dpdk.org/results/dashboard/patchsets/34655/
UNH-IOL DPDK Community Lab
To manage your email subscriptions, visit:
https://lab.dpdk.org/results/dashboard/preferences/subscriptions/
^ permalink raw reply [flat|nested] 24+ messages in thread
* |SUCCESS| pw158980-158981 [PATCH] [v4,2/2] dts: rewrite two link top
[not found] <20251121195511.322005-2-abailey@iol.unh.edu>
` (17 preceding siblings ...)
2025-11-21 22:07 ` |FAILURE| " dpdklab
@ 2025-11-21 22:08 ` dpdklab
2025-11-21 22:13 ` dpdklab
` (4 subsequent siblings)
23 siblings, 0 replies; 24+ messages in thread
From: dpdklab @ 2025-11-21 22:08 UTC (permalink / raw)
To: Test Report; +Cc: dpdk-test-reports
Test-Label: iol-compile-amd64-testing
Test-Status: SUCCESS
http://dpdk.org/patch/158981
_Testing PASS_
Submitter: Andrew Bailey <abailey@iol.unh.edu>
Date: Friday, November 21 2025 19:55:11
DPDK git baseline: Repo:dpdk-next-dts
Branch: master
CommitID:53e368696fe13360483caeb8a2ec66827e295bec
158980-158981 --> testing pass
Upstream job id: Windows-Compile-DPDK-Native#32568
Test environment and result as below:
+---------------------+--------------------+-------------------------+-------------------+----------------------+
| Environment | dpdk_meson_compile | dpdk_llvm_clang_compile | dpdk_msvc_compile | dpdk_mingw64_compile |
+=====================+====================+=========================+===================+======================+
| Ubuntu 20.04 | PASS | SKIPPED | SKIPPED | SKIPPED |
+---------------------+--------------------+-------------------------+-------------------+----------------------+
| FreeBSD 14.2 | PASS | SKIPPED | SKIPPED | SKIPPED |
+---------------------+--------------------+-------------------------+-------------------+----------------------+
| Windows Server 2025 | SKIPPED | PASS | SKIPPED | SKIPPED |
+---------------------+--------------------+-------------------------+-------------------+----------------------+
| Windows Server 2022 | SKIPPED | SKIPPED | PASS | PASS |
+---------------------+--------------------+-------------------------+-------------------+----------------------+
Ubuntu 20.04
Kernel: 4.19
Compiler: gcc gcc (Ubuntu 9.4.0-1ubuntu1~20.04.2) 9.4.0
FreeBSD 14.2
Kernel: 14.2-RELEASE
Compiler: clang 18.1.6
Windows Server 2025
Kernel: 10.0.26100
Compiler: clang 15.0.7, gcc 14.1.0 (MinGW), and MSVC VS 19.39.33521
Windows Server 2022
Kernel: 10.0.20348.2031
Compiler: clang 15.0.7, gcc 14.1.0 (MinGW), and MSVC VS 19.39.33521
To view detailed results, visit:
https://lab.dpdk.org/results/dashboard/patchsets/34655/
UNH-IOL DPDK Community Lab
To manage your email subscriptions, visit:
https://lab.dpdk.org/results/dashboard/preferences/subscriptions/
^ permalink raw reply [flat|nested] 24+ messages in thread
* |SUCCESS| pw158980-158981 [PATCH] [v4,2/2] dts: rewrite two link top
[not found] <20251121195511.322005-2-abailey@iol.unh.edu>
` (18 preceding siblings ...)
2025-11-21 22:08 ` |SUCCESS| " dpdklab
@ 2025-11-21 22:13 ` dpdklab
2025-11-21 22:14 ` |FAILURE| " dpdklab
` (3 subsequent siblings)
23 siblings, 0 replies; 24+ messages in thread
From: dpdklab @ 2025-11-21 22:13 UTC (permalink / raw)
To: Test Report; +Cc: dpdk-test-reports
Test-Label: iol-sample-apps-testing
Test-Status: SUCCESS
http://dpdk.org/patch/158981
_Testing PASS_
Submitter: Andrew Bailey <abailey@iol.unh.edu>
Date: Friday, November 21 2025 19:55:11
DPDK git baseline: Repo:dpdk-next-dts
Branch: master
CommitID:53e368696fe13360483caeb8a2ec66827e295bec
158980-158981 --> testing pass
Upstream job id: Template-DTS-Pipeline#256014
Test environment and result as below:
+--------------+----------------------+----------------------+
| Environment | dpdk_fips_validation | compressdev_zlib_pmd |
+==============+======================+======================+
| Ubuntu 20.04 | PASS | SKIPPED |
+--------------+----------------------+----------------------+
| Ubuntu 22.04 | SKIPPED | PASS |
+--------------+----------------------+----------------------+
Ubuntu 20.04
Kernel: 5.15
Compiler: gcc gcc (Ubuntu 9.4.0-1ubuntu1~20.04.2) 9.4.0
Ubuntu 22.04
Kernel: 5.15
Compiler: gcc gcc (Ubuntu 11.4.0-1ubuntu1~22.04.2) 11.4.0
To view detailed results, visit:
https://lab.dpdk.org/results/dashboard/patchsets/34655/
UNH-IOL DPDK Community Lab
To manage your email subscriptions, visit:
https://lab.dpdk.org/results/dashboard/preferences/subscriptions/
^ permalink raw reply [flat|nested] 24+ messages in thread
* |FAILURE| pw158980-158981 [PATCH] [v4,2/2] dts: rewrite two link top
[not found] <20251121195511.322005-2-abailey@iol.unh.edu>
` (19 preceding siblings ...)
2025-11-21 22:13 ` dpdklab
@ 2025-11-21 22:14 ` dpdklab
2025-11-21 22:17 ` dpdklab
` (2 subsequent siblings)
23 siblings, 0 replies; 24+ messages in thread
From: dpdklab @ 2025-11-21 22:14 UTC (permalink / raw)
To: Test Report; +Cc: dpdk-test-reports, Andrew Bailey
Test-Label: iol-unit-amd64-testing
Test-Status: FAILURE
http://dpdk.org/patch/158981
_Testing issues_
Submitter: Andrew Bailey <abailey@iol.unh.edu>
Date: Friday, November 21 2025 19:55:11
DPDK git baseline: Repo:dpdk-next-dts
Branch: master
CommitID:53e368696fe13360483caeb8a2ec66827e295bec
158980-158981 --> testing issues
Upstream job id: Generic-VM-Unit-Test-DPDK#32736
Test environment and result as below:
+-------------------------------+----------------+
| Environment | dpdk_unit_test |
+===============================+================+
| Ubuntu 20.04 | PASS |
+-------------------------------+----------------+
| Fedora Linux 42 | PASS |
+-------------------------------+----------------+
| Fedora Linux 40 | PASS |
+-------------------------------+----------------+
| CentOS Stream 9 | PASS |
+-------------------------------+----------------+
| Red Hat Enterprise Linux 8.10 | PASS |
+-------------------------------+----------------+
| Fedora Linux 41 | PASS |
+-------------------------------+----------------+
| Windows Server 2022 | PASS |
+-------------------------------+----------------+
| Ubuntu 22.04 | PASS |
+-------------------------------+----------------+
| Ubuntu 24.04 | PASS |
+-------------------------------+----------------+
| CentOS Stream 10 | PASS |
+-------------------------------+----------------+
| Red Hat Enterprise Linux 9.5 | PASS |
+-------------------------------+----------------+
| Debian GNU/Linux 12 | PASS |
+-------------------------------+----------------+
Ubuntu 20.04
Kernel: 5.15
Compiler: gcc gcc (Ubuntu 9.4.0-1ubuntu1~20.04.2) 9.4.0
Fedora Linux 42
Kernel: 5.15
Compiler: gcc gcc (GCC) 15.2.1 20250808 (Red Hat 15.2.1-1)
Fedora Linux 40
Kernel: 5.15
Compiler: gcc gcc (GCC) 14.2.1 20240912 (Red Hat 14.2.1-3)
CentOS Stream 9
Kernel: 5.15
Compiler: gcc gcc (GCC) 11.5.0 20240719 (Red Hat 11.5.0-11)
Red Hat Enterprise Linux 8.10
Kernel: 5.15
Compiler: gcc gcc (GCC) 8.5.0 20210514 (Red Hat 8.5.0-22)
Fedora Linux 41
Kernel: 5.15
Compiler: clang gcc (GCC) 14.3.1 20250523 (Red Hat 14.3.1-1)
Windows Server 2022
Kernel: 10.0.20348.2031
Compiler: clang 15.0.7, gcc 14.1.0 (MinGW), and MSVC VS 19.39.33521
Ubuntu 22.04
Kernel: 5.15
Compiler: gcc gcc (Ubuntu 11.4.0-1ubuntu1~22.04) 11.4.0
Ubuntu 24.04
Kernel: 5.15
Compiler: gcc gcc (Ubuntu 13.3.0-6ubuntu2~24.04) 13.3.0
CentOS Stream 10
Kernel: 5.15
Compiler: gcc gcc (GCC) 14.2.1 20250110 (Red Hat 14.2.1-8)
Red Hat Enterprise Linux 9.5
Kernel: 5.15
Compiler: gcc gcc (GCC) 11.5.0 20240719 (Red Hat 11.5.0-2)
Debian GNU/Linux 12
Kernel: 5.15
Compiler: gcc gcc (Debian 12.2.0-14+deb12u1) 12.2.0
To view detailed results, visit:
https://lab.dpdk.org/results/dashboard/patchsets/34655/
UNH-IOL DPDK Community Lab
To manage your email subscriptions, visit:
https://lab.dpdk.org/results/dashboard/preferences/subscriptions/
^ permalink raw reply [flat|nested] 24+ messages in thread
* |FAILURE| pw158980-158981 [PATCH] [v4,2/2] dts: rewrite two link top
[not found] <20251121195511.322005-2-abailey@iol.unh.edu>
` (20 preceding siblings ...)
2025-11-21 22:14 ` |FAILURE| " dpdklab
@ 2025-11-21 22:17 ` dpdklab
2025-11-21 22:41 ` |PENDING| " dpdklab
2025-11-21 22:59 ` |SUCCESS| " dpdklab
23 siblings, 0 replies; 24+ messages in thread
From: dpdklab @ 2025-11-21 22:17 UTC (permalink / raw)
To: Test Report, Georgii Tkachuk, Qian Xu, Lijuan Tu, Ferruh Yigit
Cc: dpdk-test-reports, Andrew Bailey
Test-Label: iol-intel-Functional
Test-Status: FAILURE
http://dpdk.org/patch/158981
_Functional Testing issues_
Submitter: Andrew Bailey <abailey@iol.unh.edu>
Date: Friday, November 21 2025 19:55:11
DPDK git baseline: Repo:dpdk-next-dts
Branch: master
CommitID:53e368696fe13360483caeb8a2ec66827e295bec
158980-158981 --> functional testing issues
Upstream job id: Template-DTS-Pipeline#256012
Test environment and result as below:
Ubuntu 24.04 LTS
Kernel: 6.8.0-44-generic
Compiler: gcc 13.2.0
NIC: Intel Corporation Ethernet Controller XL710 for 40GbE QSFP+ 40 Mbps
Aggregate Results by Test Suite
+--------------------+--------+
| Test Suite | Result |
+====================+========+
| blocklist | PASS |
+--------------------+--------+
| promisc_support | PASS |
+--------------------+--------+
| uni_pkt | PASS |
+--------------------+--------+
| dynamic_config | FAIL |
+--------------------+--------+
| dynamic_queue_conf | PASS |
+--------------------+--------+
| hello_world | PASS |
+--------------------+--------+
| l2fwd | PASS |
+--------------------+--------+
| softnic | PASS |
+--------------------+--------+
| pmd_buffer_scatter | PASS |
+--------------------+--------+
Ubuntu 24.04
Kernel: 6.8
Compiler: gcc gcc (Ubuntu 13.3.0-6ubuntu2~24.04) 13.3.0
NIC: Intel E810 (Arm Grace Server) 100000 Mbps
Aggregate Results by Test Suite
+--------------------+--------+
| Test Suite | Result |
+====================+========+
| blocklist | PASS |
+--------------------+--------+
| promisc_support | PASS |
+--------------------+--------+
| uni_pkt | PASS |
+--------------------+--------+
| dynamic_config | PASS |
+--------------------+--------+
| softnic | PASS |
+--------------------+--------+
| pmd_buffer_scatter | PASS |
+--------------------+--------+
| vlan | PASS |
+--------------------+--------+
Ubuntu 24.04
Kernel: 6.8
Compiler: gcc gcc (Ubuntu 13.3.0-6ubuntu2~24.04) 13.3.0
NIC: Intel Corporation 4xxx Series QAT 0 Mbps
Aggregate Results by Test Suite
+----------------------------+--------+
| Test Suite | Result |
+============================+========+
| crypto_perf_cryptodev_perf | PASS |
+----------------------------+--------+
Ubuntu 22.04
Kernel: 5.15
Compiler: gcc gcc (Ubuntu 11.4.0-1ubuntu1~22.04.2) 11.4.0
NIC: Intel Corporation QAT 8970 0 Mbps
Aggregate Results by Test Suite
+----------------------------+--------+
| Test Suite | Result |
+============================+========+
| crypto_perf_cryptodev_perf | PASS |
+----------------------------+--------+
Ubuntu 20.04
Kernel: 5.4
Compiler: gcc gcc (Ubuntu 9.4.0-1ubuntu1~20.04.1) 9.4.0
NIC: Intel Corporation Ethernet Converged Network Adapter XL710-QDA2 40000 Mbps
Aggregate Results by Test Suite
+-----------------------------+--------+
| Test Suite | Result |
+=============================+========+
| unit_tests_mbuf | PASS |
+-----------------------------+--------+
| vhost_virtio_user_interrupt | PASS |
+-----------------------------+--------+
| virtio_smoke | PASS |
+-----------------------------+--------+
To view detailed results, visit:
https://lab.dpdk.org/results/dashboard/patchsets/34655/
UNH-IOL DPDK Community Lab
To manage your email subscriptions, visit:
https://lab.dpdk.org/results/dashboard/preferences/subscriptions/
^ permalink raw reply [flat|nested] 24+ messages in thread
* |PENDING| pw158980-158981 [PATCH] [v4,2/2] dts: rewrite two link top
[not found] <20251121195511.322005-2-abailey@iol.unh.edu>
` (21 preceding siblings ...)
2025-11-21 22:17 ` dpdklab
@ 2025-11-21 22:41 ` dpdklab
2025-11-21 22:59 ` |SUCCESS| " dpdklab
23 siblings, 0 replies; 24+ messages in thread
From: dpdklab @ 2025-11-21 22:41 UTC (permalink / raw)
To: Test Report; +Cc: dpdk-test-reports
Test-Label: iol-compile-arm64-testing
Test-Status: PENDING
http://dpdk.org/patch/158981
_Testing pending_
Submitter: Andrew Bailey <abailey@iol.unh.edu>
Date: Friday, November 21 2025 19:55:11
DPDK git baseline: Repo:dpdk-next-dts
Branch: master
CommitID:53e368696fe13360483caeb8a2ec66827e295bec
158980-158981 --> testing pending
Upstream job id: Generic-DPDK-Compile-Meson#446628
Test environment and result as below:
+------------------------------+--------------------+
| Environment | dpdk_meson_compile |
+==============================+====================+
| Red Hat Enterprise Linux 9.5 | PEND |
+------------------------------+--------------------+
| Ubuntu 20.04 | PASS |
+------------------------------+--------------------+
| Debian GNU/Linux 12 | PEND |
+------------------------------+--------------------+
| Fedora Linux 42 | PEND |
+------------------------------+--------------------+
| Ubuntu 22.04 | PEND |
+------------------------------+--------------------+
| Ubuntu 24.04 | PEND |
+------------------------------+--------------------+
| CentOS Stream 9 | PEND |
+------------------------------+--------------------+
| CentOS Stream 10 | PEND |
+------------------------------+--------------------+
Red Hat Enterprise Linux 9.5
Kernel: 5.4
Compiler: gcc gcc (GCC) 11.5.0 20240719 (Red Hat 11.5.0-2)
Ubuntu 20.04
Kernel: 5.15
Compiler: aarch64-linux-gnu-gcc gcc (Ubuntu 9.4.0-1ubuntu1~20.04.2) 9.4.0
Debian GNU/Linux 12
Kernel: 5.4
Compiler: gcc gcc (Debian 12.2.0-14+deb12u1) 12.2.0
Fedora Linux 42
Kernel: 5.4
Compiler: gcc gcc (GCC) 15.2.1 20250808 (Red Hat 15.2.1-1)
Ubuntu 22.04
Kernel: 5.4
Compiler: gcc gcc (Ubuntu 11.4.0-1ubuntu1~22.04) 11.4.0
Ubuntu 24.04
Kernel: 5.4
Compiler: gcc gcc (Ubuntu 13.3.0-6ubuntu2~24.04) 13.3.0
CentOS Stream 9
Kernel: 5.4
Compiler: gcc gcc (GCC) 11.5.0 20240719 (Red Hat 11.5.0-11)
CentOS Stream 10
Kernel: 5.4
Compiler: gcc gcc (GCC) 14.2.1 20250110 (Red Hat 14.2.1-8)
To view detailed results, visit:
https://lab.dpdk.org/results/dashboard/patchsets/34655/
UNH-IOL DPDK Community Lab
To manage your email subscriptions, visit:
https://lab.dpdk.org/results/dashboard/preferences/subscriptions/
^ permalink raw reply [flat|nested] 24+ messages in thread
* |SUCCESS| pw158980-158981 [PATCH] [v4,2/2] dts: rewrite two link top
[not found] <20251121195511.322005-2-abailey@iol.unh.edu>
` (22 preceding siblings ...)
2025-11-21 22:41 ` |PENDING| " dpdklab
@ 2025-11-21 22:59 ` dpdklab
23 siblings, 0 replies; 24+ messages in thread
From: dpdklab @ 2025-11-21 22:59 UTC (permalink / raw)
To: Test Report; +Cc: dpdk-test-reports
Test-Label: iol-compile-amd64-testing
Test-Status: SUCCESS
http://dpdk.org/patch/158981
_Testing PASS_
Submitter: Andrew Bailey <abailey@iol.unh.edu>
Date: Friday, November 21 2025 19:55:11
DPDK git baseline: Repo:dpdk-next-dts
Branch: master
CommitID:53e368696fe13360483caeb8a2ec66827e295bec
158980-158981 --> testing pass
Upstream job id: Generic-DPDK-Compile-Meson#446632
Test environment and result as below:
+-------------------------------+--------------------+-------------------------+-------------------+----------------------+------------------+
| Environment | dpdk_meson_compile | dpdk_llvm_clang_compile | dpdk_msvc_compile | dpdk_mingw64_compile | dpdk_compile_ovs |
+===============================+====================+=========================+===================+======================+==================+
| Ubuntu 20.04 | PASS | SKIPPED | SKIPPED | SKIPPED | SKIPPED |
+-------------------------------+--------------------+-------------------------+-------------------+----------------------+------------------+
| FreeBSD 14.2 | PASS | SKIPPED | SKIPPED | SKIPPED | SKIPPED |
+-------------------------------+--------------------+-------------------------+-------------------+----------------------+------------------+
| CentOS Stream 9 | PASS | SKIPPED | SKIPPED | SKIPPED | SKIPPED |
+-------------------------------+--------------------+-------------------------+-------------------+----------------------+------------------+
| CentOS Stream 10 | PASS | SKIPPED | SKIPPED | SKIPPED | SKIPPED |
+-------------------------------+--------------------+-------------------------+-------------------+----------------------+------------------+
| Debian GNU/Linux 12 | PASS | SKIPPED | SKIPPED | SKIPPED | SKIPPED |
+-------------------------------+--------------------+-------------------------+-------------------+----------------------+------------------+
| Fedora Linux 42 | PASS | SKIPPED | SKIPPED | SKIPPED | PASS |
+-------------------------------+--------------------+-------------------------+-------------------+----------------------+------------------+
| openSUSE Leap 15.6 | PASS | SKIPPED | SKIPPED | SKIPPED | SKIPPED |
+-------------------------------+--------------------+-------------------------+-------------------+----------------------+------------------+
| Red Hat Enterprise Linux 9.5 | PASS | SKIPPED | SKIPPED | SKIPPED | SKIPPED |
+-------------------------------+--------------------+-------------------------+-------------------+----------------------+------------------+
| Red Hat Enterprise Linux 8.10 | PASS | SKIPPED | SKIPPED | SKIPPED | SKIPPED |
+-------------------------------+--------------------+-------------------------+-------------------+----------------------+------------------+
| Ubuntu 22.04 | PASS | SKIPPED | SKIPPED | SKIPPED | SKIPPED |
+-------------------------------+--------------------+-------------------------+-------------------+----------------------+------------------+
| Ubuntu 24.04 | PASS | SKIPPED | SKIPPED | SKIPPED | PASS |
+-------------------------------+--------------------+-------------------------+-------------------+----------------------+------------------+
| Alpine Linux 3.22.0 | PASS | SKIPPED | SKIPPED | SKIPPED | SKIPPED |
+-------------------------------+--------------------+-------------------------+-------------------+----------------------+------------------+
| Windows Server 2025 | SKIPPED | PASS | SKIPPED | SKIPPED | SKIPPED |
+-------------------------------+--------------------+-------------------------+-------------------+----------------------+------------------+
| Windows Server 2022 | SKIPPED | SKIPPED | PASS | PASS | SKIPPED |
+-------------------------------+--------------------+-------------------------+-------------------+----------------------+------------------+
Ubuntu 20.04
Kernel: 4.19
Compiler: gcc gcc (Ubuntu 9.4.0-1ubuntu1~20.04.2) 9.4.0
FreeBSD 14.2
Kernel: 14.2-RELEASE
Compiler: clang 18.1.6
CentOS Stream 9
Kernel: 5.15
Compiler: gcc gcc (GCC) 11.5.0 20240719 (Red Hat 11.5.0-11)
CentOS Stream 10
Kernel: 5.15
Compiler: gcc gcc (GCC) 14.2.1 20250110 (Red Hat 14.2.1-8)
Debian GNU/Linux 12
Kernel: 5.15
Compiler: gcc gcc (Debian 12.2.0-14+deb12u1) 12.2.0
Fedora Linux 42
Kernel: 5.15
Compiler: clang gcc (GCC) 15.2.1 20250808 (Red Hat 15.2.1-1)
openSUSE Leap 15.6
Kernel: 5.15
Compiler: gcc gcc (SUSE Linux) 7.5.0
Red Hat Enterprise Linux 9.5
Kernel: 5.15
Compiler: gcc gcc (GCC) 11.5.0 20240719 (Red Hat 11.5.0-2)
Red Hat Enterprise Linux 8.10
Kernel: 5.15
Compiler: gcc gcc (GCC) 8.5.0 20210514 (Red Hat 8.5.0-22)
Ubuntu 22.04
Kernel: 5.15
Compiler: gcc gcc (Ubuntu 11.4.0-1ubuntu1~22.04) 11.4.0
Ubuntu 24.04
Kernel: 5.15
Compiler: gcc gcc (Ubuntu 13.3.0-6ubuntu2~24.04) 13.3.0
Alpine Linux 3.22.0
Kernel: 5.15
Compiler: gcc gcc (Alpine 14.2.0) 14.2.0
Windows Server 2025
Kernel: 10.0.26100
Compiler: clang 15.0.7, gcc 14.1.0 (MinGW), and MSVC VS 19.39.33521
Windows Server 2022
Kernel: 10.0.20348.2031
Compiler: clang 15.0.7, gcc 14.1.0 (MinGW), and MSVC VS 19.39.33521
To view detailed results, visit:
https://lab.dpdk.org/results/dashboard/patchsets/34655/
UNH-IOL DPDK Community Lab
To manage your email subscriptions, visit:
https://lab.dpdk.org/results/dashboard/preferences/subscriptions/
^ permalink raw reply [flat|nested] 24+ messages in thread
end of thread, other threads:[~2025-11-21 22:59 UTC | newest]
Thread overview: 24+ messages (download: mbox.gz / follow: Atom feed)
-- links below jump to the message on this page --
[not found] <20251121195511.322005-2-abailey@iol.unh.edu>
2025-11-21 19:21 ` |SUCCESS| pw158980-158981 [PATCH v4 2/2] dts: rewrite two link topology requirements qemudev
2025-11-21 19:26 ` qemudev
2025-11-21 19:55 ` |SUCCESS| pw158981 " checkpatch
2025-11-21 21:27 ` |SUCCESS| pw158980-158981 [PATCH] [v4,2/2] dts: rewrite two link top dpdklab
2025-11-21 21:30 ` |PENDING| " dpdklab
2025-11-21 21:32 ` dpdklab
2025-11-21 21:35 ` |FAILURE| " dpdklab
2025-11-21 21:37 ` |PENDING| " dpdklab
2025-11-21 21:37 ` |SUCCESS| " dpdklab
2025-11-21 21:41 ` |PENDING| " dpdklab
2025-11-21 21:51 ` |FAILURE| " dpdklab
2025-11-21 21:51 ` dpdklab
2025-11-21 21:53 ` |SUCCESS| " dpdklab
2025-11-21 21:54 ` dpdklab
2025-11-21 21:54 ` dpdklab
2025-11-21 21:54 ` |FAILURE| " dpdklab
2025-11-21 22:01 ` |SUCCESS| " dpdklab
2025-11-21 22:07 ` |FAILURE| " dpdklab
2025-11-21 22:08 ` |SUCCESS| " dpdklab
2025-11-21 22:13 ` dpdklab
2025-11-21 22:14 ` |FAILURE| " dpdklab
2025-11-21 22:17 ` dpdklab
2025-11-21 22:41 ` |PENDING| " dpdklab
2025-11-21 22:59 ` |SUCCESS| " dpdklab
This is a public inbox, see mirroring instructions
for how to clone and mirror all data and code used for this inbox;
as well as URLs for NNTP newsgroup(s).