From mboxrd@z Thu Jan 1 00:00:00 1970 Return-Path: Received: from mails.dpdk.org (mails.dpdk.org [217.70.189.124]) by inbox.dpdk.org (Postfix) with ESMTP id 69F9548B6E for ; Fri, 21 Nov 2025 23:14:13 +0100 (CET) Received: from mails.dpdk.org (localhost [127.0.0.1]) by mails.dpdk.org (Postfix) with ESMTP id 64F6F40269; Fri, 21 Nov 2025 23:14:13 +0100 (CET) Received: from mail-pl1-f226.google.com (mail-pl1-f226.google.com [209.85.214.226]) by mails.dpdk.org (Postfix) with ESMTP id 85B3B40269 for ; Fri, 21 Nov 2025 23:14:12 +0100 (CET) Received: by mail-pl1-f226.google.com with SMTP id d9443c01a7336-2984dfae043so22862695ad.0 for ; Fri, 21 Nov 2025 14:14:12 -0800 (PST) DKIM-Signature: v=1; a=rsa-sha256; c=relaxed/relaxed; d=iol.unh.edu; s=unh-iol; t=1763763251; x=1764368051; darn=dpdk.org; h=references:in-reply-to:cc:to:from:subject:message-id:date:from:to :cc:subject:date:message-id:reply-to; bh=GBxLv7zzMPqVed7D7w1rm9AZS+c5/ooTUYhh/jdIIRU=; b=Ghpq3/dYTp4oUK5j6bU2lZUbdpihZNdUiS04ZC2MqEYRTpctYeLdkx7b0T6qpzGYdb 282364JwjGlEbsn6GBMDH6nslHYkqOK0bagxjo/0tVl4HqbNpUVrY9t0/guDQ2xh47WJ YPsujcJMdiw7rFQPXmCQfqrPT2VoSVcN/eTQs= X-Google-DKIM-Signature: v=1; a=rsa-sha256; c=relaxed/relaxed; d=1e100.net; s=20230601; t=1763763251; x=1764368051; h=references:in-reply-to:cc:to:from:subject:message-id:date:x-gm-gg :x-gm-message-state:from:to:cc:subject:date:message-id:reply-to; bh=GBxLv7zzMPqVed7D7w1rm9AZS+c5/ooTUYhh/jdIIRU=; b=Em0U9ej7JcgzsnVFuWMMQEWhKbEpEESYLwjiDFOFqXIJl7ymCNtR4I3r7xZCZM+zbd MLegfRa6Hf7too5VHU/lOZI7aQU45+m52/RA04T1ChYOM3U2OX+MJaKtm7NTdUskPbRb z9d4sFGrQb68cJyeUAwSdvjNuTjHTlXSKTWdCaEjfSFCmRBoQHW1w+318eji9RKTuvVu Mnktltg6zA1DBrSv61YdpsWUstkGl2QIWbmNiQVAN+RftdXPWdG/26Qm2+LtTWlX4n/8 VaJdqmlkV2qSVqn6NnKrxrD/0j01n3Y8+SHle/aI4yB+UXNK7ZEURBxmH5WZ3i0+fvEw uJ7A== X-Gm-Message-State: AOJu0YxIMfTW1PJctIVGHkKNrCR01EayMLe846ref6jXpaOCcWeY5r5j XBpU6LbFPTugBTiFW1lVDgs2Wb6Z597IQyINNSzqENOFERBkfONepeFmW+PCUa0v0aSr+N8LYwt eSk7qxxtGFt48W02W5TqRKhh20xaAMc2XF9j6bgIbLTHu X-Gm-Gg: ASbGnctd1mQkCWbHJb6N9Vtg8/1GJyTXuJ0J2kL1JPWuxbQLxu0t8aMU3sCA/LdYYIy 33W1TAPh7CkDmfboOpZXkoOjifTfjl2IDo2h7kmHTT2KDX/FHSBmQh3LL917iYT8jvBshtILYPk fDVMSfpoMpArRFjjO2FHQOgM6OGv0+U1H3qknPDyvxvcmFkc2eRYnSZxMKsIJY32kpufO7QDadC h733JJv6nY2UTjgxxIqtzI4OxO1qIPF83K12+shBBfQSutzUGV5z3yfs1G20xmkPDEIMmJnpMYj 8xYEYuWySI2YloYru38Sl4m7YXXSOK+A9EesFjDrDpOYckcQBSOt6nL0WLZHcvVNifZYDbs889V WN5gp/M6Qf511hAD48BnNHS5VYhrbzUiP40du3enj/w== X-Google-Smtp-Source: AGHT+IEKQAXslJ5dPG3ruwEMRPgdWgFxlK+c6Dp/w/gBSDG8ZimWRGP4044YpqIofCLOraRCaTrff/DPRyXL X-Received: by 2002:a17:903:2ecc:b0:295:94e1:91da with SMTP id d9443c01a7336-29b6c57230dmr40534975ad.33.1763763251584; Fri, 21 Nov 2025 14:14:11 -0800 (PST) Received: from postal.iol.unh.edu (postal.iol.unh.edu. [132.177.123.84]) by smtp-relay.gmail.com with ESMTPS id d9443c01a7336-29b5b111dadsm7374145ad.6.2025.11.21.14.14.11 (version=TLS1_2 cipher=ECDHE-ECDSA-AES128-GCM-SHA256 bits=128/128); Fri, 21 Nov 2025 14:14:11 -0800 (PST) X-Relaying-Domain: iol.unh.edu Date: Fri, 21 Nov 2025 14:14:11 -0800 (PST) Message-ID: <6920e433.170a0220.317a37.594eSMTPIN_ADDED_MISSING@mx.google.com> Received: from [172.21.0.2] (unknown [172.18.0.240]) by postal.iol.unh.edu (Postfix) with ESMTP id D250F6051830; Fri, 21 Nov 2025 17:14:10 -0500 (EST) Subject: |FAILURE| pw158980-158981 [PATCH] [v4,2/2] dts: rewrite two link top From: dpdklab@iol.unh.edu To: Test Report Cc: dpdk-test-reports@iol.unh.edu, Andrew Bailey In-Reply-To: <20251121195511.322005-2-abailey@iol.unh.edu> References: <20251121195511.322005-2-abailey@iol.unh.edu> Content-Type: text/plain X-BeenThere: test-report@dpdk.org X-Mailman-Version: 2.1.29 Precedence: list List-Id: automatic DPDK test reports List-Unsubscribe: , List-Archive: List-Post: List-Help: List-Subscribe: , Errors-To: test-report-bounces@dpdk.org Test-Label: iol-unit-amd64-testing Test-Status: FAILURE http://dpdk.org/patch/158981 _Testing issues_ Submitter: Andrew Bailey Date: Friday, November 21 2025 19:55:11 DPDK git baseline: Repo:dpdk-next-dts Branch: master CommitID:53e368696fe13360483caeb8a2ec66827e295bec 158980-158981 --> testing issues Upstream job id: Generic-VM-Unit-Test-DPDK#32736 Test environment and result as below: +-------------------------------+----------------+ | Environment | dpdk_unit_test | +===============================+================+ | Ubuntu 20.04 | PASS | +-------------------------------+----------------+ | Fedora Linux 42 | PASS | +-------------------------------+----------------+ | Fedora Linux 40 | PASS | +-------------------------------+----------------+ | CentOS Stream 9 | PASS | +-------------------------------+----------------+ | Red Hat Enterprise Linux 8.10 | PASS | +-------------------------------+----------------+ | Fedora Linux 41 | PASS | +-------------------------------+----------------+ | Windows Server 2022 | PASS | +-------------------------------+----------------+ | Ubuntu 22.04 | PASS | +-------------------------------+----------------+ | Ubuntu 24.04 | PASS | +-------------------------------+----------------+ | CentOS Stream 10 | PASS | +-------------------------------+----------------+ | Red Hat Enterprise Linux 9.5 | PASS | +-------------------------------+----------------+ | Debian GNU/Linux 12 | PASS | +-------------------------------+----------------+ Ubuntu 20.04 Kernel: 5.15 Compiler: gcc gcc (Ubuntu 9.4.0-1ubuntu1~20.04.2) 9.4.0 Fedora Linux 42 Kernel: 5.15 Compiler: gcc gcc (GCC) 15.2.1 20250808 (Red Hat 15.2.1-1) Fedora Linux 40 Kernel: 5.15 Compiler: gcc gcc (GCC) 14.2.1 20240912 (Red Hat 14.2.1-3) CentOS Stream 9 Kernel: 5.15 Compiler: gcc gcc (GCC) 11.5.0 20240719 (Red Hat 11.5.0-11) Red Hat Enterprise Linux 8.10 Kernel: 5.15 Compiler: gcc gcc (GCC) 8.5.0 20210514 (Red Hat 8.5.0-22) Fedora Linux 41 Kernel: 5.15 Compiler: clang gcc (GCC) 14.3.1 20250523 (Red Hat 14.3.1-1) Windows Server 2022 Kernel: 10.0.20348.2031 Compiler: clang 15.0.7, gcc 14.1.0 (MinGW), and MSVC VS 19.39.33521 Ubuntu 22.04 Kernel: 5.15 Compiler: gcc gcc (Ubuntu 11.4.0-1ubuntu1~22.04) 11.4.0 Ubuntu 24.04 Kernel: 5.15 Compiler: gcc gcc (Ubuntu 13.3.0-6ubuntu2~24.04) 13.3.0 CentOS Stream 10 Kernel: 5.15 Compiler: gcc gcc (GCC) 14.2.1 20250110 (Red Hat 14.2.1-8) Red Hat Enterprise Linux 9.5 Kernel: 5.15 Compiler: gcc gcc (GCC) 11.5.0 20240719 (Red Hat 11.5.0-2) Debian GNU/Linux 12 Kernel: 5.15 Compiler: gcc gcc (Debian 12.2.0-14+deb12u1) 12.2.0 To view detailed results, visit: https://lab.dpdk.org/results/dashboard/patchsets/34655/ UNH-IOL DPDK Community Lab To manage your email subscriptions, visit: https://lab.dpdk.org/results/dashboard/preferences/subscriptions/