From mboxrd@z Thu Jan 1 00:00:00 1970 Return-Path: Received: from mails.dpdk.org (mails.dpdk.org [217.70.189.124]) by inbox.dpdk.org (Postfix) with ESMTP id 10D6448B70 for ; Sat, 22 Nov 2025 04:24:47 +0100 (CET) Received: from mails.dpdk.org (localhost [127.0.0.1]) by mails.dpdk.org (Postfix) with ESMTP id D42C5400EF; Sat, 22 Nov 2025 04:24:46 +0100 (CET) Received: from mail-ot1-f99.google.com (mail-ot1-f99.google.com [209.85.210.99]) by mails.dpdk.org (Postfix) with ESMTP id A1C21400EF for ; Sat, 22 Nov 2025 04:24:45 +0100 (CET) Received: by mail-ot1-f99.google.com with SMTP id 46e09a7af769-7c704bf2d9eso1295825a34.0 for ; Fri, 21 Nov 2025 19:24:45 -0800 (PST) DKIM-Signature: v=1; a=rsa-sha256; c=relaxed/relaxed; d=iol.unh.edu; s=unh-iol; t=1763781885; x=1764386685; darn=dpdk.org; h=references:in-reply-to:cc:to:from:subject:message-id:date:from:to :cc:subject:date:message-id:reply-to; bh=EWU2MjQNdWzlEHCQK+7WjelX9ThOexRIDmK85GxunDA=; b=RIrUESbY+LlxGsPRZYravX6W8qcD16jcpmi05FhVhS15+xNaHlmYC6bipV9ccSHL6Y 1sID+M3u93eafvK8qpAyuExE5pkbjBx2nA55VJjtM+abXcVULiQC9DRvj0/pmpegRwws q/b33Dz0L6l24Q8qQbtBNmqd3/blh4WjWrvPA= X-Google-DKIM-Signature: v=1; a=rsa-sha256; c=relaxed/relaxed; d=1e100.net; s=20230601; t=1763781885; x=1764386685; h=references:in-reply-to:cc:to:from:subject:message-id:date:x-gm-gg :x-gm-message-state:from:to:cc:subject:date:message-id:reply-to; bh=EWU2MjQNdWzlEHCQK+7WjelX9ThOexRIDmK85GxunDA=; b=VChM1TQDNehBREz313E3HUjxGADeK1v/Ozq979FPQ4lOCAiw8pWEseUp4UATXHiZ4D r7s/JmKf5+8B7XzjKM55i8CoC/NLHV2Db7RaVYdSf6456io1oAB8KpnYQI6QCPRiRiNS sWk/u+Aj/tqCeRlnIAFDRLjIZRQ+tqF48aQMtUTzvi6zSDK3K3zcX8JKWadZ+NVzMJzI f6a586jC/D4ILJTG70/u0RSovjnvwaArNhGmRMHzalwxR7412iW9XOzlcRgfRDYcYSAO wQoZwniH7vOHnPWF6fbOFaNlfp+EcFmHJDkrBHODE0hPc/yvhCyiOm7cwoAHTnt+6VVX qoHA== X-Gm-Message-State: AOJu0YyOB32mOFlVvokBdr2PXIJ7NxE/JkA6SKBol/sV4+4OM6uS9vdQ gEzefE0wHQg2Ope6ukaTnuvnjVzbdeCCvs8wvDdhMDNtUBzyblxUtg1hCyIIN/3mJLME1amHdK0 bANq4THSuLLAvg5Ij3UITM+OxaTXU8Jct5RT5gl9dfetw X-Gm-Gg: ASbGncsRWO4+Eb88dEWnnh6QUIm8JhJvBhS1cPXQ1qhIAhABW51QZdQMCUiijq+LGqT qUyoUlhPd3HPCdRk6luNBY3K3N2lohsBPWq5BDwjHtBakEQ5hspobQzLgkBWWDtSJ8Bl7bFurGP 9dONG5c/eyewzVPdmqWYuPauKh3ys8fmvGVxZKLxzXrYxosCfKwKJTXsVSbo+Lp1+zgqXLC5PAQ KmIYkBm+4tUezfXhxZ+n9QbZocoJzt7s8ebKvoWTn3IHe2JBQVdYorKEDHPes97uFcaQPxZCRm0 a+iaF1LU0RBV9Qsgk8oAmm1Mee+mU3HBsafFa6CXt12v9wPygw6hfmrcToPCZPOFvqNaXXp1cqx I+mrRN6qQfa9IPcwYWJSM+l+N3j7YL6fa+WzYElHJCA== X-Google-Smtp-Source: AGHT+IEUpRzIOn1CCn5Qtn6I3KQc3lb5plu+KCvTj+iieGwNpTnKyMU3Ty+wOX6O/h/DQdilmTK+D+PKH+g+ X-Received: by 2002:a05:6830:43a5:b0:7af:1d61:1055 with SMTP id 46e09a7af769-7c798cbc922mr2234794a34.21.1763781884749; Fri, 21 Nov 2025 19:24:44 -0800 (PST) Received: from postal.iol.unh.edu (postal.iol.unh.edu. [132.177.123.84]) by smtp-relay.gmail.com with ESMTPS id 46e09a7af769-7c78d3a581esm846060a34.5.2025.11.21.19.24.44 (version=TLS1_2 cipher=ECDHE-ECDSA-AES128-GCM-SHA256 bits=128/128); Fri, 21 Nov 2025 19:24:44 -0800 (PST) X-Relaying-Domain: iol.unh.edu Date: Fri, 21 Nov 2025 19:24:44 -0800 (PST) Message-ID: <69212cfc.050a0220.343a47.a7bfSMTPIN_ADDED_MISSING@mx.google.com> Received: from [172.21.0.3] (unknown [172.18.0.240]) by postal.iol.unh.edu (Postfix) with ESMTP id EFD2C6051830; Fri, 21 Nov 2025 22:24:43 -0500 (EST) Subject: |WARNING| pw158972-158979 [PATCH] [v5,8/8] test: re-enable format-tr From: dpdklab@iol.unh.edu To: Test Report Cc: dpdk-test-reports@iol.unh.edu In-Reply-To: <20251121170947.134502-9-stephen@networkplumber.org> References: <20251121170947.134502-9-stephen@networkplumber.org> Content-Type: text/plain X-BeenThere: test-report@dpdk.org X-Mailman-Version: 2.1.29 Precedence: list List-Id: automatic DPDK test reports List-Unsubscribe: , List-Archive: List-Post: List-Help: List-Subscribe: , Errors-To: test-report-bounces@dpdk.org Test-Label: iol-unit-arm64-testing Test-Status: WARNING http://dpdk.org/patch/158979 _Testing issues_ Submitter: Stephen Hemminger Date: Friday, November 21 2025 17:08:27 DPDK git baseline: Repo:dpdk Branch: master CommitID:ef98b88455bf4a7c8b7aa3106a761c9e9270d6a3 158972-158979 --> testing issues Upstream job id: Generic-Unit-Test-DPDK#395009 Test environment and result as below: +------------------------------+---------------------------+----------------+--------------+------------------------------+ | Environment | cryptodev_sw_zuc_autotest | dpdk_unit_test | lpm_autotest | cryptodev_sw_snow3g_autotest | +==============================+===========================+================+==============+==============================+ | Debian 12 (arm) | PASS | SKIPPED | SKIPPED | PASS | +------------------------------+---------------------------+----------------+--------------+------------------------------+ | Ubuntu 22.04 | SKIPPED | PASS | SKIPPED | SKIPPED | +------------------------------+---------------------------+----------------+--------------+------------------------------+ | Fedora Linux 41 | SKIPPED | PASS | SKIPPED | SKIPPED | +------------------------------+---------------------------+----------------+--------------+------------------------------+ | Debian GNU/Linux 12 | SKIPPED | PASS | SKIPPED | SKIPPED | +------------------------------+---------------------------+----------------+--------------+------------------------------+ | Fedora Linux 42 | SKIPPED | PASS | SKIPPED | SKIPPED | +------------------------------+---------------------------+----------------+--------------+------------------------------+ | Red Hat Enterprise Linux 9.5 | SKIPPED | PASS | SKIPPED | SKIPPED | +------------------------------+---------------------------+----------------+--------------+------------------------------+ | Fedora Linux 40 | SKIPPED | PASS | SKIPPED | SKIPPED | +------------------------------+---------------------------+----------------+--------------+------------------------------+ | Ubuntu 24.04 | SKIPPED | PASS | SKIPPED | SKIPPED | +------------------------------+---------------------------+----------------+--------------+------------------------------+ | Ubuntu 20.04 | SKIPPED | WARN | PASS | SKIPPED | +------------------------------+---------------------------+----------------+--------------+------------------------------+ | CentOS Stream 10 | SKIPPED | PASS | SKIPPED | SKIPPED | +------------------------------+---------------------------+----------------+--------------+------------------------------+ | CentOS Stream 9 | SKIPPED | PASS | SKIPPED | SKIPPED | +------------------------------+---------------------------+----------------+--------------+------------------------------+ ==== 20 line log output for Ubuntu 20.04 (dpdk_unit_test): ==== | ~~~~~~~~~~~~~~~~~~~~~~~~~~~~~~~~~~~~~ cc1: all warnings being treated as errors [3727/3808] Compiling C object app/dpdk-test.p/test_test_pdump.c.o FAILED: app/dpdk-test.p/test_test_pdump.c.o ccache cc -Iapp/dpdk-test.p -Iapp -I../app -Ilib/cmdline -I../lib/cmdline -Ilib/eal/common -I../lib/eal/common -I. -I.. -Iconfig -I../config -Ilib/eal/include -I../lib/eal/include -Ilib/eal/linux/include -I../lib/eal/linux/include -Ilib/eal/arm/include -I../lib/eal/arm/include -I../kernel/linux -Ilib/eal -I../lib/eal -Ilib/kvargs -I../lib/kvargs -Ilib/log -I../lib/log -Ilib/metrics -I../lib/metrics -Ilib/telemetry -I../lib/telemetry -Ilib/argparse -I../lib/argparse -Ilib/net -I../lib/net -Ilib/mbuf -I../lib/mbuf -Ilib/mempool -I../lib/mempool -Ilib/ring -I../lib/ring -Idrivers/net/ring -I../drivers/net/ring -Ilib/ethdev -I../lib/ethdev -Ilib/meter -I../lib/meter -Idrivers/bus/pci -I../drivers/bus/pci -I../drivers/bus/pci/linux -Ilib/pci -I../lib/pci -Idrivers/bus/vdev -I../drivers/bus/vdev -Ilib/acl -I../lib/acl -Ilib/hash -I../lib/hash -Ilib/rcu -I../lib/rcu -Ilib/bitratestats -I../lib/bitratestats -Ilib/bpf -I../lib/bpf -Ilib/cfgfile -I../lib/cfgfile -Ilib/compressdev -I../lib/comp ressdev -Ilib/cryptodev -I../lib/cryptodev -Ilib/security -I../lib/security -Ilib/dispatcher -I../lib/dispatcher -Ilib/eventdev -I../lib/eventdev -Ilib/timer -I../lib/timer -Ilib/dmadev -I../lib/dmadev -Ilib/distributor -I../lib/distributor -Ilib/efd -I../lib/efd -Ilib/fib -I../lib/fib -Ilib/rib -I../lib/rib -Ilib/table -I../lib/table -Ilib/port -I../lib/port -Ilib/sched -I../lib/sched -Ilib/ip_frag -I../lib/ip_frag -Ilib/lpm -I../lib/lpm -Ilib/graph -I../lib/graph -Ilib/pcapng -I../lib/pcapng -Ilib/ipsec -I../lib/ipsec -Ilib/latencystats -I../lib/latencystats -Idrivers/net/bonding -I../drivers/net/bonding -Ilib/member -I../lib/member -Ilib/pdcp -I../lib/pdcp -Ilib/reorder -I../lib/reorder -Ilib/pdump -I../lib/pdump -Ilib/pmu -I../lib/pmu -Ilib/power -I../lib/power -Idrivers/power/acpi -I../drivers/power/acpi -Idrivers/power/kvm_vm -I../drivers/power/kvm_vm -Idrivers/power/intel_pstate -I../drivers/power/intel_pstate -Idrivers/power/amd_pstate -I../drivers/power/amd_pstate -Idrivers /power/cppc -I../drivers/power/cppc -Idrivers/power/intel_uncore -I../drivers/power/intel_uncore -Ilib/ptr_compress -I../lib/ptr_compress -Ilib/rawdev -I../lib/rawdev -Idrivers/raw/skeleton -I../drivers/raw/skeleton -Ilib/stack -I../lib/stack -Ilib/pipeline -I../lib/pipeline -Idrivers/crypto/scheduler -I../drivers/crypto/scheduler -Iapp/test/test_cfgfiles -fdiagnostics-color=always -pipe -D_FILE_OFFSET_BITS=64 -Wall -Winvalid-pch -Wextra -Werror -std=c11 -O3 -include rte_config.h -Wvla -Wcast-qual -Wdeprecated -Wformat -Wformat-nonliteral -Wformat-security -Wmissing-declarations -Wmissing-prototypes -Wnested-externs -Wold-style-definition -Wpointer-arith -Wsign-compare -Wstrict-prototypes -Wundef -Wwrite-strings -Wno-packed-not-aligned -Wno-missing-field-initializers -D_GNU_SOURCE -march=armv8.1-a+crc+crypto -DALLOW_EXPERIMENTAL_API -Wno-vla -fno-strict-aliasing -DALLOW_INTERNAL_API -MD -MQ app/dpdk-test.p/test_test_pdump.c.o -MF app/dpdk-test.p/test_test_pdump.c.o.d -o app/dpdk-tes t.p/test_test_pdump.c.o -c ../app/test/test_pdump.c ../app/test/test_pdump.c: In function 'run_pdump_server_tests': ../app/test/test_pdump.c:183:50: error: '%s' directive output may be truncated writing up to 4095 bytes into a region of size 4082 [-Werror=format-truncation=] 183 | snprintf(prefix, sizeof(prefix), "--file-prefix=%s", tmp); | ^~ ~~~ In file included from /usr/include/stdio.h:867, from ../app/test/test_pdump.c:4: /usr/include/aarch64-linux-gnu/bits/stdio2.h:67:10: note: '__builtin___snprintf_chk' output between 15 and 4110 bytes into a destination of size 4096 67 | return __builtin___snprintf_chk (__s, __n, __USE_FORTIFY_LEVEL - 1, | ^~~~~~~~~~~~~~~~~~~~~~~~~~~~~~~~~~~~~~~~~~~~~~~~~~~~~~~~~~~~ 68 | __bos (__s), __fmt, __va_arg_pack ()); | ~~~~~~~~~~~~~~~~~~~~~~~~~~~~~~~~~~~~~ cc1: all warnings being treated as errors [3728/3808] Compiling C object app/dpdk-test.p/test_test_memcpy_perf.c.o [3729/3808] Compiling C object app/dpdk-test.p/test_test_mbuf.c.o ninja: build stopped: subcommand failed. ==== End log output ==== Debian 12 (arm) Kernel: Depends on container host Compiler: gcc (Debian 12.2.0-14) 12.2.0 Ubuntu 22.04 Kernel: 5.4 Compiler: gcc gcc (Ubuntu 11.4.0-1ubuntu1~22.04) 11.4.0 Fedora Linux 41 Kernel: 5.4 Compiler: clang gcc (GCC) 14.3.1 20250523 (Red Hat 14.3.1-1) Debian GNU/Linux 12 Kernel: 5.4 Compiler: gcc gcc (Debian 12.2.0-14+deb12u1) 12.2.0 Fedora Linux 42 Kernel: 5.4 Compiler: clang gcc (GCC) 15.2.1 20250808 (Red Hat 15.2.1-1) Red Hat Enterprise Linux 9.5 Kernel: 5.4 Compiler: gcc gcc (GCC) 11.5.0 20240719 (Red Hat 11.5.0-2) Fedora Linux 40 Kernel: 5.4 Compiler: gcc gcc (GCC) 14.2.1 20240912 (Red Hat 14.2.1-3) Ubuntu 24.04 Kernel: 5.4 Compiler: gcc gcc (Ubuntu 13.3.0-6ubuntu2~24.04) 13.3.0 Ubuntu 20.04 Kernel: 5.4 Compiler: gcc gcc (Ubuntu 9.4.0-1ubuntu1~20.04.2) 9.4.0 CentOS Stream 10 Kernel: 5.4 Compiler: gcc gcc (GCC) 14.2.1 20250110 (Red Hat 14.2.1-8) CentOS Stream 9 Kernel: 5.4 Compiler: gcc gcc (GCC) 11.5.0 20240719 (Red Hat 11.5.0-11) To view detailed results, visit: https://lab.dpdk.org/results/dashboard/patchsets/34654/ UNH-IOL DPDK Community Lab To manage your email subscriptions, visit: https://lab.dpdk.org/results/dashboard/preferences/subscriptions/