From mboxrd@z Thu Jan 1 00:00:00 1970 Return-Path: Received: from mails.dpdk.org (mails.dpdk.org [217.70.189.124]) by inbox.dpdk.org (Postfix) with ESMTP id 00D3348B71 for ; Sat, 22 Nov 2025 06:16:15 +0100 (CET) Received: from mails.dpdk.org (localhost [127.0.0.1]) by mails.dpdk.org (Postfix) with ESMTP id EADF0400EF; Sat, 22 Nov 2025 06:16:15 +0100 (CET) Received: from mail-yx1-f97.google.com (mail-yx1-f97.google.com [74.125.224.97]) by mails.dpdk.org (Postfix) with ESMTP id 97A76400EF for ; Sat, 22 Nov 2025 06:16:14 +0100 (CET) Received: by mail-yx1-f97.google.com with SMTP id 956f58d0204a3-6420c0cf4abso2431476d50.1 for ; Fri, 21 Nov 2025 21:16:14 -0800 (PST) DKIM-Signature: v=1; a=rsa-sha256; c=relaxed/relaxed; d=iol.unh.edu; s=unh-iol; t=1763788574; x=1764393374; darn=dpdk.org; h=cc:to:from:subject:message-id:date:from:to:cc:subject:date :message-id:reply-to; bh=o5W6A3C3DiUuLL7hUoQyUHFNh5rL299lz1NrYp9Thsc=; b=DeoRRwoNc3MVD3ONXP280DxIJnw0WMLt/zkQLp9z5D8wZ/qVjgN0Q8owkhbUhSraNP vl6ujgN31wZL9vVDD6NT/fHkI1m+xDtwbtKj8NPG/WMmunMlpZ0JaNlAytx8kfs5KvYg Ydt3VTXs+PtoSn23ZP1WU1KpmtnCcWn0Wb8/U= X-Google-DKIM-Signature: v=1; a=rsa-sha256; c=relaxed/relaxed; d=1e100.net; s=20230601; t=1763788574; x=1764393374; h=cc:to:from:subject:message-id:date:x-gm-gg:x-gm-message-state:from :to:cc:subject:date:message-id:reply-to; bh=o5W6A3C3DiUuLL7hUoQyUHFNh5rL299lz1NrYp9Thsc=; b=ACM5U8WX/YzBxlF6iD14MnVjCqUHQpc0efzxx8fjQtqkXdrEtOw1NndPAXEL4rVpn5 PLkvXsJXPMGXr2GYSWSGemvbkccimpGArAVd0tbYojhVXph5isuCz3XNKBOZRC+VhByz LydU4EPvi+mdCOSX8tDH3tsR+NSXuKYhiC6Zo7lSG0rLE6Xyu3sEDqIxcsdQFasVTak/ E4nVcE3YkMI1stwDBoxtUa86Dp1j2U3jmnaNaLsjK3nv7p83Ff4Kkjny++tjMYQAt1iL fFg6oO4AuGUK/lD6zyrDIG4FNnahhOuJm+oslmYuD3I3KxHoAmbes5TA5+ckpjOnqs8e WWOw== X-Gm-Message-State: AOJu0Yz6GIADOKv4H9UbphaUQs01F86eKkWdak+KtX023+LkJ7f36UcD x7aSfU9aS4ROTxt3fVshIt7MF9Eh92BBQIO0l9vP+UXbVENZoxnwOS+6SBMzZ/GwLAf9pIffHWd nLL7EVdBnCp739c2grK1G6PYQ7TVOt/BPjaCY X-Gm-Gg: ASbGncv5OVLZJH6V5KALmga3s8g95i4HfdLBV3H11dKuK20x6/CUIP/ggOla9GblwpE JhlQJL/fyFrNN6EHxEWy1TpAG6NDumoF/tDrbj7BgkL+f+vhgt7Oyl+k2AvAZZnIkn21fB1i1ZC gUatjPHgJ0Tc94bB4lWqSor4LFGSyk0X5rj2ameGNZb2hkp26QCQk87YlJOZT3V+jUxzDMi1Kxa r79pkLPeKNzWXhhUjf0z3vB0EcDsIXbvHBWmBWEih1axKy+D40e+r60e8nC2tpa7j5CDp4Pbg1t mhV1+XdtvNR7Uhls5nRmTyyO+NaMqAGjZVSxgnkAh8ODgpsu2mQVe3OipRDCts6cBH0zMxhu5cg ne4wWv/ezV467cgLpYWk4bOkFpjiH9CqwXHdPykWgdw== X-Google-Smtp-Source: AGHT+IG5SZiA6/JZ05iAKHTqKB88du0hHLiDQpHuT1drOwqv9C3jWwL/lCnCGS9jXClP54NzjdA5UAfti4NR X-Received: by 2002:a53:b2f5:0:b0:63e:1ca0:be73 with SMTP id 956f58d0204a3-64302ac3594mr2776698d50.37.1763788573784; Fri, 21 Nov 2025 21:16:13 -0800 (PST) Received: from postal.iol.unh.edu (postal.iol.unh.edu. [132.177.123.84]) by smtp-relay.gmail.com with ESMTPS id 00721157ae682-78a798b1cb6sm5524637b3.13.2025.11.21.21.16.13 (version=TLS1_2 cipher=ECDHE-ECDSA-AES128-GCM-SHA256 bits=128/128); Fri, 21 Nov 2025 21:16:13 -0800 (PST) X-Relaying-Domain: iol.unh.edu Date: Fri, 21 Nov 2025 21:16:13 -0800 (PST) Message-ID: <6921471d.050a0220.5abbd.d816SMTPIN_ADDED_MISSING@mx.google.com> Received: from [172.21.0.2] (unknown [172.18.0.240]) by postal.iol.unh.edu (Postfix) with ESMTP id 46CB56051830; Sat, 22 Nov 2025 00:16:13 -0500 (EST) Subject: |FAILURE| [GIT MASTER] d297bb24650efb7040a66a3270e01c94fc8ee4f5 From: dpdklab@iol.unh.edu To: Test Report Cc: dpdk-test-reports@iol.unh.edu, Xueming Li , Kevin Traynor , Luca Boccassi Content-Type: text/plain X-BeenThere: test-report@dpdk.org X-Mailman-Version: 2.1.29 Precedence: list List-Id: automatic DPDK test reports List-Unsubscribe: , List-Archive: List-Post: List-Help: List-Subscribe: , Errors-To: test-report-bounces@dpdk.org _Testing issues_ Branch: tags/v22.11 d297bb24650efb7040a66a3270e01c94fc8ee4f5 --> testing issues Upstream job id: Generic-Unit-Test-DPDK#395134 Test environment and result as below: +-------------------------------+----------------+ | Environment | dpdk_unit_test | +===============================+================+ | Fedora Linux 40 | PEND | +-------------------------------+----------------+ | Ubuntu 22.04 | FAIL | +-------------------------------+----------------+ | Red Hat Enterprise Linux 9.5 | PEND | +-------------------------------+----------------+ | Ubuntu 20.04 | PEND | +-------------------------------+----------------+ | Debian GNU/Linux 12 | PEND | +-------------------------------+----------------+ | Fedora Linux 42 | PEND | +-------------------------------+----------------+ | CentOS Stream 10 | PEND | +-------------------------------+----------------+ | Ubuntu 24.04 | FAIL | +-------------------------------+----------------+ | CentOS Stream 9 | PEND | +-------------------------------+----------------+ | Fedora Linux 41 | PEND | +-------------------------------+----------------+ | Red Hat Enterprise Linux 8.10 | PEND | +-------------------------------+----------------+ | Windows Server 2022 | PASS | +-------------------------------+----------------+ ==== Unit test summary for Ubuntu 24.04 (dpdk_unit_test): ==== ninja: Entering directory `/root/workspace/Generic-Unit-Test-DPDK/dpdk/build' ninja: no work to do. 1/105 DPDK:fast-tests / acl_autotest OK 3.99 s 2/105 DPDK:fast-tests / atomic_autotest OK 0.37 s 3/105 DPDK:fast-tests / bitmap_autotest OK 0.24 s 4/105 DPDK:fast-tests / bitops_autotest OK 0.17 s 5/105 DPDK:fast-tests / byteorder_autotest OK 0.17 s 6/105 DPDK:fast-tests / cksum_autotest OK 0.22 s 7/105 DPDK:fast-tests / cmdline_autotest OK 0.17 s 8/105 DPDK:fast-tests / common_autotest OK 0.58 s 9/105 DPDK:fast-tests / cpuflags_autotest OK 0.17 s 10/105 DPDK:fast-tests / debug_autotest OK 1.08 s 11/105 DPDK:fast-tests / devargs_autotest OK 0.17 s 12/105 DPDK:fast-tests / eal_flags_c_opt_autotest OK 0.83 s 13/105 DPDK:fast-tests / eal_flags_main_opt_autotest OK 0.39 s 14/105 DPDK:fast-tests / eal_flags_n_opt_autotest OK 0.49 s 15/105 DPDK:fast-tests / eal_flags_hpet_autotest OK 0.30 s 16/105 DPDK:fast-tests / eal_flags_no_huge_autotest OK 0.49 s 17/105 DPDK:fast-tests / eal_flags_a_opt_autotest OK 0.43 s 18/105 DPDK:fast-tests / eal_flags_b_opt_autotest OK 0.41 s 19/105 DPDK:fast-tests / eal_flags_vdev_opt_autotest OK 0.61 s 20/105 DPDK:fast-tests / eal_flags_r_opt_autotest OK 0.28 s 21/105 DPDK:fast-tests / eal_flags_mem_autotest OK 0.79 s 22/105 DPDK:fast-tests / eal_flags_file_prefix_autotest OK 5.42 s 23/105 DPDK:fast-tests / eal_flags_misc_autotest OK 2.03 s 24/105 DPDK:fast-tests / eal_fs_autotest OK 0.17 s 25/105 DPDK:fast-tests / errno_autotest OK 0.17 s 26/105 DPDK:fast-tests / ethdev_link_status OK 0.17 s 27/105 DPDK:fast-tests / event_ring_autotest OK 0.17 s 28/105 DPDK:fast-tests / fib_autotest OK 0.84 s 29/105 DPDK:fast-tests / fib6_autotest OK 1.10 s 30/105 DPDK:fast-tests / func_reentrancy_autotest OK 0.79 s 31/105 DPDK:fast-tests / hash_autotest OK 0.35 s 32/105 DPDK:fast-tests / interrupt_autotest OK 1.37 s 33/105 DPDK:fast-tests / ipfrag_autotest OK 0.24 s 34/105 DPDK:fast-tests / lcores_autotest OK 1.53 s 35/105 DPDK:fast-tests / logs_autotest OK 0.25 s 36/105 DPDK:fast-tests / lpm_autotest OK 4.64 s 37/105 DPDK:fast-tests / lpm6_autotest OK 8.35 s 38/105 DPDK:fast-tests / malloc_autotest OK 1.06 s 39/105 DPDK:fast-tests / mbuf_autotest OK 0.27 s 40/105 DPDK:fast-tests / mcslock_autotest OK 0.91 s 41/105 DPDK:fast-tests / memcpy_autotest OK 2.48 s 42/105 DPDK:fast-tests / memory_autotest OK 0.22 s 43/105 DPDK:fast-tests / mempool_autotest OK 0.48 s 44/105 DPDK:fast-tests / memzone_autotest OK 0.24 s 45/105 DPDK:fast-tests / meter_autotest OK 0.19 s 46/105 DPDK:fast-tests / multiprocess_autotest OK 0.30 s 47/105 DPDK:fast-tests / node_list_dump OK 0.18 s 48/105 DPDK:fast-tests / per_lcore_autotest OK 0.30 s 49/105 DPDK:fast-tests / pflock_autotest OK 0.33 s 50/105 DPDK:fast-tests / prefetch_autotest OK 0.17 s 51/105 DPDK:fast-tests / rcu_qsbr_autotest OK 0.27 s 52/105 DPDK:fast-tests / pie_autotest OK 0.14 s 53/105 DPDK:fast-tests / rib_autotest OK 5.57 s 54/105 DPDK:fast-tests / rib6_autotest OK 5.61 s 55/105 DPDK:fast-tests / ring_autotest OK 0.17 s 56/105 DPDK:fast-tests / rwlock_test1_autotest OK 0.31 s 57/105 DPDK:fast-tests / rwlock_rda_autotest OK 5.23 s 58/105 DPDK:fast-tests / rwlock_rds_wrm_autotest OK 5.22 s 59/105 DPDK:fast-tests / rwlock_rde_wro_autotest OK 5.25 s 60/105 DPDK:fast-tests / sched_autotest OK 0.18 s 61/105 DPDK:fast-tests / security_autotest OK 0.17 s 62/105 DPDK:fast-tests / seqlock_autotest SKIP 0.17 s 63/105 DPDK:fast-tests / spinlock_autotest OK 0.28 s 64/105 DPDK:fast-tests / stack_autotest OK 0.22 s 65/105 DPDK:fast-tests / stack_lf_autotest OK 0.32 s 66/105 DPDK:fast-tests / string_autotest OK 0.20 s 67/105 DPDK:fast-tests / tailq_autotest OK 0.17 s 68/105 DPDK:fast-tests / ticketlock_autotest OK 0.17 s 69/105 DPDK:fast-tests / timer_autotest OK 2.60 s 70/105 DPDK:fast-tests / user_delay_us OK 0.17 s 71/105 DPDK:fast-tests / version_autotest OK 0.21 s 72/105 DPDK:fast-tests / crc_autotest OK 0.17 s 73/105 DPDK:fast-tests / distributor_autotest OK 1.22 s 74/105 DPDK:fast-tests / eventdev_common_autotest OK 0.17 s 75/105 DPDK:fast-tests / fbarray_autotest OK 0.17 s 76/105 DPDK:fast-tests / hash_readwrite_func_autotest SKIP 0.28 s 77/105 DPDK:fast-tests / ipsec_autotest SKIP 0.17 s 78/105 DPDK:fast-tests / kni_autotest SKIP 0.17 s 79/105 DPDK:fast-tests / kvargs_autotest OK 0.17 s 80/105 DPDK:fast-tests / member_autotest OK 0.86 s 81/105 DPDK:fast-tests / power_cpufreq_autotest SKIP 0.18 s 82/105 DPDK:fast-tests / power_autotest OK 0.18 s 83/105 DPDK:fast-tests / power_kvm_vm_autotest SKIP 0.17 s 84/105 DPDK:fast-tests / power_intel_uncore_autotest SKIP 0.27 s 85/105 DPDK:fast-tests / reorder_autotest OK 0.35 s 86/105 DPDK:fast-tests / service_autotest OK 1.17 s 87/105 DPDK:fast-tests / thash_autotest OK 0.17 s 88/105 DPDK:fast-tests / threads_autotest OK 0.32 s 89/105 DPDK:fast-tests / trace_autotest OK 0.20 s 90/105 DPDK:fast-tests / trace_autotest_with_traces OK 0.17 s 91/105 DPDK:fast-tests / graph_autotest OK 0.17 s 92/105 DPDK:fast-tests / metrics_autotest OK 0.17 s 93/105 DPDK:fast-tests / telemetry_json_autotest OK 0.17 s 94/105 DPDK:fast-tests / telemetry_data_autotest OK 0.17 s 95/105 DPDK:fast-tests / table_autotest FAIL 1.11 s (exit status 255 or signal 127 SIGinvalid) 96/105 DPDK:fast-tests / ring_pmd_autotest OK 0.17 s 97/105 DPDK:fast-tests / event_eth_tx_adapter_autotest OK 0.56 s 98/105 DPDK:fast-tests / bitratestats_autotest OK 0.19 s 99/105 DPDK:fast-tests / latencystats_autotest OK 0.17 s 100/105 DPDK:fast-tests / pdump_autotest OK 5.28 s 101/105 DPDK:fast-tests / vdev_autotest OK 0.26 s 102/105 DPDK:fast-tests / bpf_autotest OK 0.21 s 103/105 DPDK:fast-tests / bpf_convert_autotest OK 0.17 s 104/105 DPDK:fast-tests / compressdev_autotest SKIP 0.14 s 105/105 DPDK:fast-tests / telemetry_all OK 12.45 s Ok: 96 Expected Fail: 0 Fail: 1 Unexpected Pass: 0 Skipped: 8 Timeout: 0 Full log written to /root/workspace/Generic-Unit-Test-DPDK/dpdk/build/meson-logs/testlog.txt Test log output from the failed test table_autotest: Sorry, we were not able to find the logs for this test. Download the log output from the CI site for this test run. ==== End log output ==== Fedora Linux 40 Kernel: 5.15 Compiler: gcc gcc (GCC) 14.2.1 20240912 (Red Hat 14.2.1-3) Ubuntu 22.04 Kernel: 5.15 Compiler: gcc gcc (Ubuntu 11.4.0-1ubuntu1~22.04) 11.4.0 Red Hat Enterprise Linux 9.5 Kernel: 5.15 Compiler: gcc gcc (GCC) 11.5.0 20240719 (Red Hat 11.5.0-2) Ubuntu 20.04 Kernel: 5.15 Compiler: gcc gcc (Ubuntu 9.4.0-1ubuntu1~20.04.2) 9.4.0 Debian GNU/Linux 12 Kernel: 5.15 Compiler: gcc gcc (Debian 12.2.0-14+deb12u1) 12.2.0 Fedora Linux 42 Kernel: 5.15 Compiler: gcc gcc (GCC) 15.2.1 20250808 (Red Hat 15.2.1-1) CentOS Stream 10 Kernel: 5.15 Compiler: gcc gcc (GCC) 14.2.1 20250110 (Red Hat 14.2.1-8) Ubuntu 24.04 Kernel: 5.15 Compiler: gcc gcc (Ubuntu 13.3.0-6ubuntu2~24.04) 13.3.0 CentOS Stream 9 Kernel: 5.15 Compiler: gcc gcc (GCC) 11.5.0 20240719 (Red Hat 11.5.0-11) Fedora Linux 41 Kernel: 5.15 Compiler: gcc gcc (GCC) 14.3.1 20250523 (Red Hat 14.3.1-1) Red Hat Enterprise Linux 8.10 Kernel: 5.15 Compiler: gcc gcc (GCC) 8.5.0 20210514 (Red Hat 8.5.0-22) Windows Server 2022 Kernel: 10.0.20348.2031 Compiler: clang 15.0.7, gcc 14.1.0 (MinGW), and MSVC VS 19.39.33521 To view detailed results, visit: https://lab.dpdk.org/results/dashboard/tarballs/35680/ UNH-IOL DPDK Community Lab To manage your email subscriptions, visit: https://lab.dpdk.org/results/dashboard/preferences/subscriptions/