From mboxrd@z Thu Jan 1 00:00:00 1970 Return-Path: Received: from mails.dpdk.org (mails.dpdk.org [217.70.189.124]) by inbox.dpdk.org (Postfix) with ESMTP id 7651C48B71 for ; Sat, 22 Nov 2025 07:40:55 +0100 (CET) Received: from mails.dpdk.org (localhost [127.0.0.1]) by mails.dpdk.org (Postfix) with ESMTP id 70C5C400EF; Sat, 22 Nov 2025 07:40:55 +0100 (CET) Received: from mail-pf1-f227.google.com (mail-pf1-f227.google.com [209.85.210.227]) by mails.dpdk.org (Postfix) with ESMTP id 91F10400EF for ; Sat, 22 Nov 2025 07:40:54 +0100 (CET) Received: by mail-pf1-f227.google.com with SMTP id d2e1a72fcca58-7aa9be9f03aso2288998b3a.2 for ; Fri, 21 Nov 2025 22:40:54 -0800 (PST) DKIM-Signature: v=1; a=rsa-sha256; c=relaxed/relaxed; d=iol.unh.edu; s=unh-iol; t=1763793654; x=1764398454; darn=dpdk.org; h=cc:to:from:subject:message-id:date:from:to:cc:subject:date :message-id:reply-to; bh=yo6dgkKqO+FRuB6XFJun7ynQ2/cM8W5fLZCz4pV2C10=; b=TQ2nXljLJbLOUbLVv6as4V02oM5How85XofF/MWNdyByYO+I2c3E1Gl6oxyp62aNE6 W/iA5WKYC9dd9leEyGy2GRdrnnAZH6Ljrxv+FE25u1niLpkCk49YyUQyLNKEtwFv8QjU 8aZ54CklvPv+ojSGSsY2j992TrgQYZrPT7AJ0= X-Google-DKIM-Signature: v=1; a=rsa-sha256; c=relaxed/relaxed; d=1e100.net; s=20230601; t=1763793654; x=1764398454; h=cc:to:from:subject:message-id:date:x-gm-gg:x-gm-message-state:from :to:cc:subject:date:message-id:reply-to; bh=yo6dgkKqO+FRuB6XFJun7ynQ2/cM8W5fLZCz4pV2C10=; b=Qo2ke/LTwR9HqDmT6kTEGjyVA1cL7pOOmdNOnzUyCdpIIUJSqGeQGN41ku2SiuWQFP JZkJjPl5Zc6EP2M8Ts19K4TaJjYUXmOYNGRbB3QKL4fs2LPxw4y34yZ5ANedxl5GPkOO Ofo9l2jggmOfOckcqh6XrvLdtGhGjwUk/mo+onRJGe3R4KD6RDjXjz39laW+dWiOt4YB POX+sJ2Tjhu8tD1nv7M6UzzHhGGMNeNVi5jqZGwhw0zfAmFtxZNKHAZuOtRYlAfW1Ovq DpcY/2gFE8yMAPkkYQ0RwuF2Fri96T0XWR6MqGOj6o8h8pP75jYyi1pkqJ6x3OEn70bg 9iTA== X-Gm-Message-State: AOJu0Ywm0r+jLMKdEFSk2lL5PHKGt9MEUHwMBvUFpzfwo04R8QTQJNmy zSF2gDZUL8ByzmjsM1mC2Qmoc+j7DEM1vQcmec7NMX5QOBnKoI+yYIA3RfB+b77Md1FLoXru8DQ HttnnJuEstSNod9uDqGyuvRQAUEpnDCP7AASE2ZRNZORhsZySdvne X-Gm-Gg: ASbGncvSwrI8e/mG4uLRTeZe1q3TKo7fJfJL7qae5Q+5U3/jopFes90mr4FHTHNcT+4 A7VY/eon5zDEUrnFTlqJa+jvtQI7m1NZdmxetcUm+qbAhYLEDtsd1ymyg6XO20TUetxxm8F0AoK laVPVlCscs4JmUMi607XseM8+YGzf3opoEqFwqz6dNupEXEN47mImike0uFDuxTubEI0tqloRTX 1knhwtag0RbFC3vemdgLHsjzVmDsI/3gEDl39eQpfarX+2TzjAptDitSMhDxWkcTqOu/wAUhkFd I0GGCUPSD9eaOHDTbknEdul6qL0TpgHHB3jZsTcpSs+26bTZDsCeWdLrMR/6xvvMR79xqo11Ngg WMzlSuoBcZMOQgF4IzWA= X-Google-Smtp-Source: AGHT+IFTeZMAjsiqivsUvh7XTNZ8k2CPGAagPkyHYcn1HBpVfWYuqlZQSPlvEFf/tLp9IV80HFUiJAbyg0u5 X-Received: by 2002:a05:7022:522:b0:11b:95fe:beed with SMTP id a92af1059eb24-11c9d8704cdmr1934996c88.38.1763793653654; Fri, 21 Nov 2025 22:40:53 -0800 (PST) Received: from postal.iol.unh.edu (postal.iol.unh.edu. [2606:4100:3880:1234::84]) by smtp-relay.gmail.com with ESMTPS id a92af1059eb24-11c93da9fc6sm907392c88.2.2025.11.21.22.40.53 (version=TLS1_2 cipher=ECDHE-ECDSA-AES128-GCM-SHA256 bits=128/128); Fri, 21 Nov 2025 22:40:53 -0800 (PST) X-Relaying-Domain: iol.unh.edu Date: Fri, 21 Nov 2025 22:40:53 -0800 (PST) Message-ID: <69215af5.050a0220.38a935.fd04SMTPIN_ADDED_MISSING@mx.google.com> Received: from [172.21.0.2] (unknown [172.18.0.240]) by postal.iol.unh.edu (Postfix) with ESMTP id B165F6050A61; Sat, 22 Nov 2025 01:40:52 -0500 (EST) Subject: |FAILURE| [GIT MASTER] 62f583c49bf67dd4d6733ece14e55fe6839e66d1 From: dpdklab@iol.unh.edu To: Test Report Cc: dpdk-test-reports@iol.unh.edu, Xueming Li , Kevin Traynor , Luca Boccassi Content-Type: text/plain X-BeenThere: test-report@dpdk.org X-Mailman-Version: 2.1.29 Precedence: list List-Id: automatic DPDK test reports List-Unsubscribe: , List-Archive: List-Post: List-Help: List-Subscribe: , Errors-To: test-report-bounces@dpdk.org _Testing issues_ Branch: tags/v23.11 62f583c49bf67dd4d6733ece14e55fe6839e66d1 --> testing issues Upstream job id: Generic-DPDK-Compile-Meson#446746 Test environment and result as below: +-------------------------------+--------------------+------------------+-------------------+-------------------------+----------------------+ | Environment | dpdk_meson_compile | dpdk_compile_ovs | dpdk_msvc_compile | dpdk_llvm_clang_compile | dpdk_mingw64_compile | +===============================+====================+==================+===================+=========================+======================+ | CentOS Stream 9 | PASS | SKIPPED | SKIPPED | SKIPPED | SKIPPED | +-------------------------------+--------------------+------------------+-------------------+-------------------------+----------------------+ | CentOS Stream 10 | PASS | SKIPPED | SKIPPED | SKIPPED | SKIPPED | +-------------------------------+--------------------+------------------+-------------------+-------------------------+----------------------+ | Debian GNU/Linux 12 | PASS | SKIPPED | SKIPPED | SKIPPED | SKIPPED | +-------------------------------+--------------------+------------------+-------------------+-------------------------+----------------------+ | Fedora Linux 42 | FAIL | WARN | SKIPPED | SKIPPED | SKIPPED | +-------------------------------+--------------------+------------------+-------------------+-------------------------+----------------------+ | openSUSE Leap 15.6 | PASS | SKIPPED | SKIPPED | SKIPPED | SKIPPED | +-------------------------------+--------------------+------------------+-------------------+-------------------------+----------------------+ | Red Hat Enterprise Linux 8.10 | PASS | SKIPPED | SKIPPED | SKIPPED | SKIPPED | +-------------------------------+--------------------+------------------+-------------------+-------------------------+----------------------+ | Red Hat Enterprise Linux 9.5 | PASS | SKIPPED | SKIPPED | SKIPPED | SKIPPED | +-------------------------------+--------------------+------------------+-------------------+-------------------------+----------------------+ | Ubuntu 20.04 | PASS | SKIPPED | SKIPPED | SKIPPED | SKIPPED | +-------------------------------+--------------------+------------------+-------------------+-------------------------+----------------------+ | Ubuntu 22.04 | PASS | SKIPPED | SKIPPED | SKIPPED | SKIPPED | +-------------------------------+--------------------+------------------+-------------------+-------------------------+----------------------+ | Ubuntu 24.04 | PASS | PASS | SKIPPED | SKIPPED | SKIPPED | +-------------------------------+--------------------+------------------+-------------------+-------------------------+----------------------+ | Alpine Linux 3.22.0 | PASS | SKIPPED | SKIPPED | SKIPPED | SKIPPED | +-------------------------------+--------------------+------------------+-------------------+-------------------------+----------------------+ | FreeBSD 14.2 | PASS | SKIPPED | SKIPPED | SKIPPED | SKIPPED | +-------------------------------+--------------------+------------------+-------------------+-------------------------+----------------------+ | Windows Server 2022 | SKIPPED | SKIPPED | PASS | SKIPPED | PASS | +-------------------------------+--------------------+------------------+-------------------+-------------------------+----------------------+ | Windows Server 2025 | SKIPPED | SKIPPED | SKIPPED | PASS | SKIPPED | +-------------------------------+--------------------+------------------+-------------------+-------------------------+----------------------+ ==== 20 line log output for Fedora Linux 42 (dpdk_compile_ovs): ==== --- Failed to get log output --- ==== End log output ==== CentOS Stream 9 Kernel: 5.15 Compiler: gcc gcc (GCC) 11.5.0 20240719 (Red Hat 11.5.0-11) CentOS Stream 10 Kernel: 5.15 Compiler: gcc gcc (GCC) 14.2.1 20250110 (Red Hat 14.2.1-8) Debian GNU/Linux 12 Kernel: 5.15 Compiler: gcc gcc (Debian 12.2.0-14+deb12u1) 12.2.0 Fedora Linux 42 Kernel: 5.15 Compiler: clang gcc (GCC) 15.2.1 20250808 (Red Hat 15.2.1-1) openSUSE Leap 15.6 Kernel: 5.15 Compiler: gcc gcc (SUSE Linux) 7.5.0 Red Hat Enterprise Linux 8.10 Kernel: 5.15 Compiler: gcc gcc (GCC) 8.5.0 20210514 (Red Hat 8.5.0-22) Red Hat Enterprise Linux 9.5 Kernel: 5.15 Compiler: gcc gcc (GCC) 11.5.0 20240719 (Red Hat 11.5.0-2) Ubuntu 20.04 Kernel: 5.15 Compiler: gcc gcc (Ubuntu 9.4.0-1ubuntu1~20.04.2) 9.4.0 Ubuntu 22.04 Kernel: 5.15 Compiler: gcc gcc (Ubuntu 11.4.0-1ubuntu1~22.04) 11.4.0 Ubuntu 24.04 Kernel: 5.15 Compiler: gcc gcc (Ubuntu 13.3.0-6ubuntu2~24.04) 13.3.0 Alpine Linux 3.22.0 Kernel: 5.15 Compiler: gcc gcc (Alpine 14.2.0) 14.2.0 FreeBSD 14.2 Kernel: 14.2-RELEASE Compiler: clang 18.1.6 Windows Server 2022 Kernel: 10.0.20348.2031 Compiler: clang 15.0.7, gcc 14.1.0 (MinGW), and MSVC VS 19.39.33521 Windows Server 2025 Kernel: 10.0.26100 Compiler: clang 15.0.7, gcc 14.1.0 (MinGW), and MSVC VS 19.39.33521 To view detailed results, visit: https://lab.dpdk.org/results/dashboard/tarballs/35682/ UNH-IOL DPDK Community Lab To manage your email subscriptions, visit: https://lab.dpdk.org/results/dashboard/preferences/subscriptions/