From mboxrd@z Thu Jan 1 00:00:00 1970 Return-Path: Received: from mails.dpdk.org (mails.dpdk.org [217.70.189.124]) by inbox.dpdk.org (Postfix) with ESMTP id E8C7048B74 for ; Sat, 22 Nov 2025 08:08:24 +0100 (CET) Received: from mails.dpdk.org (localhost [127.0.0.1]) by mails.dpdk.org (Postfix) with ESMTP id C3242400EF; Sat, 22 Nov 2025 08:08:24 +0100 (CET) Received: from mail-pg1-f225.google.com (mail-pg1-f225.google.com [209.85.215.225]) by mails.dpdk.org (Postfix) with ESMTP id 45D88400EF for ; Sat, 22 Nov 2025 08:08:23 +0100 (CET) Received: by mail-pg1-f225.google.com with SMTP id 41be03b00d2f7-b98a619f020so2132897a12.2 for ; Fri, 21 Nov 2025 23:08:23 -0800 (PST) DKIM-Signature: v=1; a=rsa-sha256; c=relaxed/relaxed; d=iol.unh.edu; s=unh-iol; t=1763795302; x=1764400102; darn=dpdk.org; h=cc:to:from:subject:message-id:date:from:to:cc:subject:date :message-id:reply-to; bh=Y+v1iiDSyjIsJbgq6/3+44cX/1dRx3oVVnHddBXi0FM=; b=LbRiA8WmFqCl7D/FMZvVhQP7afCGaiUWu4O40NS/1k6FlyrBEE0GZCohExA7+RdBUX VWQtFgzSW+fTOCgWf8qh6IVg2kgdiGkCeCmITm5H0VAQhF3a4Ds81x0iGW6DF/BV1zP2 cnzDGE1PubzUqIAMmyjPy8e7IKHvpDj1j1az8= X-Google-DKIM-Signature: v=1; a=rsa-sha256; c=relaxed/relaxed; d=1e100.net; s=20230601; t=1763795302; x=1764400102; h=cc:to:from:subject:message-id:date:x-gm-gg:x-gm-message-state:from :to:cc:subject:date:message-id:reply-to; bh=Y+v1iiDSyjIsJbgq6/3+44cX/1dRx3oVVnHddBXi0FM=; b=QkiSbVXQ/pt3MpYYlwy6O5/eC+ZuDClNmeq/3ei+UeI4tBuSg4fsPxCsF5q1L/lNng 6RMtjyCv2iaK7wu71RYJ1Ga72QMdx3PgBugy1lWVLm/v4Ux5gi1O/6Nbn7hm+UlO8iTk WC5NI/rJWo8MkP4S1JYfgkvg3In0AOfjr4ilo7jIFDiLd3PjamwoAr1ubVz90j7D5gdk uWftPY1Dh/KvS6033mHSPV3XYIgUZzwJcsfw7ngIwOv+LtIxJdbNA6tBXmLqDyF5azJ8 sk+CCTMmxAMuBNJG/6nLeQvhsgGKWC0lL4Lgc2Vx49K4aagIzerw2gOYKqWFLQDb/77Y MXTA== X-Gm-Message-State: AOJu0Yw2eYcuaBkTznpRTZXfjyrlM+NnMzc89bSt5Gw1Jn7f9cf3tWkr QnizXqWHHvX8L/oYmjsWSECA3N6nkKnRj6GsAkysmi7ICtJTJV06hFNEjlHPPpZj1L9GFaB14nZ gpwut6qk/p0uyyslebDWo3zRjFJ2AZbkVgcc/n/eXKR9gZ0fLVHCv X-Gm-Gg: ASbGnctOgHVm3HkouS+yYKbHL0yBGcT3VqqVuf7vFmRKT5NcIhSNnhW8TFYDSaCCQWF 8zocqkN1A0//+4o5/OZ5VmD0B9287jj70ZUZ2avVLpCHNLXFf2zXhRLyoxMFq+mwBQ1LBH2s950 dEEyleUK3qZFFWB0GDYOeZPSCNCTPvzrewXzhWbsonlwQAROpuusGF6mtu6a4Swkj97VLY3HNQy g6GiNSJ8IjoFUHmyA5LkUFP9t7uW9jGW2R8YNxnVeX28gw+4zqRvwV4rBEvIcsH7nPWYsz+QIC1 bnk9b7ENz1GDMcraLDd9QcBZfGfbqhPAg8uLPvTT4XS5PjYwmqaw3qi19eaa3rqA77ZjRoN3uoy nBlBmHaBodm5FddS/bXI= X-Google-Smtp-Source: AGHT+IHMBSHU22z1l8R7Sq6aMeTgYLGzQuSntQINClP2TloiYq9++cMoqwKnOTKek6sEOr3ioB+gcrqtBYLc X-Received: by 2002:a05:7301:100a:b0:2a4:3594:72ed with SMTP id 5a478bee46e88-2a7192a78d9mr2220181eec.28.1763795302198; Fri, 21 Nov 2025 23:08:22 -0800 (PST) Received: from postal.iol.unh.edu (postal.iol.unh.edu. [2606:4100:3880:1234::84]) by smtp-relay.gmail.com with ESMTPS id a92af1059eb24-11c93e43731sm950343c88.7.2025.11.21.23.08.22 (version=TLS1_2 cipher=ECDHE-ECDSA-AES128-GCM-SHA256 bits=128/128); Fri, 21 Nov 2025 23:08:22 -0800 (PST) X-Relaying-Domain: iol.unh.edu Date: Fri, 21 Nov 2025 23:08:22 -0800 (PST) Message-ID: <69216166.050a0220.313744.062fSMTPIN_ADDED_MISSING@mx.google.com> Received: from [172.21.0.3] (unknown [172.18.0.240]) by postal.iol.unh.edu (Postfix) with ESMTP id 4491260003F7; Sat, 22 Nov 2025 02:08:21 -0500 (EST) Subject: |FAILURE| [GIT MASTER] 62f583c49bf67dd4d6733ece14e55fe6839e66d1 From: dpdklab@iol.unh.edu To: Test Report Cc: dpdk-test-reports@iol.unh.edu, Xueming Li , Kevin Traynor , Luca Boccassi Content-Type: text/plain X-BeenThere: test-report@dpdk.org X-Mailman-Version: 2.1.29 Precedence: list List-Id: automatic DPDK test reports List-Unsubscribe: , List-Archive: List-Post: List-Help: List-Subscribe: , Errors-To: test-report-bounces@dpdk.org _Testing issues_ Branch: tags/v23.11 62f583c49bf67dd4d6733ece14e55fe6839e66d1 --> testing issues Upstream job id: Generic-Unit-Test-DPDK#395189 Test environment and result as below: +-------------------------------+----------------+ | Environment | dpdk_unit_test | +===============================+================+ | CentOS Stream 9 | PASS | +-------------------------------+----------------+ | Debian GNU/Linux 12 | PASS | +-------------------------------+----------------+ | CentOS Stream 10 | PASS | +-------------------------------+----------------+ | Fedora Linux 40 | PASS | +-------------------------------+----------------+ | Fedora Linux 42 | PASS | +-------------------------------+----------------+ | Fedora Linux 41 | PASS | +-------------------------------+----------------+ | Ubuntu 24.04 | PASS | +-------------------------------+----------------+ | Red Hat Enterprise Linux 8.10 | PASS | +-------------------------------+----------------+ | Ubuntu 20.04 | PASS | +-------------------------------+----------------+ | Ubuntu 22.04 | PASS | +-------------------------------+----------------+ | Red Hat Enterprise Linux 9.5 | PASS | +-------------------------------+----------------+ | Windows Server 2022 | FAIL | +-------------------------------+----------------+ ==== Unit test summary for Windows Server 2022 (dpdk_unit_test): ==== Failed to get the unit test results. Displaying the unit test results is not supported for some environments, such as our aarch32 testing, where meson is not used to run the tests. Download the logs available on our CI site. ==== End log output ==== CentOS Stream 9 Kernel: 5.15 Compiler: gcc gcc (GCC) 11.5.0 20240719 (Red Hat 11.5.0-11) Debian GNU/Linux 12 Kernel: 5.15 Compiler: gcc gcc (Debian 12.2.0-14+deb12u1) 12.2.0 CentOS Stream 10 Kernel: 5.15 Compiler: gcc gcc (GCC) 14.2.1 20250110 (Red Hat 14.2.1-8) Fedora Linux 40 Kernel: 5.15 Compiler: clang gcc (GCC) 14.2.1 20240912 (Red Hat 14.2.1-3) Fedora Linux 42 Kernel: 5.15 Compiler: gcc gcc (GCC) 15.2.1 20250808 (Red Hat 15.2.1-1) Fedora Linux 41 Kernel: 5.15 Compiler: gcc gcc (GCC) 14.3.1 20250523 (Red Hat 14.3.1-1) Ubuntu 24.04 Kernel: 5.15 Compiler: gcc gcc (Ubuntu 13.3.0-6ubuntu2~24.04) 13.3.0 Red Hat Enterprise Linux 8.10 Kernel: 5.15 Compiler: gcc gcc (GCC) 8.5.0 20210514 (Red Hat 8.5.0-22) Ubuntu 20.04 Kernel: 5.15 Compiler: gcc gcc (Ubuntu 9.4.0-1ubuntu1~20.04.2) 9.4.0 Ubuntu 22.04 Kernel: 5.15 Compiler: gcc gcc (Ubuntu 11.4.0-1ubuntu1~22.04) 11.4.0 Red Hat Enterprise Linux 9.5 Kernel: 5.15 Compiler: gcc gcc (GCC) 11.5.0 20240719 (Red Hat 11.5.0-2) Windows Server 2022 Kernel: 10.0.20348.2031 Compiler: clang 15.0.7, gcc 14.1.0 (MinGW), and MSVC VS 19.39.33521 To view detailed results, visit: https://lab.dpdk.org/results/dashboard/tarballs/35682/ UNH-IOL DPDK Community Lab To manage your email subscriptions, visit: https://lab.dpdk.org/results/dashboard/preferences/subscriptions/