From mboxrd@z Thu Jan 1 00:00:00 1970 Return-Path: Received: from mails.dpdk.org (mails.dpdk.org [217.70.189.124]) by inbox.dpdk.org (Postfix) with ESMTP id 8FC5E48B74 for ; Sat, 22 Nov 2025 09:02:44 +0100 (CET) Received: from mails.dpdk.org (localhost [127.0.0.1]) by mails.dpdk.org (Postfix) with ESMTP id 68494400EF; Sat, 22 Nov 2025 09:02:44 +0100 (CET) Received: from mail-oa1-f98.google.com (mail-oa1-f98.google.com [209.85.160.98]) by mails.dpdk.org (Postfix) with ESMTP id EFA6A400EF for ; Sat, 22 Nov 2025 09:02:43 +0100 (CET) Received: by mail-oa1-f98.google.com with SMTP id 586e51a60fabf-3e80c483a13so1801399fac.2 for ; Sat, 22 Nov 2025 00:02:43 -0800 (PST) DKIM-Signature: v=1; a=rsa-sha256; c=relaxed/relaxed; d=iol.unh.edu; s=unh-iol; t=1763798563; x=1764403363; darn=dpdk.org; h=cc:to:from:subject:message-id:date:from:to:cc:subject:date :message-id:reply-to; bh=aY1EMzkhFiSzWMrNl5Jtq0irYGFYCCkTDxOKqZH5wbw=; b=FN/7P+jfuGBMuc6iuPBtVGFJlT9dGbUK0oNyEeI3BmkMrbFrIxqM+YNDF5YJhfpGWb jkPXTVNukXq1OT6aSERknxT9gQB8j2VJuo86erMFJf0dAGgEg6PwscSAjJ8YTtPLYn7P xDaUSmIP1kx3tDtQF2e4xpj2LYLeJ0d3gbmzc= X-Google-DKIM-Signature: v=1; a=rsa-sha256; c=relaxed/relaxed; d=1e100.net; s=20230601; t=1763798563; x=1764403363; h=cc:to:from:subject:message-id:date:x-gm-gg:x-gm-message-state:from :to:cc:subject:date:message-id:reply-to; bh=aY1EMzkhFiSzWMrNl5Jtq0irYGFYCCkTDxOKqZH5wbw=; b=j6Si2I6g7dNxjy3BIHQSjsIfG7OB3PYjDoL09RknVJFJVGm3l4z3JK3VuN9NlQlg7y ZxPnOs98AUm/q228JXXXZwlyF9LrCpNEiLlc18R/6r7lE2QoRpu+q6yWltYGLadj5fYJ oOstNmNWHaSlsrqm1TTMYY+9SbdnWgbkN8zufGnNNXd/pVR5riUVJpVwhX9EbqUNJ5Kn jlTv8HlrumsLR7aKeJb4fYgE7TIxQC+7grfpUb3QZF3spoobVpFjY4coa8qhCj/iF1MO S2tiEpXrRRnip5iLhSWdeh6oHfRd6VGtYC/SGbCyk5htgYQlTinM3PgBqVmzp4upbt0K oehw== X-Gm-Message-State: AOJu0Yxn1EJwKmjon33n4S4vU8LNNDt8tqa1oCxIiIDjUcDFIPpER97I LdlXe6W2XMvp7FHPP/V7SgJofu8k1UnvThQBAPlSxfKqMUdM/SGdb6GGpFeFwHEe5W5kDnBcG67 WbEER41L5DAeYKFX0EmnFjxSAsyzwiLghgATpE9xPAtyF5zhrdkhU X-Gm-Gg: ASbGnctq+r8jPmPTM8YGs8mr5yCWYnKdb30WFGhH6JXFDxdnzeNMe+JC5e+RiCpBzxj rGWHin1/JzMI+hrkGlAmTOjqdwxOCaa+2fwQmtK5hkMdVgeclp1zv+QvErysABElIbj8lot7DNE ZStkmusg0K2MRuAA4g2bf+TOFIttIMSRbEpBZTgC6YC/VXuA61VDM8bfjPROv9GFWCbd9xclOWD GhgNsg38ecyEbWc1pRmM5ABG6+ilA5mWwd3FuHQB8c6A+mkR8PLjrfKpswvtMDkTByInobs/9h8 xMW7sKk2yIRyBGIdCYIoWq0Hjy2Fao/tuescZk4PuyMioHzl+KsoZbY6ZHFOIXUJbHjoGAL/FDb 4TS704pDUf/gqKtOUJU8= X-Google-Smtp-Source: AGHT+IEnBHh9Dh58QV43XPG8DGI1y3iNAUwhXiA46yUlt2bdtEVdjRfwX6Nj3OPYBeEHbLO/cssJPKfX1P6e X-Received: by 2002:a05:6808:1a26:b0:450:c456:10e3 with SMTP id 5614622812f47-45115981603mr1712504b6e.25.1763798562955; Sat, 22 Nov 2025 00:02:42 -0800 (PST) Received: from postal.iol.unh.edu (postal.iol.unh.edu. [2606:4100:3880:1234::84]) by smtp-relay.gmail.com with ESMTPS id 586e51a60fabf-3ec9c342b28sm729542fac.8.2025.11.22.00.02.42 (version=TLS1_2 cipher=ECDHE-ECDSA-AES128-GCM-SHA256 bits=128/128); Sat, 22 Nov 2025 00:02:42 -0800 (PST) X-Relaying-Domain: iol.unh.edu Date: Sat, 22 Nov 2025 00:02:42 -0800 (PST) Message-ID: <69216e22.050a0220.33dbf0.4072SMTPIN_ADDED_MISSING@mx.google.com> Received: from [172.21.0.2] (unknown [172.18.0.240]) by postal.iol.unh.edu (Postfix) with ESMTP id 70F286051830; Sat, 22 Nov 2025 03:02:42 -0500 (EST) Subject: |FAILURE| [GIT MASTER] d297bb24650efb7040a66a3270e01c94fc8ee4f5 From: dpdklab@iol.unh.edu To: Test Report Cc: dpdk-test-reports@iol.unh.edu, Xueming Li , Kevin Traynor , Luca Boccassi Content-Type: text/plain X-BeenThere: test-report@dpdk.org X-Mailman-Version: 2.1.29 Precedence: list List-Id: automatic DPDK test reports List-Unsubscribe: , List-Archive: List-Post: List-Help: List-Subscribe: , Errors-To: test-report-bounces@dpdk.org _Testing issues_ Branch: tags/v22.11 d297bb24650efb7040a66a3270e01c94fc8ee4f5 --> testing issues Upstream job id: Generic-Unit-Test-DPDK#395137 Test environment and result as below: +-----------------+--------------+------------------------------+---------------------------+----------------+ | Environment | lpm_autotest | cryptodev_sw_snow3g_autotest | cryptodev_sw_zuc_autotest | dpdk_unit_test | +=================+==============+==============================+===========================+================+ | Ubuntu 20.04 | FAIL | SKIPPED | SKIPPED | SKIPPED | +-----------------+--------------+------------------------------+---------------------------+----------------+ | Debian 12 (arm) | SKIPPED | PASS | PASS | SKIPPED | +-----------------+--------------+------------------------------+---------------------------+----------------+ | Ubuntu 22.04 | SKIPPED | SKIPPED | SKIPPED | PASS | +-----------------+--------------+------------------------------+---------------------------+----------------+ ==== 20 line log output for Ubuntu 20.04 (lpm_autotest): ==== [671/690] Compiling C object 'app/test/3062f5d@@dpdk-test@exe/test_threads.c.o'. [672/690] Compiling C object 'app/test/3062f5d@@dpdk-test@exe/test_thash_perf.c.o'. [673/690] Compiling C object 'app/test/3062f5d@@dpdk-test@exe/test_thash.c.o'. [674/690] Compiling C object 'app/test/3062f5d@@dpdk-test@exe/test_timer.c.o'. [675/690] Compiling C object 'app/test/3062f5d@@dpdk-test@exe/test_timer_perf.c.o'. [676/690] Compiling C object 'app/test/3062f5d@@dpdk-test@exe/test_timer_racecond.c.o'. [677/690] Compiling C object 'app/test/3062f5d@@dpdk-test@exe/test_timer_secondary.c.o'. [678/690] Compiling C object 'app/test/3062f5d@@dpdk-test@exe/test_ticketlock.c.o'. [679/690] Compiling C object 'app/test/3062f5d@@dpdk-test@exe/test_trace_register.c.o'. [680/690] Compiling C object 'app/test/3062f5d@@dpdk-test@exe/test_trace.c.o'. [681/690] Compiling C object 'app/test/3062f5d@@dpdk-test@exe/test_version.c.o'. [682/690] Compiling C object 'app/test/3062f5d@@dpdk-test@exe/test_ring.c.o'. [683/690] Compiling C object 'app/test/3062f5d@@dpdk-test@exe/test_telemetry_json.c.o'. [684/690] Compiling C object 'app/test/3062f5d@@dpdk-test@exe/test_telemetry_data.c.o'. [685/690] Compiling C object 'app/test/3062f5d@@dpdk-test@exe/test_pcapng.c.o'. [686/690] Compiling C object 'app/test/3062f5d@@dpdk-test@exe/virtual_pmd.c.o'. [687/690] Compiling C object 'app/test/3062f5d@@dpdk-test@exe/test_bpf.c.o'. [688/690] Compiling C object 'app/test/3062f5d@@dpdk-test@exe/test_compressdev.c.o'. [689/690] Compiling C object 'app/test/3062f5d@@dpdk-test@exe/test_trace_perf.c.o'. [690/690] Linking target app/test/dpdk-test. ==== End log output ==== Ubuntu 20.04 Kernel: 5.4 Compiler: gcc gcc (Ubuntu 9.4.0-1ubuntu1~20.04.2) 9.4.0 Debian 12 (arm) Kernel: Depends on container host Compiler: gcc (Debian 12.2.0-14) 12.2.0 Ubuntu 22.04 Kernel: 5.15 Compiler: gcc gcc (Ubuntu 11.4.0-1ubuntu1~22.04.2) 11.4.0 To view detailed results, visit: https://lab.dpdk.org/results/dashboard/tarballs/35680/ UNH-IOL DPDK Community Lab To manage your email subscriptions, visit: https://lab.dpdk.org/results/dashboard/preferences/subscriptions/